57.141.20.1 - - [20/Aug/2026:10:14:39 +0200] "GET /?g=64536036527 HTTP/1.1" 200 34643 "-" "Mozilla/5.0 (Windows NT 10.0; Win64; x64) AppleWebKit/537.36 (KHTML, like Gecko) Chrome/145.0.0.0 Safari/537.36 (compatible; meta-externalagent/1.1 (+https://developers.facebook.com/docs/sharing/webmasters/crawler))"
66.249.76.108 - - [20/Aug/2026:10:14:44 +0200] "GET /shop.php?g=57465189557 HTTP/1.1" 200 35148 "-" "Mozilla/5.0 (compatible; Googlebot/2.1; +http://www.google.com/bot.html)"
66.249.69.68 - - [20/Aug/2026:10:14:53 +0200] "GET /?a=93849089394 HTTP/1.1" 200 34612 "-" "Mozilla/5.0 (Linux; Android 6.0.1; Nexus 5X Build/MMB29P) AppleWebKit/537.36 (KHTML, like Gecko) Chrome/151.0.7922.137 Mobile Safari/537.36 (compatible; Googlebot/2.1; +http://www.google.com/bot.html)"
57.141.20.35 - - [20/Aug/2026:10:15:01 +0200] "GET /?n=57989700387 HTTP/1.1" 200 34643 "-" "Mozilla/5.0 (Macintosh; Intel Mac OS X 10_15_7) AppleWebKit/537.36 (KHTML, like Gecko) Chrome/145.0.0.0 Safari/537.36 (compatible; meta-externalagent/1.1 (+https://developers.facebook.com/docs/sharing/webmasters/crawler))"
66.249.69.69 - - [20/Aug/2026:10:15:02 +0200] "GET /?r=81440231740 HTTP/1.1" 200 34612 "-" "Mozilla/5.0 (Linux; Android 6.0.1; Nexus 5X Build/MMB29P) AppleWebKit/537.36 (KHTML, like Gecko) Chrome/151.0.7922.137 Mobile Safari/537.36 (compatible; Googlebot/2.1; +http://www.google.com/bot.html)"
66.249.69.68 - - [20/Aug/2026:10:15:13 +0200] "GET /goods.php?t=56878699640714 HTTP/1.1" 200 5110 "-" "Mozilla/5.0 (Linux; Android 6.0.1; Nexus 5X Build/MMB29P) AppleWebKit/537.36 (KHTML, like Gecko) Chrome/151.0.7922.137 Mobile Safari/537.36 (compatible; Googlebot/2.1; +http://www.google.com/bot.html)"
66.249.69.68 - - [20/Aug/2026:10:15:24 +0200] "GET /?s=42729623759 HTTP/1.1" 200 29947 "-" "Mozilla/5.0 (Linux; Android 6.0.1; Nexus 5X Build/MMB29P) AppleWebKit/537.36 (KHTML, like Gecko) Chrome/151.0.7922.137 Mobile Safari/537.36 (compatible; Googlebot/2.1; +http://www.google.com/bot.html)"
66.249.69.68 - - [20/Aug/2026:10:15:36 +0200] "GET /?q=53270331033 HTTP/1.1" 200 34612 "-" "Mozilla/5.0 (Linux; Android 6.0.1; Nexus 5X Build/MMB29P) AppleWebKit/537.36 (KHTML, like Gecko) Chrome/151.0.7922.137 Mobile Safari/537.36 (compatible; Googlebot/2.1; +http://www.google.com/bot.html)"
57.141.20.43 - - [20/Aug/2026:10:15:49 +0200] "GET /?d=73158782036 HTTP/1.1" 200 34643 "-" "Mozilla/5.0 (Windows NT 10.0; Win64; x64) AppleWebKit/537.36 (KHTML, like Gecko) Chrome/145.0.0.0 Safari/537.36 (compatible; meta-externalagent/1.1 (+https://developers.facebook.com/docs/sharing/webmasters/crawler))"
57.141.20.59 - - [20/Aug/2026:10:16:01 +0200] "GET /?y=42383839477 HTTP/1.1" 200 34643 "-" "Mozilla/5.0 (Macintosh; Intel Mac OS X 10_15_7) AppleWebKit/537.36 (KHTML, like Gecko) Chrome/145.0.0.0 Safari/537.36 (compatible; meta-externalagent/1.1 (+https://developers.facebook.com/docs/sharing/webmasters/crawler))"
66.249.69.68 - - [20/Aug/2026:10:16:10 +0200] "GET /?t=32189286884 HTTP/1.1" 200 34612 "-" "Mozilla/5.0 (Linux; Android 6.0.1; Nexus 5X Build/MMB29P) AppleWebKit/537.36 (KHTML, like Gecko) Chrome/151.0.7922.137 Mobile Safari/537.36 (compatible; Googlebot/2.1; +http://www.google.com/bot.html)"
66.249.76.109 - - [20/Aug/2026:10:16:21 +0200] "GET /shop.php?f=66852314748 HTTP/1.1" 200 32552 "-" "Mozilla/5.0 (compatible; Googlebot/2.1; +http://www.google.com/bot.html)"
57.141.20.59 - - [20/Aug/2026:10:16:28 +0200] "GET /?g=34763938123 HTTP/1.1" 200 34643 "-" "Mozilla/5.0 (X11; Linux x86_64) AppleWebKit/537.36 (KHTML, like Gecko) Chrome/145.0.0.0 Safari/537.36 (compatible; meta-externalagent/1.1 (+https://developers.facebook.com/docs/sharing/webmasters/crawler))"
66.249.76.108 - - [20/Aug/2026:10:16:33 +0200] "GET /?l=74998355589 HTTP/1.1" 200 34612 "-" "Mozilla/5.0 (Linux; Android 6.0.1; Nexus 5X Build/MMB29P) AppleWebKit/537.36 (KHTML, like Gecko) Chrome/151.0.7922.137 Mobile Safari/537.36 (compatible; Googlebot/2.1; +http://www.google.com/bot.html)"
66.249.69.68 - - [20/Aug/2026:10:16:44 +0200] "GET /?c=77652376740 HTTP/1.1" 200 34612 "-" "Mozilla/5.0 (Linux; Android 6.0.1; Nexus 5X Build/MMB29P) AppleWebKit/537.36 (KHTML, like Gecko) Chrome/151.0.7922.137 Mobile Safari/537.36 (compatible; Googlebot/2.1; +http://www.google.com/bot.html)"
66.249.69.68 - - [20/Aug/2026:10:16:56 +0200] "GET /goods.php?t=35612495117785 HTTP/1.1" 200 5110 "-" "Mozilla/5.0 (compatible; Googlebot/2.1; +http://www.google.com/bot.html)"
198.244.183.66 - - [20/Aug/2026:10:17:12 +0200] "GET /sitemap.xml HTTP/1.1" 301 8562 "-" "Mozilla/5.0 (compatible; AhrefsBot/7.0; +http://ahrefs.com/robot/)"
198.244.183.66 - - [20/Aug/2026:10:17:13 +0200] "GET /wp-sitemap.xml HTTP/1.1" 200 7287 "-" "Mozilla/5.0 (compatible; AhrefsBot/7.0; +http://ahrefs.com/robot/)"
66.249.69.68 - - [20/Aug/2026:10:17:18 +0200] "GET /?a=34226687188 HTTP/1.1" 200 34612 "-" "Mozilla/5.0 (Linux; Android 6.0.1; Nexus 5X Build/MMB29P) AppleWebKit/537.36 (KHTML, like Gecko) Chrome/151.0.7922.137 Mobile Safari/537.36 (compatible; Googlebot/2.1; +http://www.google.com/bot.html)"
213.165.70.185 - - [20/Aug/2026:10:17:31 +0200] "POST /wp-cron.php?doing_wp_cron=1787213851.3563749790191650390625 HTTP/1.1" 200 6263 "-" "WordPress/6.9.7; https://www.tierrasdelciddesarrollorural.es"
66.249.69.69 - - [20/Aug/2026:10:17:30 +0200] "GET /?b=92430731472 HTTP/1.1" 200 34612 "-" "Mozilla/5.0 (Linux; Android 6.0.1; Nexus 5X Build/MMB29P) AppleWebKit/537.36 (KHTML, like Gecko) Chrome/151.0.7922.137 Mobile Safari/537.36 (compatible; Googlebot/2.1; +http://www.google.com/bot.html)"
52.139.3.76 - - [20/Aug/2026:10:17:32 +0200] "GET / HTTP/1.1" 301 6610 "-" "Mozilla/5.0 (X11; Linux x86_64) AppleWebKit/537.36 (KHTML, like Gecko) Chrome/122.0.0.0 Safari/537.36"
52.139.3.76 - - [20/Aug/2026:10:17:33 +0200] "GET / HTTP/1.1" 200 35709 "-" "Mozilla/5.0 (X11; Linux x86_64) AppleWebKit/537.36 (KHTML, like Gecko) Chrome/122.0.0.0 Safari/537.36"
66.249.69.68 - - [20/Aug/2026:10:17:42 +0200] "GET /wp-content/themes/phox/assets/js/popper.min.js?ver=2.2.3 HTTP/1.1" 200 12112 "https://www.tierrasdelciddesarrollorural.es/?g=71440556598" "Mozilla/5.0 (Linux; Android 6.0.1; Nexus 5X Build/MMB29P) AppleWebKit/537.36 (KHTML, like Gecko) Chrome/151.0.7922.137 Mobile Safari/537.36 (compatible; Googlebot/2.1; +http://www.google.com/bot.html)"
66.249.69.68 - - [20/Aug/2026:10:17:53 +0200] "GET /shop.php?u=56252294066 HTTP/1.1" 200 32194 "-" "Mozilla/5.0 (compatible; Googlebot/2.1; +http://www.google.com/bot.html)"
213.165.70.185 - - [20/Aug/2026:10:18:16 +0200] "POST /wp-cron.php?doing_wp_cron=1787213896.7765519618988037109375 HTTP/1.1" 200 6263 "-" "WordPress/6.9.7; https://www.tierrasdelciddesarrollorural.es"
66.249.69.69 - - [20/Aug/2026:10:18:15 +0200] "GET /?t=21509033141 HTTP/1.1" 200 34612 "-" "Mozilla/5.0 (Linux; Android 6.0.1; Nexus 5X Build/MMB29P) AppleWebKit/537.36 (KHTML, like Gecko) Chrome/151.0.7922.137 Mobile Safari/537.36 (compatible; Googlebot/2.1; +http://www.google.com/bot.html)"
57.141.20.35 - - [20/Aug/2026:10:18:18 +0200] "GET /?i=81520418548 HTTP/1.1" 200 34643 "-" "Mozilla/5.0 (Windows NT 10.0; Win64; x64) AppleWebKit/537.36 (KHTML, like Gecko) Chrome/145.0.0.0 Safari/537.36 (compatible; meta-externalagent/1.1 (+https://developers.facebook.com/docs/sharing/webmasters/crawler))"
114.119.155.236 - - [20/Aug/2026:10:18:22 +0200] "GET /2026/08/13/ucobet-casino-review-2026-alles-wat-je-moet-weten/ HTTP/1.1" 200 33603 "https://www.tierrasdelciddesarrollorural.es/2026/page/7/" "Mozilla/5.0 (Linux; Android 7.0;) AppleWebKit/537.36 (HTML, like Gecko) Mobile Safari/537.36 (compatible; PetalBot;+https://webmaster.petalsearch.com/site/petalbot)"
66.249.76.108 - - [20/Aug/2026:10:18:27 +0200] "GET /?l=34476694949 HTTP/1.1" 200 34612 "-" "Mozilla/5.0 (Linux; Android 6.0.1; Nexus 5X Build/MMB29P) AppleWebKit/537.36 (KHTML, like Gecko) Chrome/151.0.7922.137 Mobile Safari/537.36 (compatible; Googlebot/2.1; +http://www.google.com/bot.html)"
57.141.20.10 - - [20/Aug/2026:10:18:29 +0200] "GET /?y=53107737668 HTTP/1.1" 200 34643 "-" "Mozilla/5.0 (Windows NT 10.0; Win64; x64) AppleWebKit/537.36 (KHTML, like Gecko) Chrome/145.0.0.0 Safari/537.36 (compatible; meta-externalagent/1.1 (+https://developers.facebook.com/docs/sharing/webmasters/crawler))"
52.139.3.76 - - [20/Aug/2026:10:18:32 +0200] "GET / HTTP/1.1" 301 6610 "-" "Mozilla/5.0 (X11; Linux x86_64) AppleWebKit/537.36 (KHTML, like Gecko) Chrome/122.0.0.0 Safari/537.36"
52.139.3.76 - - [20/Aug/2026:10:18:32 +0200] "GET / HTTP/1.1" 200 35709 "-" "Mozilla/5.0 (X11; Linux x86_64) AppleWebKit/537.36 (KHTML, like Gecko) Chrome/122.0.0.0 Safari/537.36"
57.141.20.61 - - [20/Aug/2026:10:18:50 +0200] "GET /?p=32120598725 HTTP/1.1" 404 99553 "-" "Mozilla/5.0 (Macintosh; Intel Mac OS X 10_15_7) AppleWebKit/537.36 (KHTML, like Gecko) Chrome/145.0.0.0 Safari/537.36 (compatible; meta-externalagent/1.1 (+https://developers.facebook.com/docs/sharing/webmasters/crawler))"
57.141.20.70 - - [20/Aug/2026:10:18:53 +0200] "GET /?k=82285881571 HTTP/1.1" 200 34643 "-" "Mozilla/5.0 (Macintosh; Intel Mac OS X 10_15_7) AppleWebKit/537.36 (KHTML, like Gecko) Chrome/145.0.0.0 Safari/537.36 (compatible; meta-externalagent/1.1 (+https://developers.facebook.com/docs/sharing/webmasters/crawler))"
66.249.69.68 - - [20/Aug/2026:10:18:57 +0200] "GET /?g=13641265590 HTTP/1.1" 200 34612 "-" "Mozilla/5.0 (Linux; Android 6.0.1; Nexus 5X Build/MMB29P) AppleWebKit/537.36 (KHTML, like Gecko) Chrome/151.0.7922.137 Mobile Safari/537.36 (compatible; Googlebot/2.1; +http://www.google.com/bot.html)"
66.249.76.109 - - [20/Aug/2026:10:19:06 +0200] "GET /shop.php?c=541390954 HTTP/1.1" 200 33822 "-" "Mozilla/5.0 (compatible; Googlebot/2.1; +http://www.google.com/bot.html)"
66.249.69.68 - - [20/Aug/2026:10:19:17 +0200] "GET /?x=21014842897 HTTP/1.1" 200 34612 "-" "Mozilla/5.0 (Linux; Android 6.0.1; Nexus 5X Build/MMB29P) AppleWebKit/537.36 (KHTML, like Gecko) Chrome/151.0.7922.137 Mobile Safari/537.36 (compatible; Googlebot/2.1; +http://www.google.com/bot.html)"
66.249.69.68 - - [20/Aug/2026:10:19:28 +0200] "GET /wp-content/themes/phox/assets/js/popper.min.js?ver=2.2.3 HTTP/1.1" 200 12112 "https://www.tierrasdelciddesarrollorural.es/?l=13318340854" "Mozilla/5.0 (Linux; Android 6.0.1; Nexus 5X Build/MMB29P) AppleWebKit/537.36 (KHTML, like Gecko) Chrome/151.0.7922.137 Mobile Safari/537.36 (compatible; Googlebot/2.1; +http://www.google.com/bot.html)"
52.139.3.76 - - [20/Aug/2026:10:19:29 +0200] "GET / HTTP/1.1" 301 6610 "-" "Mozilla/5.0 (X11; Linux x86_64) AppleWebKit/537.36 (KHTML, like Gecko) Chrome/122.0.0.0 Safari/537.36"
52.139.3.76 - - [20/Aug/2026:10:19:30 +0200] "GET / HTTP/1.1" 200 35709 "-" "Mozilla/5.0 (X11; Linux x86_64) AppleWebKit/537.36 (KHTML, like Gecko) Chrome/122.0.0.0 Safari/537.36"
66.249.69.68 - - [20/Aug/2026:10:19:38 +0200] "GET /?e=92029822801 HTTP/1.1" 200 34612 "-" "Mozilla/5.0 (Linux; Android 6.0.1; Nexus 5X Build/MMB29P) AppleWebKit/537.36 (KHTML, like Gecko) Chrome/151.0.7922.137 Mobile Safari/537.36 (compatible; Googlebot/2.1; +http://www.google.com/bot.html)"
57.141.20.70 - - [20/Aug/2026:10:19:38 +0200] "GET /?l=44289298197 HTTP/1.1" 200 34643 "-" "Mozilla/5.0 (Windows NT 10.0; Win64; x64) AppleWebKit/537.36 (KHTML, like Gecko) Chrome/145.0.0.0 Safari/537.36 (compatible; meta-externalagent/1.1 (+https://developers.facebook.com/docs/sharing/webmasters/crawler))"
66.249.69.68 - - [20/Aug/2026:10:19:49 +0200] "GET /shop.php?v=784938051 HTTP/1.1" 200 32059 "-" "Mozilla/5.0 (compatible; Googlebot/2.1; +http://www.google.com/bot.html)"
57.141.20.49 - - [20/Aug/2026:10:19:59 +0200] "GET /?x=24559580278 HTTP/1.1" 200 34643 "-" "Mozilla/5.0 (Windows NT 10.0; Win64; x64) AppleWebKit/537.36 (KHTML, like Gecko) Chrome/145.0.0.0 Safari/537.36 (compatible; meta-externalagent/1.1 (+https://developers.facebook.com/docs/sharing/webmasters/crawler))"
66.249.69.70 - - [20/Aug/2026:10:20:00 +0200] "GET /shop.php?k=7764496811 HTTP/1.1" 200 32109 "-" "Mozilla/5.0 (Linux; Android 6.0.1; Nexus 5X Build/MMB29P) AppleWebKit/537.36 (KHTML, like Gecko) Chrome/151.0.7922.137 Mobile Safari/537.36 (compatible; Googlebot/2.1; +http://www.google.com/bot.html)"
57.141.20.26 - - [20/Aug/2026:10:20:02 +0200] "GET /?e=92134004915 HTTP/1.1" 200 34643 "-" "Mozilla/5.0 (Macintosh; Intel Mac OS X 10_15_7) AppleWebKit/537.36 (KHTML, like Gecko) Chrome/145.0.0.0 Safari/537.36 (compatible; meta-externalagent/1.1 (+https://developers.facebook.com/docs/sharing/webmasters/crawler))"
66.249.69.68 - - [20/Aug/2026:10:20:24 +0200] "GET /?u=12007898196 HTTP/1.1" 200 34612 "-" "Mozilla/5.0 (Linux; Android 6.0.1; Nexus 5X Build/MMB29P) AppleWebKit/537.36 (KHTML, like Gecko) Chrome/151.0.7922.137 Mobile Safari/537.36 (compatible; Googlebot/2.1; +http://www.google.com/bot.html)"
66.249.69.68 - - [20/Aug/2026:10:20:46 +0200] "GET /wp-content/themes/phox/assets/js/popper.min.js?ver=2.2.3 HTTP/1.1" 200 12112 "https://www.tierrasdelciddesarrollorural.es/?s=11594385077" "Mozilla/5.0 (Linux; Android 6.0.1; Nexus 5X Build/MMB29P) AppleWebKit/537.36 (KHTML, like Gecko) Chrome/151.0.7922.137 Mobile Safari/537.36 (compatible; Googlebot/2.1; +http://www.google.com/bot.html)"
198.244.226.10 - - [20/Aug/2026:10:20:48 +0200] "GET /leader/ HTTP/1.1" 200 30645 "-" "Mozilla/5.0 (compatible; AhrefsBot/7.0; +http://ahrefs.com/robot/)"
66.249.69.68 - - [20/Aug/2026:10:20:55 +0200] "GET /?e=32212833834 HTTP/1.1" 200 34612 "-" "Mozilla/5.0 (Linux; Android 6.0.1; Nexus 5X Build/MMB29P) AppleWebKit/537.36 (KHTML, like Gecko) Chrome/151.0.7922.137 Mobile Safari/537.36 (compatible; Googlebot/2.1; +http://www.google.com/bot.html)"
66.249.76.108 - - [20/Aug/2026:10:21:06 +0200] "GET /shop.php?m=77928609997 HTTP/1.1" 200 33760 "-" "Mozilla/5.0 (compatible; Googlebot/2.1; +http://www.google.com/bot.html)"
57.141.20.60 - - [20/Aug/2026:10:21:10 +0200] "GET /?y=94268880757 HTTP/1.1" 200 34643 "-" "Mozilla/5.0 (Windows NT 10.0; Win64; x64) AppleWebKit/537.36 (KHTML, like Gecko) Chrome/145.0.0.0 Safari/537.36 (compatible; meta-externalagent/1.1 (+https://developers.facebook.com/docs/sharing/webmasters/crawler))"
66.249.76.108 - - [20/Aug/2026:10:21:16 +0200] "GET /wp-content/themes/phox/assets/js/jquery.countdown.js?ver=2.2.3 HTTP/1.1" 200 14679 "https://www.tierrasdelciddesarrollorural.es/?z=43566736240" "Mozilla/5.0 (Linux; Android 6.0.1; Nexus 5X Build/MMB29P) AppleWebKit/537.36 (KHTML, like Gecko) Chrome/151.0.7922.137 Mobile Safari/537.36 (compatible; Googlebot/2.1; +http://www.google.com/bot.html)"
57.141.20.38 - - [20/Aug/2026:10:21:28 +0200] "GET /?a=91443736036 HTTP/1.1" 200 34643 "-" "Mozilla/5.0 (Windows NT 10.0; Win64; x64) AppleWebKit/537.36 (KHTML, like Gecko) Chrome/145.0.0.0 Safari/537.36 (compatible; meta-externalagent/1.1 (+https://developers.facebook.com/docs/sharing/webmasters/crawler))"
66.249.69.68 - - [20/Aug/2026:10:21:33 +0200] "GET /?z=21169955161 HTTP/1.1" 200 34612 "-" "Mozilla/5.0 (Linux; Android 6.0.1; Nexus 5X Build/MMB29P) AppleWebKit/537.36 (KHTML, like Gecko) Chrome/151.0.7922.137 Mobile Safari/537.36 (compatible; Googlebot/2.1; +http://www.google.com/bot.html)"
66.249.69.68 - - [20/Aug/2026:10:21:42 +0200] "GET /2026/08/19/pin-up-casino-descubre-los-mejores-juegos-de-bingo-y-slots-en-2026/ HTTP/1.1" 200 34257 "-" "Mozilla/5.0 (Linux; Android 6.0.1; Nexus 5X Build/MMB29P) AppleWebKit/537.36 (KHTML, like Gecko) Chrome/151.0.7922.137 Mobile Safari/537.36 (compatible; Googlebot/2.1; +http://www.google.com/bot.html)"
66.249.76.108 - - [20/Aug/2026:10:21:52 +0200] "GET /shop.php?b=604997143 HTTP/1.1" 200 33655 "-" "Mozilla/5.0 (Linux; Android 6.0.1; Nexus 5X Build/MMB29P) AppleWebKit/537.36 (KHTML, like Gecko) Chrome/151.0.7922.137 Mobile Safari/537.36 (compatible; Googlebot/2.1; +http://www.google.com/bot.html)"
66.249.69.68 - - [20/Aug/2026:10:22:02 +0200] "GET /?d=41336903342 HTTP/1.1" 200 34612 "-" "Mozilla/5.0 (Linux; Android 6.0.1; Nexus 5X Build/MMB29P) AppleWebKit/537.36 (KHTML, like Gecko) Chrome/151.0.7922.137 Mobile Safari/537.36 (compatible; Googlebot/2.1; +http://www.google.com/bot.html)"
52.139.3.76 - - [20/Aug/2026:10:22:03 +0200] "GET / HTTP/1.1" 301 6610 "-" "Mozilla/5.0 (X11; Linux x86_64) AppleWebKit/537.36 (KHTML, like Gecko) Chrome/122.0.0.0 Safari/537.36"
52.139.3.76 - - [20/Aug/2026:10:22:04 +0200] "GET / HTTP/1.1" 200 35709 "-" "Mozilla/5.0 (X11; Linux x86_64) AppleWebKit/537.36 (KHTML, like Gecko) Chrome/122.0.0.0 Safari/537.36"
57.141.20.66 - - [20/Aug/2026:10:22:05 +0200] "GET /?s=19456577092 HTTP/1.1" 200 29978 "-" "Mozilla/5.0 (Windows NT 10.0; Win64; x64) AppleWebKit/537.36 (KHTML, like Gecko) Chrome/145.0.0.0 Safari/537.36 (compatible; meta-externalagent/1.1 (+https://developers.facebook.com/docs/sharing/webmasters/crawler))"
66.249.69.69 - - [20/Aug/2026:10:22:13 +0200] "GET /2026/08/19/trendy-pin-up-v-2026-godu-chto-novogo-zhdet-igrokov-v-kazino/ HTTP/1.1" 200 34559 "-" "Mozilla/5.0 (Linux; Android 6.0.1; Nexus 5X Build/MMB29P) AppleWebKit/537.36 (KHTML, like Gecko) Chrome/151.0.7922.137 Mobile Safari/537.36 (compatible; Googlebot/2.1; +http://www.google.com/bot.html)"
66.249.69.68 - - [20/Aug/2026:10:22:25 +0200] "GET /shop.php?a=55431940245 HTTP/1.1" 200 32122 "-" "Mozilla/5.0 (Linux; Android 6.0.1; Nexus 5X Build/MMB29P) AppleWebKit/537.36 (KHTML, like Gecko) Chrome/151.0.7922.137 Mobile Safari/537.36 (compatible; Googlebot/2.1; +http://www.google.com/bot.html)"
66.249.69.68 - - [20/Aug/2026:10:22:37 +0200] "GET /?i=31460828722 HTTP/1.1" 200 34612 "-" "Mozilla/5.0 (Linux; Android 6.0.1; Nexus 5X Build/MMB29P) AppleWebKit/537.36 (KHTML, like Gecko) Chrome/151.0.7922.137 Mobile Safari/537.36 (compatible; Googlebot/2.1; +http://www.google.com/bot.html)"
66.249.69.68 - - [20/Aug/2026:10:22:49 +0200] "GET /?m=82976718758 HTTP/1.1" 404 99522 "-" "Mozilla/5.0 (Linux; Android 6.0.1; Nexus 5X Build/MMB29P) AppleWebKit/537.36 (KHTML, like Gecko) Chrome/151.0.7922.137 Mobile Safari/537.36 (compatible; Googlebot/2.1; +http://www.google.com/bot.html)"
57.141.20.8 - - [20/Aug/2026:10:22:49 +0200] "GET /?r=34583843105 HTTP/1.1" 200 34643 "-" "Mozilla/5.0 (X11; Linux x86_64) AppleWebKit/537.36 (KHTML, like Gecko) Chrome/145.0.0.0 Safari/537.36 (compatible; meta-externalagent/1.1 (+https://developers.facebook.com/docs/sharing/webmasters/crawler))"
52.139.3.76 - - [20/Aug/2026:10:22:53 +0200] "GET / HTTP/1.1" 301 6610 "-" "Mozilla/5.0 (X11; Linux x86_64) AppleWebKit/537.36 (KHTML, like Gecko) Chrome/122.0.0.0 Safari/537.36"
52.139.3.76 - - [20/Aug/2026:10:22:54 +0200] "GET / HTTP/1.1" 200 35709 "-" "Mozilla/5.0 (X11; Linux x86_64) AppleWebKit/537.36 (KHTML, like Gecko) Chrome/122.0.0.0 Safari/537.36"
66.249.69.68 - - [20/Aug/2026:10:23:02 +0200] "GET /shop.php?a=430318112 HTTP/1.1" 200 32529 "-" "Mozilla/5.0 (compatible; Googlebot/2.1; +http://www.google.com/bot.html)"
66.249.69.68 - - [20/Aug/2026:10:23:16 +0200] "GET /wp-content/themes/phox/assets/js/custom-script.js?ver=2.2.3 HTTP/1.1" 200 7833 "https://www.tierrasdelciddesarrollorural.es/?c=30524193623" "Mozilla/5.0 (Linux; Android 6.0.1; Nexus 5X Build/MMB29P) AppleWebKit/537.36 (KHTML, like Gecko) Chrome/151.0.7922.137 Mobile Safari/537.36 (compatible; Googlebot/2.1; +http://www.google.com/bot.html)"
216.73.217.79 - - [20/Aug/2026:10:23:24 +0200] "GET /robots.txt HTTP/1.1" 200 5294 "-" "Mozilla/5.0 AppleWebKit/537.36 (KHTML, like Gecko; compatible; ClaudeBot/1.0; +claudebot@anthropic.com)"
216.73.217.79 - - [20/Aug/2026:10:23:24 +0200] "GET /2026/08/04/navegar-por-1win-se-siente-como-un-paseo-sin-complicaciones-en-un-mundo-digital-lleno-de-sorpresas/ HTTP/1.1" 404 94614 "-" "Mozilla/5.0 AppleWebKit/537.36 (KHTML, like Gecko; compatible; ClaudeBot/1.0; +claudebot@anthropic.com)"
52.139.3.76 - - [20/Aug/2026:10:23:26 +0200] "GET / HTTP/1.1" 301 6610 "-" "Mozilla/5.0 (X11; Linux x86_64) AppleWebKit/537.36 (KHTML, like Gecko) Chrome/122.0.0.0 Safari/537.36"
52.139.3.76 - - [20/Aug/2026:10:23:26 +0200] "GET / HTTP/1.1" 200 35709 "-" "Mozilla/5.0 (X11; Linux x86_64) AppleWebKit/537.36 (KHTML, like Gecko) Chrome/122.0.0.0 Safari/537.36"
57.141.20.10 - - [20/Aug/2026:10:23:32 +0200] "GET /?w=33134516360 HTTP/1.1" 404 99553 "-" "Mozilla/5.0 (Macintosh; Intel Mac OS X 10_15_7) AppleWebKit/537.36 (KHTML, like Gecko) Chrome/145.0.0.0 Safari/537.36 (compatible; meta-externalagent/1.1 (+https://developers.facebook.com/docs/sharing/webmasters/crawler))"
66.249.69.68 - - [20/Aug/2026:10:23:38 +0200] "GET /2026/08/20/mafia-casino-como-realizar-depositos-y-retiros-de-manera-segura/ HTTP/1.1" 200 33737 "-" "Mozilla/5.0 (Linux; Android 6.0.1; Nexus 5X Build/MMB29P) AppleWebKit/537.36 (KHTML, like Gecko) Chrome/151.0.7922.137 Mobile Safari/537.36 (compatible; Googlebot/2.1; +http://www.google.com/bot.html)"
66.249.69.68 - - [20/Aug/2026:10:23:49 +0200] "GET /?c=62682007666 HTTP/1.1" 200 34612 "-" "Mozilla/5.0 (Linux; Android 6.0.1; Nexus 5X Build/MMB29P) AppleWebKit/537.36 (KHTML, like Gecko) Chrome/151.0.7922.137 Mobile Safari/537.36 (compatible; Googlebot/2.1; +http://www.google.com/bot.html)"
57.141.20.43 - - [20/Aug/2026:10:24:21 +0200] "GET /?i=91407281663 HTTP/1.1" 200 34643 "-" "Mozilla/5.0 (Windows NT 10.0; Win64; x64) AppleWebKit/537.36 (KHTML, like Gecko) Chrome/145.0.0.0 Safari/537.36 (compatible; meta-externalagent/1.1 (+https://developers.facebook.com/docs/sharing/webmasters/crawler))"
66.249.69.68 - - [20/Aug/2026:10:24:25 +0200] "GET /?b=41445304965 HTTP/1.1" 200 34612 "-" "Mozilla/5.0 (Linux; Android 6.0.1; Nexus 5X Build/MMB29P) AppleWebKit/537.36 (KHTML, like Gecko) Chrome/151.0.7922.137 Mobile Safari/537.36 (compatible; Googlebot/2.1; +http://www.google.com/bot.html)"
57.141.20.5 - - [20/Aug/2026:10:24:26 +0200] "GET /?m=52748155063 HTTP/1.1" 404 99553 "-" "Mozilla/5.0 (Windows NT 10.0; Win64; x64) AppleWebKit/537.36 (KHTML, like Gecko) Chrome/145.0.0.0 Safari/537.36 (compatible; meta-externalagent/1.1 (+https://developers.facebook.com/docs/sharing/webmasters/crawler))"
66.249.69.68 - - [20/Aug/2026:10:24:37 +0200] "GET /wp-content/themes/phox/assets/js/popper.min.js?ver=2.2.3 HTTP/1.1" 200 12112 "https://www.tierrasdelciddesarrollorural.es/?r=32667818451" "Mozilla/5.0 (Linux; Android 6.0.1; Nexus 5X Build/MMB29P) AppleWebKit/537.36 (KHTML, like Gecko) Chrome/151.0.7922.137 Mobile Safari/537.36 (compatible; Googlebot/2.1; +http://www.google.com/bot.html)"
66.249.69.68 - - [20/Aug/2026:10:24:48 +0200] "GET /shop.php?k=6254632447 HTTP/1.1" 200 32551 "-" "Mozilla/5.0 (Linux; Android 6.0.1; Nexus 5X Build/MMB29P) AppleWebKit/537.36 (KHTML, like Gecko) Chrome/151.0.7922.137 Mobile Safari/537.36 (compatible; Googlebot/2.1; +http://www.google.com/bot.html)"
66.249.69.68 - - [20/Aug/2026:10:24:59 +0200] "GET /shop.php?m=3783958065 HTTP/1.1" 200 32484 "-" "Mozilla/5.0 (Linux; Android 6.0.1; Nexus 5X Build/MMB29P) AppleWebKit/537.36 (KHTML, like Gecko) Chrome/151.0.7922.137 Mobile Safari/537.36 (compatible; Googlebot/2.1; +http://www.google.com/bot.html)"
66.249.69.68 - - [20/Aug/2026:10:25:21 +0200] "GET /wp-content/themes/phox/assets/js/popper.min.js?ver=2.2.3 HTTP/1.1" 200 12112 "https://www.tierrasdelciddesarrollorural.es/?t=97823561970" "Mozilla/5.0 (Linux; Android 6.0.1; Nexus 5X Build/MMB29P) AppleWebKit/537.36 (KHTML, like Gecko) Chrome/151.0.7922.137 Mobile Safari/537.36 (compatible; Googlebot/2.1; +http://www.google.com/bot.html)"
57.141.20.8 - - [20/Aug/2026:10:25:27 +0200] "GET /?m=32032129567 HTTP/1.1" 404 99553 "-" "Mozilla/5.0 (Windows NT 10.0; Win64; x64) AppleWebKit/537.36 (KHTML, like Gecko) Chrome/145.0.0.0 Safari/537.36 (compatible; meta-externalagent/1.1 (+https://developers.facebook.com/docs/sharing/webmasters/crawler))"
57.141.20.45 - - [20/Aug/2026:10:25:29 +0200] "GET /?m=62006614205 HTTP/1.1" 404 99553 "-" "Mozilla/5.0 (Windows NT 10.0; Win64; x64) AppleWebKit/537.36 (KHTML, like Gecko) Chrome/145.0.0.0 Safari/537.36 (compatible; meta-externalagent/1.1 (+https://developers.facebook.com/docs/sharing/webmasters/crawler))"
57.141.20.58 - - [20/Aug/2026:10:25:32 +0200] "GET /?m=32916507249 HTTP/1.1" 404 99553 "-" "Mozilla/5.0 (Windows NT 10.0; Win64; x64) AppleWebKit/537.36 (KHTML, like Gecko) Chrome/145.0.0.0 Safari/537.36 (compatible; meta-externalagent/1.1 (+https://developers.facebook.com/docs/sharing/webmasters/crawler))"
62.164.177.47 - - [20/Aug/2026:10:25:46 +0200] "GET / HTTP/1.1" 301 5528 "-" "Mozilla/5.0 (Macintosh; Intel Mac OS X 10_15_7) AppleWebKit/605.1.15 (KHTML, like Gecko) Version/18.4 Safari/605.1.15"
62.164.177.47 - - [20/Aug/2026:10:25:46 +0200] "GET / HTTP/1.1" 200 34627 "-" "Mozilla/5.0 (Macintosh; Intel Mac OS X 10_15_7) AppleWebKit/605.1.15 (KHTML, like Gecko) Version/18.4 Safari/605.1.15"
62.164.177.47 - - [20/Aug/2026:10:25:47 +0200] "GET / HTTP/1.1" 301 5528 "-" "Mozilla/5.0 (Macintosh; Intel Mac OS X 10_15_7) AppleWebKit/605.1.15 (KHTML, like Gecko) Version/18.4 Safari/605.1.15"
62.164.177.47 - - [20/Aug/2026:10:25:47 +0200] "GET / HTTP/1.1" 200 34627 "-" "Mozilla/5.0 (Macintosh; Intel Mac OS X 10_15_7) AppleWebKit/605.1.15 (KHTML, like Gecko) Version/18.4 Safari/605.1.15"
62.164.177.47 - - [20/Aug/2026:10:25:48 +0200] "GET / HTTP/1.1" 301 5528 "-" "Mozilla/5.0 (Macintosh; Intel Mac OS X 10_15_7) AppleWebKit/605.1.15 (KHTML, like Gecko) Version/18.4 Safari/605.1.15"
62.164.177.47 - - [20/Aug/2026:10:25:48 +0200] "GET / HTTP/1.1" 200 34627 "-" "Mozilla/5.0 (Macintosh; Intel Mac OS X 10_15_7) AppleWebKit/605.1.15 (KHTML, like Gecko) Version/18.4 Safari/605.1.15"
47.91.104.88 - - [20/Aug/2026:10:25:55 +0200] "GET / HTTP/1.1" 301 9614 "-" "Mozilla/5.0 (Macintosh; Intel Mac OS X 10.15; rv:135.0) Gecko/20100101 Firefox/135.0"
57.141.20.55 - - [20/Aug/2026:10:25:56 +0200] "GET /?c=72091047831 HTTP/1.1" 200 34643 "-" "Mozilla/5.0 (Macintosh; Intel Mac OS X 10_15_7) AppleWebKit/537.36 (KHTML, like Gecko) Chrome/145.0.0.0 Safari/537.36 (compatible; meta-externalagent/1.1 (+https://developers.facebook.com/docs/sharing/webmasters/crawler))"
47.91.104.88 - - [20/Aug/2026:10:25:57 +0200] "GET / HTTP/1.1" 301 9614 "-" "Mozilla/5.0 (Macintosh; Intel Mac OS X 10.15; rv:135.0) Gecko/20100101 Firefox/135.0"
66.249.69.68 - - [20/Aug/2026:10:25:57 +0200] "GET /?t=91724956825 HTTP/1.1" 200 34612 "-" "Mozilla/5.0 (Linux; Android 6.0.1; Nexus 5X Build/MMB29P) AppleWebKit/537.36 (KHTML, like Gecko) Chrome/151.0.7922.137 Mobile Safari/537.36 (compatible; Googlebot/2.1; +http://www.google.com/bot.html)"
47.91.104.88 - - [20/Aug/2026:10:26:02 +0200] "GET / HTTP/1.1" 301 3665 "-" "Mozilla/5.0 (Macintosh; Intel Mac OS X 10.15; rv:135.0) Gecko/20100101 Firefox/135.0"
47.91.104.88 - - [20/Aug/2026:10:26:03 +0200] "GET / HTTP/1.1" 301 3665 "-" "Mozilla/5.0 (Macintosh; Intel Mac OS X 10.15; rv:135.0) Gecko/20100101 Firefox/135.0"
47.91.104.88 - - [20/Aug/2026:10:26:04 +0200] "GET / HTTP/1.1" 301 3665 "-" "Mozilla/5.0 (Macintosh; Intel Mac OS X 10.15; rv:135.0) Gecko/20100101 Firefox/135.0"
47.91.104.88 - - [20/Aug/2026:10:26:05 +0200] "GET / HTTP/1.1" 301 3665 "-" "Mozilla/5.0 (Macintosh; Intel Mac OS X 10.15; rv:135.0) Gecko/20100101 Firefox/135.0"
66.249.69.69 - - [20/Aug/2026:10:26:06 +0200] "GET /shop.php?a=24839951785 HTTP/1.1" 200 32792 "-" "Mozilla/5.0 (compatible; Googlebot/2.1; +http://www.google.com/bot.html)"
47.91.104.88 - - [20/Aug/2026:10:26:06 +0200] "GET / HTTP/1.1" 301 3665 "-" "Mozilla/5.0 (Macintosh; Intel Mac OS X 10.15; rv:135.0) Gecko/20100101 Firefox/135.0"
47.91.104.88 - - [20/Aug/2026:10:26:12 +0200] "GET / HTTP/1.1" 301 3665 "-" "Mozilla/5.0 (Macintosh; Intel Mac OS X 10.15; rv:135.0) Gecko/20100101 Firefox/135.0"
47.91.104.88 - - [20/Aug/2026:10:26:13 +0200] "GET / HTTP/1.1" 301 3665 "-" "Mozilla/5.0 (Macintosh; Intel Mac OS X 10.15; rv:135.0) Gecko/20100101 Firefox/135.0"
47.91.104.88 - - [20/Aug/2026:10:26:14 +0200] "GET / HTTP/1.1" 301 3665 "-" "Mozilla/5.0 (Macintosh; Intel Mac OS X 10.15; rv:135.0) Gecko/20100101 Firefox/135.0"
47.91.104.88 - - [20/Aug/2026:10:26:15 +0200] "GET / HTTP/1.1" 301 3665 "-" "Mozilla/5.0 (Macintosh; Intel Mac OS X 10.15; rv:135.0) Gecko/20100101 Firefox/135.0"
47.91.104.88 - - [20/Aug/2026:10:26:16 +0200] "GET / HTTP/1.1" 301 3665 "-" "Mozilla/5.0 (Macintosh; Intel Mac OS X 10.15; rv:135.0) Gecko/20100101 Firefox/135.0"
57.141.20.8 - - [20/Aug/2026:10:26:17 +0200] "GET /?f=67823211766 HTTP/1.1" 200 34643 "-" "Mozilla/5.0 (Windows NT 10.0; Win64; x64) AppleWebKit/537.36 (KHTML, like Gecko) Chrome/145.0.0.0 Safari/537.36 (compatible; meta-externalagent/1.1 (+https://developers.facebook.com/docs/sharing/webmasters/crawler))"
16.162.27.125 - - [20/Aug/2026:10:26:24 +0200] "GET / HTTP/1.1" 301 6594 "-" "Mozilla/5.0 (Macintosh; Intel Mac OS X 10.15; rv:135.0) Gecko/20100101 Firefox/135.0"
66.249.69.69 - - [20/Aug/2026:10:26:25 +0200] "GET /?q=62628942010 HTTP/1.1" 200 34612 "-" "Mozilla/5.0 (Linux; Android 6.0.1; Nexus 5X Build/MMB29P) AppleWebKit/537.36 (KHTML, like Gecko) Chrome/151.0.7922.137 Mobile Safari/537.36 (compatible; Googlebot/2.1; +http://www.google.com/bot.html)"
16.162.27.125 - - [20/Aug/2026:10:26:26 +0200] "GET / HTTP/1.1" 200 35693 "-" "Mozilla/5.0 (Macintosh; Intel Mac OS X 10.15; rv:135.0) Gecko/20100101 Firefox/135.0"
57.141.20.3 - - [20/Aug/2026:10:26:29 +0200] "GET /?z=54058241760 HTTP/1.1" 200 34643 "-" "Mozilla/5.0 (Windows NT 10.0; Win64; x64) AppleWebKit/537.36 (KHTML, like Gecko) Chrome/145.0.0.0 Safari/537.36 (compatible; meta-externalagent/1.1 (+https://developers.facebook.com/docs/sharing/webmasters/crawler))"
208.102.51.6 - - [20/Aug/2026:10:26:34 +0200] "GET / HTTP/1.1" 301 5562 "-" "Mozilla/5.0 (Macintosh; Intel Mac OS X 10.15; rv:135.0) Gecko/20100101 Firefox/135.0"
66.249.69.68 - - [20/Aug/2026:10:26:35 +0200] "GET /wp-content/themes/phox/assets/css/all.min.css?ver=2.2.3 HTTP/1.1" 200 18155 "https://www.tierrasdelciddesarrollorural.es/?d=91512060731" "Mozilla/5.0 (Linux; Android 6.0.1; Nexus 5X Build/MMB29P) AppleWebKit/537.36 (KHTML, like Gecko) Chrome/151.0.7922.137 Mobile Safari/537.36 (compatible; Googlebot/2.1; +http://www.google.com/bot.html)"
52.139.3.76 - - [20/Aug/2026:10:26:37 +0200] "GET / HTTP/1.1" 301 6610 "-" "Mozilla/5.0 (X11; Linux x86_64) AppleWebKit/537.36 (KHTML, like Gecko) Chrome/122.0.0.0 Safari/537.36"
208.102.51.6 - - [20/Aug/2026:10:26:36 +0200] "GET / HTTP/1.1" 200 119718 "-" "Mozilla/5.0 (Macintosh; Intel Mac OS X 10.15; rv:135.0) Gecko/20100101 Firefox/135.0"
52.139.3.76 - - [20/Aug/2026:10:26:38 +0200] "GET / HTTP/1.1" 200 35709 "-" "Mozilla/5.0 (X11; Linux x86_64) AppleWebKit/537.36 (KHTML, like Gecko) Chrome/122.0.0.0 Safari/537.36"
5.149.208.240 - - [20/Aug/2026:10:26:40 +0200] "GET / HTTP/1.1" 301 5528 "-" "Mozilla/5.0 (Macintosh; Intel Mac OS X 10_15_7) AppleWebKit/605.1.15 (KHTML, like Gecko) Version/18.4 Safari/605.1.15"
5.149.208.240 - - [20/Aug/2026:10:26:41 +0200] "GET / HTTP/1.1" 200 34627 "-" "Mozilla/5.0 (Macintosh; Intel Mac OS X 10_15_7) AppleWebKit/605.1.15 (KHTML, like Gecko) Version/18.4 Safari/605.1.15"
85.208.96.209 - - [20/Aug/2026:10:26:43 +0200] "GET /2026/03/17/luckymax-online-casino-presenteert-zichzelf-als-een-moderne-gaming-bestemming-die-spelers-verwelkomt-met-een-uitgebreide-3/ HTTP/1.1" 200 31199 "-" "Mozilla/5.0 (compatible; SemrushBot/7~bl; +http://www.semrush.com/bot.html)"
66.249.69.68 - - [20/Aug/2026:10:26:44 +0200] "GET /?u=13234925991 HTTP/1.1" 200 34612 "-" "Mozilla/5.0 (Linux; Android 6.0.1; Nexus 5X Build/MMB29P) AppleWebKit/537.36 (KHTML, like Gecko) Chrome/151.0.7922.137 Mobile Safari/537.36 (compatible; Googlebot/2.1; +http://www.google.com/bot.html)"
57.141.20.20 - - [20/Aug/2026:10:26:59 +0200] "GET /?p=22677568907 HTTP/1.1" 404 99553 "-" "Mozilla/5.0 (Macintosh; Intel Mac OS X 10_15_7) AppleWebKit/537.36 (KHTML, like Gecko) Chrome/145.0.0.0 Safari/537.36 (compatible; meta-externalagent/1.1 (+https://developers.facebook.com/docs/sharing/webmasters/crawler))"
66.249.69.68 - - [20/Aug/2026:10:27:03 +0200] "GET /?r=12871707698 HTTP/1.1" 200 34612 "-" "Mozilla/5.0 (Linux; Android 6.0.1; Nexus 5X Build/MMB29P) AppleWebKit/537.36 (KHTML, like Gecko) Chrome/151.0.7922.137 Mobile Safari/537.36 (compatible; Googlebot/2.1; +http://www.google.com/bot.html)"
57.141.20.9 - - [20/Aug/2026:10:27:09 +0200] "GET /?p=93130925567 HTTP/1.1" 404 99553 "-" "Mozilla/5.0 (Macintosh; Intel Mac OS X 10_15_7) AppleWebKit/537.36 (KHTML, like Gecko) Chrome/145.0.0.0 Safari/537.36 (compatible; meta-externalagent/1.1 (+https://developers.facebook.com/docs/sharing/webmasters/crawler))"
57.141.20.7 - - [20/Aug/2026:10:27:11 +0200] "GET /?p=74316122328 HTTP/1.1" 404 99553 "-" "Mozilla/5.0 (Windows NT 10.0; Win64; x64) AppleWebKit/537.36 (KHTML, like Gecko) Chrome/145.0.0.0 Safari/537.36 (compatible; meta-externalagent/1.1 (+https://developers.facebook.com/docs/sharing/webmasters/crawler))"
66.249.76.109 - - [20/Aug/2026:10:27:13 +0200] "GET /shop.php?g=549501369 HTTP/1.1" 200 32372 "-" "Mozilla/5.0 (Linux; Android 6.0.1; Nexus 5X Build/MMB29P) AppleWebKit/537.36 (KHTML, like Gecko) Chrome/151.0.7922.137 Mobile Safari/537.36 (compatible; Googlebot/2.1; +http://www.google.com/bot.html)"
52.139.3.76 - - [20/Aug/2026:10:27:14 +0200] "GET / HTTP/1.1" 301 6610 "-" "Mozilla/5.0 (X11; Linux x86_64) AppleWebKit/537.36 (KHTML, like Gecko) Chrome/122.0.0.0 Safari/537.36"
52.139.3.76 - - [20/Aug/2026:10:27:15 +0200] "GET / HTTP/1.1" 200 35709 "-" "Mozilla/5.0 (X11; Linux x86_64) AppleWebKit/537.36 (KHTML, like Gecko) Chrome/122.0.0.0 Safari/537.36"
57.141.20.34 - - [20/Aug/2026:10:27:39 +0200] "GET /?v=31917850441 HTTP/1.1" 200 34643 "-" "Mozilla/5.0 (Macintosh; Intel Mac OS X 10_15_7) AppleWebKit/537.36 (KHTML, like Gecko) Chrome/145.0.0.0 Safari/537.36 (compatible; meta-externalagent/1.1 (+https://developers.facebook.com/docs/sharing/webmasters/crawler))"
57.141.20.6 - - [20/Aug/2026:10:27:39 +0200] "GET /?g=74075113756 HTTP/1.1" 200 34643 "-" "Mozilla/5.0 (Windows NT 10.0; Win64; x64) AppleWebKit/537.36 (KHTML, like Gecko) Chrome/145.0.0.0 Safari/537.36 (compatible; meta-externalagent/1.1 (+https://developers.facebook.com/docs/sharing/webmasters/crawler))"
66.249.76.108 - - [20/Aug/2026:10:27:40 +0200] "GET /?t=93129531079 HTTP/1.1" 200 34612 "-" "Mozilla/5.0 (Linux; Android 6.0.1; Nexus 5X Build/MMB29P) AppleWebKit/537.36 (KHTML, like Gecko) Chrome/151.0.7922.137 Mobile Safari/537.36 (compatible; Googlebot/2.1; +http://www.google.com/bot.html)"
66.249.76.108 - - [20/Aug/2026:10:27:57 +0200] "GET /shop.php?d=36944492469 HTTP/1.1" 200 32403 "-" "Mozilla/5.0 (Linux; Android 6.0.1; Nexus 5X Build/MMB29P) AppleWebKit/537.36 (KHTML, like Gecko) Chrome/151.0.7922.137 Mobile Safari/537.36 (compatible; Googlebot/2.1; +http://www.google.com/bot.html)"
66.249.76.109 - - [20/Aug/2026:10:28:06 +0200] "GET /?g=33612104099 HTTP/1.1" 200 34612 "-" "Mozilla/5.0 (Linux; Android 6.0.1; Nexus 5X Build/MMB29P) AppleWebKit/537.36 (KHTML, like Gecko) Chrome/151.0.7922.137 Mobile Safari/537.36 (compatible; Googlebot/2.1; +http://www.google.com/bot.html)"
66.249.69.68 - - [20/Aug/2026:10:28:15 +0200] "GET /?q=71296082656 HTTP/1.1" 200 34612 "-" "Mozilla/5.0 (Linux; Android 6.0.1; Nexus 5X Build/MMB29P) AppleWebKit/537.36 (KHTML, like Gecko) Chrome/151.0.7922.137 Mobile Safari/537.36 (compatible; Googlebot/2.1; +http://www.google.com/bot.html)"
57.141.20.20 - - [20/Aug/2026:10:28:21 +0200] "GET /?u=82931595541 HTTP/1.1" 200 34643 "-" "Mozilla/5.0 (Macintosh; Intel Mac OS X 10_15_7) AppleWebKit/537.36 (KHTML, like Gecko) Chrome/145.0.0.0 Safari/537.36 (compatible; meta-externalagent/1.1 (+https://developers.facebook.com/docs/sharing/webmasters/crawler))"
85.208.96.206 - - [20/Aug/2026:10:28:22 +0200] "GET /2026/page/9/ HTTP/1.1" 200 36929 "-" "Mozilla/5.0 (compatible; SemrushBot/7~bl; +http://www.semrush.com/bot.html)"
57.141.20.16 - - [20/Aug/2026:10:28:30 +0200] "GET /?o=54024546176 HTTP/1.1" 200 34643 "-" "Mozilla/5.0 (Windows NT 10.0; Win64; x64) AppleWebKit/537.36 (KHTML, like Gecko) Chrome/145.0.0.0 Safari/537.36 (compatible; meta-externalagent/1.1 (+https://developers.facebook.com/docs/sharing/webmasters/crawler))"
66.249.69.68 - - [20/Aug/2026:10:28:34 +0200] "GET /shop.php?n=27692049975 HTTP/1.1" 200 31921 "-" "Mozilla/5.0 (Linux; Android 6.0.1; Nexus 5X Build/MMB29P) AppleWebKit/537.36 (KHTML, like Gecko) Chrome/151.0.7922.137 Mobile Safari/537.36 (compatible; Googlebot/2.1; +http://www.google.com/bot.html)"
66.249.69.68 - - [20/Aug/2026:10:28:53 +0200] "GET /?b=22021231791 HTTP/1.1" 200 34612 "-" "Mozilla/5.0 (Linux; Android 6.0.1; Nexus 5X Build/MMB29P) AppleWebKit/537.36 (KHTML, like Gecko) Chrome/151.0.7922.137 Mobile Safari/537.36 (compatible; Googlebot/2.1; +http://www.google.com/bot.html)"
57.141.20.66 - - [20/Aug/2026:10:28:59 +0200] "GET /?y=61476218365 HTTP/1.1" 200 34643 "-" "Mozilla/5.0 (Windows NT 10.0; Win64; x64) AppleWebKit/537.36 (KHTML, like Gecko) Chrome/145.0.0.0 Safari/537.36 (compatible; meta-externalagent/1.1 (+https://developers.facebook.com/docs/sharing/webmasters/crawler))"
66.249.69.69 - - [20/Aug/2026:10:29:03 +0200] "GET /wp-content/themes/phox/assets/css/all.min.css?ver=2.2.3 HTTP/1.1" 200 18155 "https://www.tierrasdelciddesarrollorural.es/?b=13991880734" "Mozilla/5.0 (Linux; Android 6.0.1; Nexus 5X Build/MMB29P) AppleWebKit/537.36 (KHTML, like Gecko) Chrome/151.0.7922.137 Mobile Safari/537.36 (compatible; Googlebot/2.1; +http://www.google.com/bot.html)"
52.139.3.76 - - [20/Aug/2026:10:29:12 +0200] "GET / HTTP/1.1" 301 6610 "-" "Mozilla/5.0 (X11; Linux x86_64) AppleWebKit/537.36 (KHTML, like Gecko) Chrome/122.0.0.0 Safari/537.36"
52.139.3.76 - - [20/Aug/2026:10:29:13 +0200] "GET / HTTP/1.1" 200 35709 "-" "Mozilla/5.0 (X11; Linux x86_64) AppleWebKit/537.36 (KHTML, like Gecko) Chrome/122.0.0.0 Safari/537.36"
66.249.76.109 - - [20/Aug/2026:10:29:21 +0200] "GET /shop.php?s=36550784633 HTTP/1.1" 200 32269 "-" "Mozilla/5.0 (Linux; Android 6.0.1; Nexus 5X Build/MMB29P) AppleWebKit/537.36 (KHTML, like Gecko) Chrome/151.0.7922.137 Mobile Safari/537.36 (compatible; Googlebot/2.1; +http://www.google.com/bot.html)"
57.141.20.33 - - [20/Aug/2026:10:29:29 +0200] "GET /?l=22309147378 HTTP/1.1" 200 34643 "-" "Mozilla/5.0 (X11; Linux x86_64) AppleWebKit/537.36 (KHTML, like Gecko) Chrome/145.0.0.0 Safari/537.36 (compatible; meta-externalagent/1.1 (+https://developers.facebook.com/docs/sharing/webmasters/crawler))"
66.249.76.108 - - [20/Aug/2026:10:29:30 +0200] "GET /shop.php?q=757235858 HTTP/1.1" 200 32244 "-" "Mozilla/5.0 (Linux; Android 6.0.1; Nexus 5X Build/MMB29P) AppleWebKit/537.36 (KHTML, like Gecko) Chrome/151.0.7922.137 Mobile Safari/537.36 (compatible; Googlebot/2.1; +http://www.google.com/bot.html)"
66.249.69.68 - - [20/Aug/2026:10:29:56 +0200] "GET /?e=75568318910 HTTP/1.1" 200 34612 "-" "Mozilla/5.0 (Linux; Android 6.0.1; Nexus 5X Build/MMB29P) AppleWebKit/537.36 (KHTML, like Gecko) Chrome/151.0.7922.137 Mobile Safari/537.36 (compatible; Googlebot/2.1; +http://www.google.com/bot.html)"
66.249.69.69 - - [20/Aug/2026:10:30:04 +0200] "GET /?j=81719143390 HTTP/1.1" 200 34612 "-" "Mozilla/5.0 (Linux; Android 6.0.1; Nexus 5X Build/MMB29P) AppleWebKit/537.36 (KHTML, like Gecko) Chrome/151.0.7922.137 Mobile Safari/537.36 (compatible; Googlebot/2.1; +http://www.google.com/bot.html)"
66.249.69.69 - - [20/Aug/2026:10:30:23 +0200] "GET /?u=31941142161 HTTP/1.1" 200 34612 "-" "Mozilla/5.0 (Linux; Android 6.0.1; Nexus 5X Build/MMB29P) AppleWebKit/537.36 (KHTML, like Gecko) Chrome/151.0.7922.137 Mobile Safari/537.36 (compatible; Googlebot/2.1; +http://www.google.com/bot.html)"
62.164.177.47 - - [20/Aug/2026:10:30:30 +0200] "POST /?CURLOPT_LF_TEST=1 HTTP/1.1" 301 5564 "-" "Mozilla/5.0 (Macintosh; Intel Mac OS X 10_15_7) AppleWebKit/605.1.15 (KHTML, like Gecko) Version/18.4 Safari/605.1.15"
62.164.177.47 - - [20/Aug/2026:10:30:31 +0200] "GET /?CURLOPT_LF_TEST=1 HTTP/1.1" 200 34627 "-" "Mozilla/5.0 (Macintosh; Intel Mac OS X 10_15_7) AppleWebKit/605.1.15 (KHTML, like Gecko) Version/18.4 Safari/605.1.15"
62.164.177.47 - - [20/Aug/2026:10:30:32 +0200] "POST /?CURLOPT_LF_TEST=1 HTTP/1.1" 301 5564 "-" "Mozilla/5.0 (Macintosh; Intel Mac OS X 10_15_7) AppleWebKit/605.1.15 (KHTML, like Gecko) Version/18.4 Safari/605.1.15"
62.164.177.47 - - [20/Aug/2026:10:30:32 +0200] "GET /?CURLOPT_LF_TEST=1 HTTP/1.1" 200 34627 "-" "Mozilla/5.0 (Macintosh; Intel Mac OS X 10_15_7) AppleWebKit/605.1.15 (KHTML, like Gecko) Version/18.4 Safari/605.1.15"
62.164.177.47 - - [20/Aug/2026:10:30:33 +0200] "POST /?CURLOPT_LF_TEST=1 HTTP/1.1" 301 6630 "-" "Mozilla/5.0 (Macintosh; Intel Mac OS X 10.15; rv:135.0) Gecko/20100101 Firefox/135.0"
66.249.69.68 - - [20/Aug/2026:10:30:33 +0200] "GET /shop.php?f=7034217390 HTTP/1.1" 200 33635 "-" "Mozilla/5.0 (compatible; Googlebot/2.1; +http://www.google.com/bot.html)"
62.164.177.47 - - [20/Aug/2026:10:30:33 +0200] "GET /?CURLOPT_LF_TEST=1 HTTP/1.1" 200 35693 "-" "Mozilla/5.0 (Macintosh; Intel Mac OS X 10.15; rv:135.0) Gecko/20100101 Firefox/135.0"
195.19.52.187 - - [20/Aug/2026:10:30:41 +0200] "POST /?CURLOPT_LF_TEST=1 HTTP/1.1" 301 5564 "-" "Mozilla/5.0 (Macintosh; Intel Mac OS X 10_15_7) AppleWebKit/605.1.15 (KHTML, like Gecko) Version/18.4 Safari/605.1.15"
195.19.52.187 - - [20/Aug/2026:10:30:43 +0200] "GET /?CURLOPT_LF_TEST=1 HTTP/1.1" 200 34627 "-" "Mozilla/5.0 (Macintosh; Intel Mac OS X 10_15_7) AppleWebKit/605.1.15 (KHTML, like Gecko) Version/18.4 Safari/605.1.15"
66.249.76.108 - - [20/Aug/2026:10:30:43 +0200] "GET /?z=24641760846 HTTP/1.1" 200 34612 "-" "Mozilla/5.0 (Linux; Android 6.0.1; Nexus 5X Build/MMB29P) AppleWebKit/537.36 (KHTML, like Gecko) Chrome/151.0.7922.137 Mobile Safari/537.36 (compatible; Googlebot/2.1; +http://www.google.com/bot.html)"
57.141.20.5 - - [20/Aug/2026:10:30:44 +0200] "GET /?r=92482427640 HTTP/1.1" 200 34643 "-" "Mozilla/5.0 (Windows NT 10.0; Win64; x64) AppleWebKit/537.36 (KHTML, like Gecko) Chrome/145.0.0.0 Safari/537.36 (compatible; meta-externalagent/1.1 (+https://developers.facebook.com/docs/sharing/webmasters/crawler))"
57.141.20.35 - - [20/Aug/2026:10:30:49 +0200] "GET /?y=64026861511 HTTP/1.1" 200 34643 "-" "Mozilla/5.0 (Windows NT 10.0; Win64; x64) AppleWebKit/537.36 (KHTML, like Gecko) Chrome/145.0.0.0 Safari/537.36 (compatible; meta-externalagent/1.1 (+https://developers.facebook.com/docs/sharing/webmasters/crawler))"
66.249.69.68 - - [20/Aug/2026:10:30:54 +0200] "GET /wp-content/themes/phox-child/style.css?ver=6.9.7 HTTP/1.1" 200 6438 "https://www.tierrasdelciddesarrollorural.es/?a=42686854312" "Mozilla/5.0 (Linux; Android 6.0.1; Nexus 5X Build/MMB29P) AppleWebKit/537.36 (KHTML, like Gecko) Chrome/151.0.7922.137 Mobile Safari/537.36 (compatible; Googlebot/2.1; +http://www.google.com/bot.html)"
152.42.167.241 - - [20/Aug/2026:10:31:01 +0200] "POST /?CURLOPT_LF_TEST=1 HTTP/1.1" 301 6630 "-" "Mozilla/5.0 (Macintosh; Intel Mac OS X 10.15; rv:135.0) Gecko/20100101 Firefox/135.0"
57.141.20.30 - - [20/Aug/2026:10:31:02 +0200] "GET /?y=32493018561 HTTP/1.1" 200 34643 "-" "Mozilla/5.0 (Windows NT 10.0; Win64; x64) AppleWebKit/537.36 (KHTML, like Gecko) Chrome/145.0.0.0 Safari/537.36 (compatible; meta-externalagent/1.1 (+https://developers.facebook.com/docs/sharing/webmasters/crawler))"
57.141.16.52 - - [20/Aug/2026:10:31:02 +0200] "GET / HTTP/1.1" 200 34643 "-" "facebookexternalhit/1.1 (+http://www.facebook.com/externalhit_uatext.php)"
152.42.167.241 - - [20/Aug/2026:10:31:03 +0200] "GET /?CURLOPT_LF_TEST=1 HTTP/1.1" 200 35693 "-" "Mozilla/5.0 (Macintosh; Intel Mac OS X 10.15; rv:135.0) Gecko/20100101 Firefox/135.0"
57.141.20.51 - - [20/Aug/2026:10:31:23 +0200] "GET /?s=43256585921 HTTP/1.1" 200 29978 "-" "Mozilla/5.0 (Macintosh; Intel Mac OS X 10_15_7) AppleWebKit/537.36 (KHTML, like Gecko) Chrome/145.0.0.0 Safari/537.36 (compatible; meta-externalagent/1.1 (+https://developers.facebook.com/docs/sharing/webmasters/crawler))"
174.64.199.82 - - [20/Aug/2026:10:31:27 +0200] "POST /?CURLOPT_LF_TEST=1 HTTP/1.1" 301 5598 "-" "Mozilla/5.0 (Macintosh; Intel Mac OS X 10.15; rv:135.0) Gecko/20100101 Firefox/135.0"
174.64.199.82 - - [20/Aug/2026:10:31:30 +0200] "GET /?CURLOPT_LF_TEST=1 HTTP/1.1" 200 119718 "-" "Mozilla/5.0 (Macintosh; Intel Mac OS X 10.15; rv:135.0) Gecko/20100101 Firefox/135.0"
66.249.76.108 - - [20/Aug/2026:10:31:46 +0200] "GET /?y=73577313571 HTTP/1.1" 200 34612 "-" "Mozilla/5.0 (Linux; Android 6.0.1; Nexus 5X Build/MMB29P) AppleWebKit/537.36 (KHTML, like Gecko) Chrome/151.0.7922.137 Mobile Safari/537.36 (compatible; Googlebot/2.1; +http://www.google.com/bot.html)"
66.249.69.70 - - [20/Aug/2026:10:32:04 +0200] "GET /goods.php?t=95622364027105 HTTP/1.1" 200 5110 "-" "Mozilla/5.0 (compatible; Googlebot/2.1; +http://www.google.com/bot.html)"
57.141.8.46 - - [20/Aug/2026:10:32:08 +0200] "GET / HTTP/1.1" 301 5544 "-" "facebookexternalhit/1.1 (+http://www.facebook.com/externalhit_uatext.php)"
57.141.20.0 - - [20/Aug/2026:10:32:14 +0200] "GET /?m=24053595783 HTTP/1.1" 404 99553 "-" "Mozilla/5.0 (Macintosh; Intel Mac OS X 10_15_7) AppleWebKit/537.36 (KHTML, like Gecko) Chrome/145.0.0.0 Safari/537.36 (compatible; meta-externalagent/1.1 (+https://developers.facebook.com/docs/sharing/webmasters/crawler))"
66.249.69.68 - - [20/Aug/2026:10:32:21 +0200] "GET /?y=31783543797 HTTP/1.1" 200 34612 "-" "Mozilla/5.0 (Linux; Android 6.0.1; Nexus 5X Build/MMB29P) AppleWebKit/537.36 (KHTML, like Gecko) Chrome/151.0.7922.137 Mobile Safari/537.36 (compatible; Googlebot/2.1; +http://www.google.com/bot.html)"
66.249.69.68 - - [20/Aug/2026:10:32:30 +0200] "GET /wp-content/themes/phox-child/style.css?ver=6.9.7 HTTP/1.1" 200 6438 "https://www.tierrasdelciddesarrollorural.es/?a=82520264321" "Mozilla/5.0 (Linux; Android 6.0.1; Nexus 5X Build/MMB29P) AppleWebKit/537.36 (KHTML, like Gecko) Chrome/151.0.7922.137 Mobile Safari/537.36 (compatible; Googlebot/2.1; +http://www.google.com/bot.html)"
52.139.3.76 - - [20/Aug/2026:10:32:30 +0200] "GET / HTTP/1.1" 301 6610 "-" "Mozilla/5.0 (X11; Linux x86_64) AppleWebKit/537.36 (KHTML, like Gecko) Chrome/122.0.0.0 Safari/537.36"
52.139.3.76 - - [20/Aug/2026:10:32:31 +0200] "GET / HTTP/1.1" 200 35709 "-" "Mozilla/5.0 (X11; Linux x86_64) AppleWebKit/537.36 (KHTML, like Gecko) Chrome/122.0.0.0 Safari/537.36"
66.249.69.68 - - [20/Aug/2026:10:32:38 +0200] "GET /?l=82283800344 HTTP/1.1" 200 34612 "-" "Mozilla/5.0 (Linux; Android 6.0.1; Nexus 5X Build/MMB29P) AppleWebKit/537.36 (KHTML, like Gecko) Chrome/151.0.7922.137 Mobile Safari/537.36 (compatible; Googlebot/2.1; +http://www.google.com/bot.html)"
57.141.20.52 - - [20/Aug/2026:10:32:42 +0200] "GET /?n=93354505442 HTTP/1.1" 200 34643 "-" "Mozilla/5.0 (Windows NT 10.0; Win64; x64) AppleWebKit/537.36 (KHTML, like Gecko) Chrome/145.0.0.0 Safari/537.36 (compatible; meta-externalagent/1.1 (+https://developers.facebook.com/docs/sharing/webmasters/crawler))"
66.249.69.68 - - [20/Aug/2026:10:33:21 +0200] "GET /?f=32354310102 HTTP/1.1" 200 34612 "-" "Mozilla/5.0 (Linux; Android 6.0.1; Nexus 5X Build/MMB29P) AppleWebKit/537.36 (KHTML, like Gecko) Chrome/151.0.7922.137 Mobile Safari/537.36 (compatible; Googlebot/2.1; +http://www.google.com/bot.html)"
66.249.69.68 - - [20/Aug/2026:10:33:29 +0200] "GET /shop.php?a=434740703 HTTP/1.1" 200 32164 "-" "Mozilla/5.0 (Linux; Android 6.0.1; Nexus 5X Build/MMB29P) AppleWebKit/537.36 (KHTML, like Gecko) Chrome/151.0.7922.137 Mobile Safari/537.36 (compatible; Googlebot/2.1; +http://www.google.com/bot.html)"
65.21.47.11 - - [20/Aug/2026:10:33:33 +0200] "GET /2026/08/13/%d0%b4%d0%be%d1%81%d0%bb%d1%96%d0%b4%d0%b6%d0%b5%d0%bd%d0%bd%d1%8f-%d0%ba%d1%83%d0%bb%d1%8c%d1%82%d1%83%d1%80%d0%bd%d0%be%d1%97-%d1%81%d0%bf%d0%b0%d0%b4%d1%89%d0%b8%d0%bd%d0%b8-%d1%87%d0%be%d0%bc/ HTTP/1.1" 200 33004 "https://www.tierrasdelciddesarrollorural.es/" "Mozilla/5.0 (Windows NT 10.0; Win64; x64) AppleWebKit/537.36 (KHTML, like Gecko) Chrome/91.0.4472.124 Safari/537.36"
57.141.20.65 - - [20/Aug/2026:10:33:45 +0200] "GET /?a=63234460150 HTTP/1.1" 200 34643 "-" "Mozilla/5.0 (Windows NT 10.0; Win64; x64) AppleWebKit/537.36 (KHTML, like Gecko) Chrome/145.0.0.0 Safari/537.36 (compatible; meta-externalagent/1.1 (+https://developers.facebook.com/docs/sharing/webmasters/crawler))"
57.141.20.16 - - [20/Aug/2026:10:33:46 +0200] "GET /?p=64613902330 HTTP/1.1" 404 99553 "-" "Mozilla/5.0 (Macintosh; Intel Mac OS X 10_15_7) AppleWebKit/537.36 (KHTML, like Gecko) Chrome/145.0.0.0 Safari/537.36 (compatible; meta-externalagent/1.1 (+https://developers.facebook.com/docs/sharing/webmasters/crawler))"
66.249.76.108 - - [20/Aug/2026:10:33:47 +0200] "GET /?p=93673515133 HTTP/1.1" 404 99522 "-" "Mozilla/5.0 (Linux; Android 6.0.1; Nexus 5X Build/MMB29P) AppleWebKit/537.36 (KHTML, like Gecko) Chrome/151.0.7922.137 Mobile Safari/537.36 (compatible; Googlebot/2.1; +http://www.google.com/bot.html)"
57.141.20.58 - - [20/Aug/2026:10:33:55 +0200] "GET /?h=48622893274 HTTP/1.1" 200 34643 "-" "Mozilla/5.0 (X11; Linux x86_64) AppleWebKit/537.36 (KHTML, like Gecko) Chrome/145.0.0.0 Safari/537.36 (compatible; meta-externalagent/1.1 (+https://developers.facebook.com/docs/sharing/webmasters/crawler))"
66.249.69.69 - - [20/Aug/2026:10:34:05 +0200] "GET /?g=63552292428 HTTP/1.1" 200 34612 "-" "Mozilla/5.0 (Linux; Android 6.0.1; Nexus 5X Build/MMB29P) AppleWebKit/537.36 (KHTML, like Gecko) Chrome/151.0.7922.137 Mobile Safari/537.36 (compatible; Googlebot/2.1; +http://www.google.com/bot.html)"
66.249.76.108 - - [20/Aug/2026:10:34:14 +0200] "GET /?q=14138426361 HTTP/1.1" 200 34612 "-" "Mozilla/5.0 (Linux; Android 6.0.1; Nexus 5X Build/MMB29P) AppleWebKit/537.36 (KHTML, like Gecko) Chrome/151.0.7922.137 Mobile Safari/537.36 (compatible; Googlebot/2.1; +http://www.google.com/bot.html)"
57.141.12.62 - - [20/Aug/2026:10:34:17 +0200] "GET / HTTP/1.1" 200 34643 "-" "facebookexternalhit/1.1 (+http://www.facebook.com/externalhit_uatext.php)"
66.249.69.68 - - [20/Aug/2026:10:34:23 +0200] "GET /wp-content/themes/phox/assets/js/popper.min.js?ver=2.2.3 HTTP/1.1" 200 12112 "https://www.tierrasdelciddesarrollorural.es/?s=21843186018" "Mozilla/5.0 (Linux; Android 6.0.1; Nexus 5X Build/MMB29P) AppleWebKit/537.36 (KHTML, like Gecko) Chrome/151.0.7922.137 Mobile Safari/537.36 (compatible; Googlebot/2.1; +http://www.google.com/bot.html)"
