52.139.3.76 - - [20/Aug/2026:12:07:13 +0200] "GET / HTTP/1.1" 301 6610 "-" "Mozilla/5.0 (X11; Linux x86_64) AppleWebKit/537.36 (KHTML, like Gecko) Chrome/122.0.0.0 Safari/537.36"
52.139.3.76 - - [20/Aug/2026:12:07:13 +0200] "GET / HTTP/1.1" 200 32305 "-" "Mozilla/5.0 (X11; Linux x86_64) AppleWebKit/537.36 (KHTML, like Gecko) Chrome/122.0.0.0 Safari/537.36"
66.249.69.68 - - [20/Aug/2026:12:07:21 +0200] "GET /shop.php?p=740653476 HTTP/1.1" 200 33551 "-" "Mozilla/5.0 (compatible; Googlebot/2.1; +http://www.google.com/bot.html)"
66.249.69.68 - - [20/Aug/2026:12:07:31 +0200] "GET /?a=55928232533 HTTP/1.1" 200 31208 "-" "Mozilla/5.0 (Linux; Android 6.0.1; Nexus 5X Build/MMB29P) AppleWebKit/537.36 (KHTML, like Gecko) Chrome/151.0.7922.137 Mobile Safari/537.36 (compatible; Googlebot/2.1; +http://www.google.com/bot.html)"
66.249.76.108 - - [20/Aug/2026:12:07:41 +0200] "GET /?o=93735511601 HTTP/1.1" 200 31208 "-" "Mozilla/5.0 (Linux; Android 6.0.1; Nexus 5X Build/MMB29P) AppleWebKit/537.36 (KHTML, like Gecko) Chrome/151.0.7922.137 Mobile Safari/537.36 (compatible; Googlebot/2.1; +http://www.google.com/bot.html)"
54.166.126.132 - - [20/Aug/2026:12:07:42 +0200] "GET /2026/08/19/%D1%8F%D0%BA-%D0%B7%D0%B5%D0%BA%D0%BE%D0%BD%D0%BE%D0%BC%D0%B8%D1%82%D0%B8-%D0%BD%D0%B0-%D1%80%D0%B5%D0%BC%D0%BE%D0%BD%D1%82%D1%96-%D0%B1%D0%B5%D0%B7-%D0%B2%D1%82%D1%80%D0%B0%D1%82%D0%B8-%D1%8F%D0%BA/ HTTP/1.1" 200 29646 "-" "Mozilla/5.0 AppleWebKit/537.36 (KHTML, like Gecko; compatible; Amazonbot/0.1; +https://developer.amazon.com/support/amazonbot) Chrome/119.0.6045.214 Safari/537.36"
57.141.20.54 - - [20/Aug/2026:12:07:46 +0200] "GET /?r=43988356350 HTTP/1.1" 200 31239 "-" "Mozilla/5.0 (Macintosh; Intel Mac OS X 10_15_7) AppleWebKit/537.36 (KHTML, like Gecko) Chrome/145.0.0.0 Safari/537.36 (compatible; meta-externalagent/1.1 (+https://developers.facebook.com/docs/sharing/webmasters/crawler))"
35.171.117.160 - - [20/Aug/2026:12:07:46 +0200] "GET /2026/08/19/%D0%B4%D0%BE%D0%B7%D0%B2%D1%96%D0%BB%D1%8C%D0%BD%D1%96-%D0%B4%D0%BE%D0%BA%D1%83%D0%BC%D0%B5%D0%BD%D1%82%D0%B8-%D0%B4%D0%BB%D1%8F-%D0%B1%D1%83%D0%B4%D1%96%D0%B2%D0%BD%D0%B8%D1%86%D1%82%D0%B2%D0%B0/ HTTP/1.1" 200 29574 "-" "Mozilla/5.0 AppleWebKit/537.36 (KHTML, like Gecko; compatible; Amazonbot/0.1; +https://developer.amazon.com/support/amazonbot) Chrome/119.0.6045.214 Safari/537.36"
57.141.20.3 - - [20/Aug/2026:12:07:47 +0200] "GET /?p=13839097229 HTTP/1.1" 404 85336 "-" "Mozilla/5.0 (Windows NT 10.0; Win64; x64) AppleWebKit/537.36 (KHTML, like Gecko) Chrome/145.0.0.0 Safari/537.36 (compatible; meta-externalagent/1.1 (+https://developers.facebook.com/docs/sharing/webmasters/crawler))"
57.141.20.71 - - [20/Aug/2026:12:07:48 +0200] "GET /?g=91674093595 HTTP/1.1" 200 31239 "-" "Mozilla/5.0 (Windows NT 10.0; Win64; x64) AppleWebKit/537.36 (KHTML, like Gecko) Chrome/145.0.0.0 Safari/537.36 (compatible; meta-externalagent/1.1 (+https://developers.facebook.com/docs/sharing/webmasters/crawler))"
34.224.132.215 - - [20/Aug/2026:12:07:51 +0200] "GET /wp-json/oembed/1.0/embed?format=xml&url=https://www.tierrasdelciddesarrollorural.es/2026/08/18/test-post-created-52/ HTTP/1.1" 200 8609 "-" "Mozilla/5.0 AppleWebKit/537.36 (KHTML, like Gecko; compatible; Amazonbot/0.1; +https://developer.amazon.com/support/amazonbot) Chrome/119.0.6045.214 Safari/537.36"
52.204.71.8 - - [20/Aug/2026:12:07:55 +0200] "GET /2026/08/19/navigating-new-zealands-top-casino-sites-without-the-usual-hassle/ HTTP/1.1" 200 29905 "-" "Mozilla/5.0 AppleWebKit/537.36 (KHTML, like Gecko; compatible; Amazonbot/0.1; +https://developer.amazon.com/support/amazonbot) Chrome/119.0.6045.214 Safari/537.36"
3.215.221.125 - - [20/Aug/2026:12:08:00 +0200] "GET /wp-json/oembed/1.0/embed?url=https://www.tierrasdelciddesarrollorural.es/2026/08/18/%25d1%2596%25d0%25bd%25d1%2581%25d1%2582%25d1%2580%25d1%2583%25d0%25bc%25d0%25b5%25d0%25bd%25d1%2582%25d0%25b8-%25d0%25b4%25d0%25bb%25d1%258f-%25d0%25b2%25d1%2596%25d0%25b4%25d0%25b4%25d0%25b0%25d0%25bb%25d0%25b5%25d0%25bd%25d0%25be%25d1%2597-%25d1%2580%25d0%25be%25d0%25b1%25d0%25be%25d1%2582%25d0%25b8-%25d1%258f%25d0%25ba/ HTTP/1.1" 200 12622 "-" "Mozilla/5.0 AppleWebKit/537.36 (KHTML, like Gecko; compatible; Amazonbot/0.1; +https://developer.amazon.com/support/amazonbot) Chrome/119.0.6045.214 Safari/537.36"
66.249.69.70 - - [20/Aug/2026:12:08:02 +0200] "GET /?m=41746364686 HTTP/1.1" 404 85305 "-" "Mozilla/5.0 (Linux; Android 6.0.1; Nexus 5X Build/MMB29P) AppleWebKit/537.36 (KHTML, like Gecko) Chrome/151.0.7922.137 Mobile Safari/537.36 (compatible; Googlebot/2.1; +http://www.google.com/bot.html)"
52.139.3.76 - - [20/Aug/2026:12:08:04 +0200] "GET / HTTP/1.1" 301 6610 "-" "Mozilla/5.0 (X11; Linux x86_64) AppleWebKit/537.36 (KHTML, like Gecko) Chrome/122.0.0.0 Safari/537.36"
3.224.104.67 - - [20/Aug/2026:12:08:05 +0200] "GET /wp-json/oembed/1.0/embed?url=https://www.tierrasdelciddesarrollorural.es/2026/08/18/navigating-aviators-interface-feels-like-catching-wind-at-your-back/ HTTP/1.1" 200 11469 "-" "Mozilla/5.0 AppleWebKit/537.36 (KHTML, like Gecko; compatible; Amazonbot/0.1; +https://developer.amazon.com/support/amazonbot) Chrome/119.0.6045.214 Safari/537.36"
52.139.3.76 - - [20/Aug/2026:12:08:05 +0200] "GET / HTTP/1.1" 200 32305 "-" "Mozilla/5.0 (X11; Linux x86_64) AppleWebKit/537.36 (KHTML, like Gecko) Chrome/122.0.0.0 Safari/537.36"
103.129.236.246 - - [20/Aug/2026:12:08:09 +0200] "POST /xmlrpc.php HTTP/1.1" 301 5548 "https://tierrasdelciddesarrollorural.es/xmlrpc.php" "Mozilla/5.0 (Windows NT 10.0; Win64; x64; rv:125.0) Gecko/20100101 Firefox/125.0"
113.177.129.95 - - [20/Aug/2026:12:08:12 +0200] "GET /xmlrpc.php HTTP/1.1" 405 8562 "https://tierrasdelciddesarrollorural.es/xmlrpc.php" "Mozilla/5.0 (Windows NT 10.0; Win64; x64; rv:125.0) Gecko/20100101 Firefox/125.0"
66.249.69.68 - - [20/Aug/2026:12:08:13 +0200] "GET /shop.php?q=4094816980 HTTP/1.1" 200 32161 "-" "Mozilla/5.0 (compatible; Googlebot/2.1; +http://www.google.com/bot.html)"
69.140.24.250 - - [20/Aug/2026:12:08:15 +0200] "GET /xmlrpc.php HTTP/1.1" 405 8562 "http://tierrasdelciddesarrollorural.es/xmlrpc.php" "Mozilla/5.0 (Macintosh; Intel Mac OS X 10_15_7) AppleWebKit/537.36 (KHTML, like Gecko) Chrome/124.0.0.0 Safari/537.36"
85.208.96.200 - - [20/Aug/2026:12:08:18 +0200] "GET /robots.txt HTTP/1.1" 200 5298 "-" "Mozilla/5.0 (compatible; SemrushBot/7~bl; +http://www.semrush.com/bot.html)"
85.208.96.197 - - [20/Aug/2026:12:08:18 +0200] "GET /2026/page/24/ HTTP/1.1" 200 33548 "-" "Mozilla/5.0 (compatible; SemrushBot/7~bl; +http://www.semrush.com/bot.html)"
213.165.70.185 - - [20/Aug/2026:12:08:21 +0200] "POST /wp-cron.php?doing_wp_cron=1787220501.4071230888366699218750 HTTP/1.1" 200 6263 "-" "WordPress/6.9.7; https://www.tierrasdelciddesarrollorural.es"
103.106.240.145 - - [20/Aug/2026:12:08:20 +0200] "POST /xmlrpc.php HTTP/1.1" 200 7157 "https://www.tierrasdelciddesarrollorural.es/xmlrpc.php" "Mozilla/5.0 (Windows NT 10.0; Win64; x64) AppleWebKit/537.36 (KHTML, like Gecko) Chrome/124.0.0.0 Safari/537.36"
87.199.198.106 - - [20/Aug/2026:12:08:22 +0200] "GET /?p=3109 HTTP/1.1" 301 8611 "-" "Mozilla/5.0 (Macintosh; Intel Mac OS X 10_15_7) AppleWebKit/537.36 (KHTML, like Gecko) Chrome/124.0.0.0 Safari/537.36"
87.199.198.106 - - [20/Aug/2026:12:08:23 +0200] "GET /2026/08/20/co-ponuka-goldbet-casino-rozne-herne-moznosti-a-poskytovatelia-hier/ HTTP/1.1" 200 25211 "-" "Mozilla/5.0 (Macintosh; Intel Mac OS X 10_15_7) AppleWebKit/537.36 (KHTML, like Gecko) Chrome/124.0.0.0 Safari/537.36"
87.199.198.106 - - [20/Aug/2026:12:08:24 +0200] "GET /2026/08/20/co-ponuka-goldbet-casino-rozne-herne-moznosti-a-poskytovatelia-hier/?__zkv=1787220504406_0 HTTP/1.1" 200 30078 "-" "Mozilla/5.0 (Macintosh; Intel Mac OS X 10_15_7) AppleWebKit/537.36 (KHTML, like Gecko) Chrome/124.0.0.0 Safari/537.36"
66.249.76.108 - - [20/Aug/2026:12:08:35 +0200] "GET /?z=23538541384 HTTP/1.1" 200 31208 "-" "Mozilla/5.0 (Linux; Android 6.0.1; Nexus 5X Build/MMB29P) AppleWebKit/537.36 (KHTML, like Gecko) Chrome/151.0.7922.137 Mobile Safari/537.36 (compatible; Googlebot/2.1; +http://www.google.com/bot.html)"
66.249.69.68 - - [20/Aug/2026:12:08:46 +0200] "GET /?d=92606759430 HTTP/1.1" 200 31208 "-" "Mozilla/5.0 (Linux; Android 6.0.1; Nexus 5X Build/MMB29P) AppleWebKit/537.36 (KHTML, like Gecko) Chrome/151.0.7922.137 Mobile Safari/537.36 (compatible; Googlebot/2.1; +http://www.google.com/bot.html)"
66.249.76.108 - - [20/Aug/2026:12:08:57 +0200] "GET /wp-content/themes/phox/assets/js/custom-script.js?ver=2.2.3 HTTP/1.1" 200 7833 "https://www.tierrasdelciddesarrollorural.es/?d=92606759430" "Mozilla/5.0 (Linux; Android 6.0.1; Nexus 5X Build/MMB29P) AppleWebKit/537.36 (KHTML, like Gecko) Chrome/151.0.7922.137 Mobile Safari/537.36 (compatible; Googlebot/2.1; +http://www.google.com/bot.html)"
57.141.20.33 - - [20/Aug/2026:12:08:59 +0200] "GET /?u=83578800729 HTTP/1.1" 200 31239 "-" "Mozilla/5.0 (Macintosh; Intel Mac OS X 10_15_7) AppleWebKit/537.36 (KHTML, like Gecko) Chrome/145.0.0.0 Safari/537.36 (compatible; meta-externalagent/1.1 (+https://developers.facebook.com/docs/sharing/webmasters/crawler))"
57.141.20.2 - - [20/Aug/2026:12:09:06 +0200] "GET /?y=40550002821 HTTP/1.1" 200 31239 "-" "Mozilla/5.0 (Windows NT 10.0; Win64; x64) AppleWebKit/537.36 (KHTML, like Gecko) Chrome/145.0.0.0 Safari/537.36 Edg/145.0.0.0 (compatible; meta-externalagent/1.1 (+https://developers.facebook.com/docs/sharing/webmasters/crawler))"
66.249.69.70 - - [20/Aug/2026:12:09:07 +0200] "GET /goods.php?t=54434646821058 HTTP/1.1" 200 5110 "-" "Mozilla/5.0 (Linux; Android 6.0.1; Nexus 5X Build/MMB29P) AppleWebKit/537.36 (KHTML, like Gecko) Chrome/151.0.7922.137 Mobile Safari/537.36 (compatible; Googlebot/2.1; +http://www.google.com/bot.html)"
66.249.76.109 - - [20/Aug/2026:12:09:17 +0200] "GET /?h=72770300912 HTTP/1.1" 200 31208 "-" "Mozilla/5.0 (Linux; Android 6.0.1; Nexus 5X Build/MMB29P) AppleWebKit/537.36 (KHTML, like Gecko) Chrome/151.0.7922.137 Mobile Safari/537.36 (compatible; Googlebot/2.1; +http://www.google.com/bot.html)"
52.139.3.76 - - [20/Aug/2026:12:09:28 +0200] "GET / HTTP/1.1" 301 6610 "-" "Mozilla/5.0 (X11; Linux x86_64) AppleWebKit/537.36 (KHTML, like Gecko) Chrome/122.0.0.0 Safari/537.36"
66.249.76.108 - - [20/Aug/2026:12:09:27 +0200] "GET /?f=53278565045 HTTP/1.1" 200 31208 "-" "Mozilla/5.0 (Linux; Android 6.0.1; Nexus 5X Build/MMB29P) AppleWebKit/537.36 (KHTML, like Gecko) Chrome/151.0.7922.137 Mobile Safari/537.36 (compatible; Googlebot/2.1; +http://www.google.com/bot.html)"
52.139.3.76 - - [20/Aug/2026:12:09:28 +0200] "GET / HTTP/1.1" 200 32305 "-" "Mozilla/5.0 (X11; Linux x86_64) AppleWebKit/537.36 (KHTML, like Gecko) Chrome/122.0.0.0 Safari/537.36"
66.249.69.68 - - [20/Aug/2026:12:09:38 +0200] "GET /shop.php?c=6399270999 HTTP/1.1" 200 33587 "-" "Mozilla/5.0 (Linux; Android 6.0.1; Nexus 5X Build/MMB29P) AppleWebKit/537.36 (KHTML, like Gecko) Chrome/151.0.7922.137 Mobile Safari/537.36 (compatible; Googlebot/2.1; +http://www.google.com/bot.html)"
66.249.76.108 - - [20/Aug/2026:12:09:50 +0200] "GET /?x=33317385843 HTTP/1.1" 200 31208 "-" "Mozilla/5.0 (Linux; Android 6.0.1; Nexus 5X Build/MMB29P) AppleWebKit/537.36 (KHTML, like Gecko) Chrome/151.0.7922.137 Mobile Safari/537.36 (compatible; Googlebot/2.1; +http://www.google.com/bot.html)"
52.139.47.57 - - [20/Aug/2026:12:10:09 +0200] "GET / HTTP/1.1" 301 5529 "-" "Mozilla/5.0 (Windows NT 10.0; Win64; x64) AppleWebKit/537.36 (KHTML, like Gecko) Chrome/120.0.0.0 Safari/537.36"
66.249.76.96 - - [20/Aug/2026:12:10:12 +0200] "GET /?z=33252673591 HTTP/1.1" 200 31208 "-" "Mozilla/5.0 (Linux; Android 6.0.1; Nexus 5X Build/MMB29P) AppleWebKit/537.36 (KHTML, like Gecko) Chrome/151.0.7922.137 Mobile Safari/537.36 (compatible; Googlebot/2.1; +http://www.google.com/bot.html)"
66.249.76.108 - - [20/Aug/2026:12:10:23 +0200] "GET /?j=21739534577 HTTP/1.1" 200 31208 "-" "Mozilla/5.0 (Linux; Android 6.0.1; Nexus 5X Build/MMB29P) AppleWebKit/537.36 (KHTML, like Gecko) Chrome/151.0.7922.137 Mobile Safari/537.36 (compatible; Googlebot/2.1; +http://www.google.com/bot.html)"
57.141.20.0 - - [20/Aug/2026:12:10:28 +0200] "GET /?u=33575786182 HTTP/1.1" 200 31239 "-" "Mozilla/5.0 (Windows NT 10.0; Win64; x64) AppleWebKit/537.36 (KHTML, like Gecko) Chrome/145.0.0.0 Safari/537.36 (compatible; meta-externalagent/1.1 (+https://developers.facebook.com/docs/sharing/webmasters/crawler))"
66.249.69.68 - - [20/Aug/2026:12:10:35 +0200] "GET /shop.php?r=6287661714 HTTP/1.1" 200 34341 "-" "Mozilla/5.0 (Linux; Android 6.0.1; Nexus 5X Build/MMB29P) AppleWebKit/537.36 (KHTML, like Gecko) Chrome/151.0.7922.137 Mobile Safari/537.36 (compatible; Googlebot/2.1; +http://www.google.com/bot.html)"
57.141.20.54 - - [20/Aug/2026:12:10:42 +0200] "GET /?k=63753929048 HTTP/1.1" 200 31239 "-" "Mozilla/5.0 (Windows NT 10.0; Win64; x64) AppleWebKit/537.36 (KHTML, like Gecko) Chrome/145.0.0.0 Safari/537.36 (compatible; meta-externalagent/1.1 (+https://developers.facebook.com/docs/sharing/webmasters/crawler))"
66.249.69.68 - - [20/Aug/2026:12:10:47 +0200] "GET /goods.php?t=77241144884695 HTTP/1.1" 200 5110 "-" "Mozilla/5.0 (Linux; Android 6.0.1; Nexus 5X Build/MMB29P) AppleWebKit/537.36 (KHTML, like Gecko) Chrome/151.0.7922.137 Mobile Safari/537.36 (compatible; Googlebot/2.1; +http://www.google.com/bot.html)"
57.141.20.29 - - [20/Aug/2026:12:10:57 +0200] "GET /?v=82483689614 HTTP/1.1" 200 31239 "-" "Mozilla/5.0 (Windows NT 10.0; Win64; x64) AppleWebKit/537.36 (KHTML, like Gecko) Chrome/145.0.0.0 Safari/537.36 (compatible; meta-externalagent/1.1 (+https://developers.facebook.com/docs/sharing/webmasters/crawler))"
66.249.69.70 - - [20/Aug/2026:12:10:59 +0200] "GET /?t=22986275117 HTTP/1.1" 200 31208 "-" "Mozilla/5.0 (Linux; Android 6.0.1; Nexus 5X Build/MMB29P) AppleWebKit/537.36 (KHTML, like Gecko) Chrome/151.0.7922.137 Mobile Safari/537.36 (compatible; Googlebot/2.1; +http://www.google.com/bot.html)"
66.249.69.68 - - [20/Aug/2026:12:11:12 +0200] "GET /?a=81483369767 HTTP/1.1" 200 31208 "-" "Mozilla/5.0 (Linux; Android 6.0.1; Nexus 5X Build/MMB29P) AppleWebKit/537.36 (KHTML, like Gecko) Chrome/151.0.7922.137 Mobile Safari/537.36 (compatible; Googlebot/2.1; +http://www.google.com/bot.html)"
114.119.150.155 - - [20/Aug/2026:12:11:19 +0200] "GET /?s=91876689755 HTTP/1.1" 200 27560 "https://www.tierrasdelciddesarrollorural.es/sitemap.xml" "Mozilla/5.0 (Linux; Android 7.0;) AppleWebKit/537.36 (HTML, like Gecko) Mobile Safari/537.36 (compatible; PetalBot;+https://webmaster.petalsearch.com/site/petalbot)"
66.249.76.108 - - [20/Aug/2026:12:11:48 +0200] "GET /?y=54363091324 HTTP/1.1" 200 31208 "-" "Mozilla/5.0 (Linux; Android 6.0.1; Nexus 5X Build/MMB29P) AppleWebKit/537.36 (KHTML, like Gecko) Chrome/151.0.7922.137 Mobile Safari/537.36 (compatible; Googlebot/2.1; +http://www.google.com/bot.html)"
57.141.20.38 - - [20/Aug/2026:12:11:53 +0200] "GET /?n=61806940973 HTTP/1.1" 200 31239 "-" "Mozilla/5.0 (Macintosh; Intel Mac OS X 10_15_7) AppleWebKit/537.36 (KHTML, like Gecko) Chrome/145.0.0.0 Safari/537.36 (compatible; meta-externalagent/1.1 (+https://developers.facebook.com/docs/sharing/webmasters/crawler))"
66.249.69.68 - - [20/Aug/2026:12:12:00 +0200] "GET /shop.php?k=83868597597 HTTP/1.1" 200 32616 "-" "Mozilla/5.0 (Linux; Android 6.0.1; Nexus 5X Build/MMB29P) AppleWebKit/537.36 (KHTML, like Gecko) Chrome/151.0.7922.137 Mobile Safari/537.36 (compatible; Googlebot/2.1; +http://www.google.com/bot.html)"
66.249.69.68 - - [20/Aug/2026:12:12:11 +0200] "GET /?v=44063987469 HTTP/1.1" 200 31208 "-" "Mozilla/5.0 (Linux; Android 6.0.1; Nexus 5X Build/MMB29P) AppleWebKit/537.36 (KHTML, like Gecko) Chrome/151.0.7922.137 Mobile Safari/537.36 (compatible; Googlebot/2.1; +http://www.google.com/bot.html)"
66.249.76.108 - - [20/Aug/2026:12:12:34 +0200] "GET /?s=23858261574 HTTP/1.1" 200 26531 "-" "Mozilla/5.0 (Linux; Android 6.0.1; Nexus 5X Build/MMB29P) AppleWebKit/537.36 (KHTML, like Gecko) Chrome/151.0.7922.137 Mobile Safari/537.36 (compatible; Googlebot/2.1; +http://www.google.com/bot.html)"
114.119.150.155 - - [20/Aug/2026:12:12:41 +0200] "GET /category/uncategorized/page/11/ HTTP/1.1" 200 33567 "https://www.tierrasdelciddesarrollorural.es/category/uncategorized/page/12/" "Mozilla/5.0 (Linux; Android 7.0;) AppleWebKit/537.36 (HTML, like Gecko) Mobile Safari/537.36 (compatible; PetalBot;+https://webmaster.petalsearch.com/site/petalbot)"
66.249.76.108 - - [20/Aug/2026:12:12:45 +0200] "GET /goods.php?t=86150326847782 HTTP/1.1" 200 5110 "-" "Mozilla/5.0 (compatible; Googlebot/2.1; +http://www.google.com/bot.html)"
66.249.69.68 - - [20/Aug/2026:12:12:56 +0200] "GET /?p=42888927687 HTTP/1.1" 404 85305 "-" "Mozilla/5.0 (Linux; Android 6.0.1; Nexus 5X Build/MMB29P) AppleWebKit/537.36 (KHTML, like Gecko) Chrome/151.0.7922.137 Mobile Safari/537.36 (compatible; Googlebot/2.1; +http://www.google.com/bot.html)"
57.141.20.6 - - [20/Aug/2026:12:13:00 +0200] "GET /?y=83725739381 HTTP/1.1" 200 31239 "-" "Mozilla/5.0 (Macintosh; Intel Mac OS X 10_15_7) AppleWebKit/537.36 (KHTML, like Gecko) Chrome/145.0.0.0 Safari/537.36 (compatible; meta-externalagent/1.1 (+https://developers.facebook.com/docs/sharing/webmasters/crawler))"
66.249.76.108 - - [20/Aug/2026:12:13:08 +0200] "GET /?o=94585570472 HTTP/1.1" 200 31208 "-" "Mozilla/5.0 (Linux; Android 6.0.1; Nexus 5X Build/MMB29P) AppleWebKit/537.36 (KHTML, like Gecko) Chrome/151.0.7922.137 Mobile Safari/537.36 (compatible; Googlebot/2.1; +http://www.google.com/bot.html)"
52.139.3.76 - - [20/Aug/2026:12:13:18 +0200] "GET / HTTP/1.1" 301 6610 "-" "Mozilla/5.0 (X11; Linux x86_64) AppleWebKit/537.36 (KHTML, like Gecko) Chrome/122.0.0.0 Safari/537.36"
52.139.3.76 - - [20/Aug/2026:12:13:19 +0200] "GET / HTTP/1.1" 200 32305 "-" "Mozilla/5.0 (X11; Linux x86_64) AppleWebKit/537.36 (KHTML, like Gecko) Chrome/122.0.0.0 Safari/537.36"
66.249.69.68 - - [20/Aug/2026:12:13:20 +0200] "GET /goods.php?t=9008728663404 HTTP/1.1" 200 5110 "-" "Mozilla/5.0 (Linux; Android 6.0.1; Nexus 5X Build/MMB29P) AppleWebKit/537.36 (KHTML, like Gecko) Chrome/151.0.7922.137 Mobile Safari/537.36 (compatible; Googlebot/2.1; +http://www.google.com/bot.html)"
66.249.76.108 - - [20/Aug/2026:12:13:32 +0200] "GET /?i=41298825472 HTTP/1.1" 200 31208 "-" "Mozilla/5.0 (Linux; Android 6.0.1; Nexus 5X Build/MMB29P) AppleWebKit/537.36 (KHTML, like Gecko) Chrome/151.0.7922.137 Mobile Safari/537.36 (compatible; Googlebot/2.1; +http://www.google.com/bot.html)"
66.249.76.108 - - [20/Aug/2026:12:13:44 +0200] "GET /wp-content/themes/phox/assets/css/bootstrap.min.css?ver=2.2.3 HTTP/1.1" 200 28239 "https://www.tierrasdelciddesarrollorural.es/?z=91161180760" "Mozilla/5.0 (Linux; Android 6.0.1; Nexus 5X Build/MMB29P) AppleWebKit/537.36 (KHTML, like Gecko) Chrome/151.0.7922.137 Mobile Safari/537.36 (compatible; Googlebot/2.1; +http://www.google.com/bot.html)"
66.249.69.68 - - [20/Aug/2026:12:13:55 +0200] "GET /goods.php?t=89809661701028 HTTP/1.1" 200 5110 "-" "Mozilla/5.0 (compatible; Googlebot/2.1; +http://www.google.com/bot.html)"
66.249.69.69 - - [20/Aug/2026:12:14:05 +0200] "GET /?g=11907039098 HTTP/1.1" 200 31208 "-" "Mozilla/5.0 (Linux; Android 6.0.1; Nexus 5X Build/MMB29P) AppleWebKit/537.36 (KHTML, like Gecko) Chrome/151.0.7922.137 Mobile Safari/537.36 (compatible; Googlebot/2.1; +http://www.google.com/bot.html)"
52.139.3.76 - - [20/Aug/2026:12:14:07 +0200] "GET / HTTP/1.1" 301 6610 "-" "Mozilla/5.0 (X11; Linux x86_64) AppleWebKit/537.36 (KHTML, like Gecko) Chrome/122.0.0.0 Safari/537.36"
114.119.139.166 - - [20/Aug/2026:12:14:07 +0200] "GET /?o=80862769328 HTTP/1.1" 200 32237 "https://www.tierrasdelciddesarrollorural.es/sitemap.xml" "Mozilla/5.0 (Linux; Android 7.0;) AppleWebKit/537.36 (HTML, like Gecko) Mobile Safari/537.36 (compatible; PetalBot;+https://webmaster.petalsearch.com/site/petalbot)"
52.139.3.76 - - [20/Aug/2026:12:14:08 +0200] "GET / HTTP/1.1" 200 32305 "-" "Mozilla/5.0 (X11; Linux x86_64) AppleWebKit/537.36 (KHTML, like Gecko) Chrome/122.0.0.0 Safari/537.36"
66.249.69.68 - - [20/Aug/2026:12:14:27 +0200] "GET /?t=34276415351 HTTP/1.1" 200 31208 "-" "Mozilla/5.0 (Linux; Android 6.0.1; Nexus 5X Build/MMB29P) AppleWebKit/537.36 (KHTML, like Gecko) Chrome/151.0.7922.137 Mobile Safari/537.36 (compatible; Googlebot/2.1; +http://www.google.com/bot.html)"
66.249.69.68 - - [20/Aug/2026:12:14:49 +0200] "GET /?c=82343971434 HTTP/1.1" 200 31208 "-" "Mozilla/5.0 (Linux; Android 6.0.1; Nexus 5X Build/MMB29P) AppleWebKit/537.36 (KHTML, like Gecko) Chrome/151.0.7922.137 Mobile Safari/537.36 (compatible; Googlebot/2.1; +http://www.google.com/bot.html)"
66.249.69.69 - - [20/Aug/2026:12:15:01 +0200] "GET /shop.php?k=33994911927 HTTP/1.1" 200 33086 "-" "Mozilla/5.0 (Linux; Android 6.0.1; Nexus 5X Build/MMB29P) AppleWebKit/537.36 (KHTML, like Gecko) Chrome/151.0.7922.137 Mobile Safari/537.36 (compatible; Googlebot/2.1; +http://www.google.com/bot.html)"
57.141.20.55 - - [20/Aug/2026:12:15:11 +0200] "GET /?l=77536857821 HTTP/1.1" 200 31239 "-" "Mozilla/5.0 (Windows NT 10.0; Win64; x64) AppleWebKit/537.36 (KHTML, like Gecko) Chrome/145.0.0.0 Safari/537.36 (compatible; meta-externalagent/1.1 (+https://developers.facebook.com/docs/sharing/webmasters/crawler))"
66.249.69.68 - - [20/Aug/2026:12:15:13 +0200] "GET /?d=33539208613 HTTP/1.1" 200 31208 "-" "Mozilla/5.0 (Linux; Android 6.0.1; Nexus 5X Build/MMB29P) AppleWebKit/537.36 (KHTML, like Gecko) Chrome/151.0.7922.137 Mobile Safari/537.36 (compatible; Googlebot/2.1; +http://www.google.com/bot.html)"
66.249.76.108 - - [20/Aug/2026:12:15:26 +0200] "GET /?f=61163003338 HTTP/1.1" 200 31208 "-" "Mozilla/5.0 (Linux; Android 6.0.1; Nexus 5X Build/MMB29P) AppleWebKit/537.36 (KHTML, like Gecko) Chrome/151.0.7922.137 Mobile Safari/537.36 (compatible; Googlebot/2.1; +http://www.google.com/bot.html)"
114.119.137.143 - - [20/Aug/2026:12:15:30 +0200] "GET /?d=74001525717 HTTP/1.1" 200 32237 "https://www.tierrasdelciddesarrollorural.es/sitemap.xml" "Mozilla/5.0 (Linux; Android 7.0;) AppleWebKit/537.36 (HTML, like Gecko) Mobile Safari/537.36 (compatible; PetalBot;+https://webmaster.petalsearch.com/site/petalbot)"
52.139.3.76 - - [20/Aug/2026:12:15:51 +0200] "GET / HTTP/1.1" 301 6610 "-" "Mozilla/5.0 (X11; Linux x86_64) AppleWebKit/537.36 (KHTML, like Gecko) Chrome/122.0.0.0 Safari/537.36"
66.249.69.68 - - [20/Aug/2026:12:15:50 +0200] "GET /?h=91976550142 HTTP/1.1" 200 31208 "-" "Mozilla/5.0 (Linux; Android 6.0.1; Nexus 5X Build/MMB29P) AppleWebKit/537.36 (KHTML, like Gecko) Chrome/151.0.7922.137 Mobile Safari/537.36 (compatible; Googlebot/2.1; +http://www.google.com/bot.html)"
52.139.3.76 - - [20/Aug/2026:12:15:52 +0200] "GET / HTTP/1.1" 200 32305 "-" "Mozilla/5.0 (X11; Linux x86_64) AppleWebKit/537.36 (KHTML, like Gecko) Chrome/122.0.0.0 Safari/537.36"
57.141.20.34 - - [20/Aug/2026:12:15:53 +0200] "GET /?s=43914382760 HTTP/1.1" 200 26562 "-" "Mozilla/5.0 (Macintosh; Intel Mac OS X 10_15_7) AppleWebKit/537.36 (KHTML, like Gecko) Chrome/145.0.0.0 Safari/537.36 (compatible; meta-externalagent/1.1 (+https://developers.facebook.com/docs/sharing/webmasters/crawler))"
66.249.69.69 - - [20/Aug/2026:12:16:03 +0200] "GET /goods.php?t=15984465907616 HTTP/1.1" 200 5110 "-" "Mozilla/5.0 (Linux; Android 6.0.1; Nexus 5X Build/MMB29P) AppleWebKit/537.36 (KHTML, like Gecko) Chrome/151.0.7922.137 Mobile Safari/537.36 (compatible; Googlebot/2.1; +http://www.google.com/bot.html)"
66.249.76.108 - - [20/Aug/2026:12:16:26 +0200] "GET /?p=12027550585 HTTP/1.1" 404 85305 "-" "Mozilla/5.0 (Linux; Android 6.0.1; Nexus 5X Build/MMB29P) AppleWebKit/537.36 (KHTML, like Gecko) Chrome/151.0.7922.137 Mobile Safari/537.36 (compatible; Googlebot/2.1; +http://www.google.com/bot.html)"
66.249.69.68 - - [20/Aug/2026:12:16:37 +0200] "GET /?y=33616098456 HTTP/1.1" 200 31208 "-" "Mozilla/5.0 (Linux; Android 6.0.1; Nexus 5X Build/MMB29P) AppleWebKit/537.36 (KHTML, like Gecko) Chrome/151.0.7922.137 Mobile Safari/537.36 (compatible; Googlebot/2.1; +http://www.google.com/bot.html)"
66.249.69.68 - - [20/Aug/2026:12:16:49 +0200] "GET /goods.php?t=56901951799266 HTTP/1.1" 200 5110 "-" "Mozilla/5.0 (compatible; Googlebot/2.1; +http://www.google.com/bot.html)"
114.119.128.10 - - [20/Aug/2026:12:16:54 +0200] "GET /?t=73710458279 HTTP/1.1" 200 32237 "https://www.tierrasdelciddesarrollorural.es/sitemap.xml" "Mozilla/5.0 (Linux; Android 7.0;) AppleWebKit/537.36 (HTML, like Gecko) Mobile Safari/537.36 (compatible; PetalBot;+https://webmaster.petalsearch.com/site/petalbot)"
57.141.20.55 - - [20/Aug/2026:12:17:06 +0200] "GET /?c=52131940851 HTTP/1.1" 200 31239 "-" "Mozilla/5.0 (Windows NT 10.0; Win64; x64) AppleWebKit/537.36 (KHTML, like Gecko) Chrome/145.0.0.0 Safari/537.36 (compatible; meta-externalagent/1.1 (+https://developers.facebook.com/docs/sharing/webmasters/crawler))"
66.249.76.109 - - [20/Aug/2026:12:17:11 +0200] "GET /?m=44403887983 HTTP/1.1" 404 85305 "-" "Mozilla/5.0 (Linux; Android 6.0.1; Nexus 5X Build/MMB29P) AppleWebKit/537.36 (KHTML, like Gecko) Chrome/151.0.7922.137 Mobile Safari/537.36 (compatible; Googlebot/2.1; +http://www.google.com/bot.html)"
52.139.3.76 - - [20/Aug/2026:12:17:22 +0200] "GET / HTTP/1.1" 301 6610 "-" "Mozilla/5.0 (X11; Linux x86_64) AppleWebKit/537.36 (KHTML, like Gecko) Chrome/122.0.0.0 Safari/537.36"
213.165.70.185 - - [20/Aug/2026:12:17:23 +0200] "POST /wp-cron.php?doing_wp_cron=1787221043.9201428890228271484375 HTTP/1.1" 200 6263 "-" "WordPress/6.9.7; https://www.tierrasdelciddesarrollorural.es"
66.249.69.68 - - [20/Aug/2026:12:17:23 +0200] "GET /?x=11504072733 HTTP/1.1" 200 31208 "-" "Mozilla/5.0 (Linux; Android 6.0.1; Nexus 5X Build/MMB29P) AppleWebKit/537.36 (KHTML, like Gecko) Chrome/151.0.7922.137 Mobile Safari/537.36 (compatible; Googlebot/2.1; +http://www.google.com/bot.html)"
52.139.3.76 - - [20/Aug/2026:12:17:23 +0200] "GET / HTTP/1.1" 200 32305 "-" "Mozilla/5.0 (X11; Linux x86_64) AppleWebKit/537.36 (KHTML, like Gecko) Chrome/122.0.0.0 Safari/537.36"
66.249.76.108 - - [20/Aug/2026:12:17:34 +0200] "GET /shop.php?v=46132428833 HTTP/1.1" 200 32684 "-" "Mozilla/5.0 (Linux; Android 6.0.1; Nexus 5X Build/MMB29P) AppleWebKit/537.36 (KHTML, like Gecko) Chrome/151.0.7922.137 Mobile Safari/537.36 (compatible; Googlebot/2.1; +http://www.google.com/bot.html)"
57.141.20.9 - - [20/Aug/2026:12:17:45 +0200] "GET /?s=73188129314 HTTP/1.1" 200 26562 "-" "Mozilla/5.0 (Windows NT 10.0; Win64; x64) AppleWebKit/537.36 (KHTML, like Gecko) Chrome/145.0.0.0 Safari/537.36 (compatible; meta-externalagent/1.1 (+https://developers.facebook.com/docs/sharing/webmasters/crawler))"
66.249.76.108 - - [20/Aug/2026:12:17:46 +0200] "GET /?m=93896551669 HTTP/1.1" 404 85305 "-" "Mozilla/5.0 (Linux; Android 6.0.1; Nexus 5X Build/MMB29P) AppleWebKit/537.36 (KHTML, like Gecko) Chrome/151.0.7922.137 Mobile Safari/537.36 (compatible; Googlebot/2.1; +http://www.google.com/bot.html)"
213.165.70.185 - - [20/Aug/2026:12:18:11 +0200] "POST /wp-cron.php?doing_wp_cron=1787221091.3478279113769531250000 HTTP/1.1" 200 6263 "-" "WordPress/6.9.7; https://www.tierrasdelciddesarrollorural.es"
66.249.69.70 - - [20/Aug/2026:12:18:10 +0200] "GET /?y=91952521130 HTTP/1.1" 200 31208 "-" "Mozilla/5.0 (Linux; Android 6.0.1; Nexus 5X Build/MMB29P) AppleWebKit/537.36 (KHTML, like Gecko) Chrome/151.0.7922.137 Mobile Safari/537.36 (compatible; Googlebot/2.1; +http://www.google.com/bot.html)"
114.119.150.155 - - [20/Aug/2026:12:18:17 +0200] "GET /author/karl/page/17/ HTTP/1.1" 200 33039 "https://www.tierrasdelciddesarrollorural.es/author/karl/page/14/" "Mozilla/5.0 (Linux; Android 7.0;) AppleWebKit/537.36 (HTML, like Gecko) Mobile Safari/537.36 (compatible; PetalBot;+https://webmaster.petalsearch.com/site/petalbot)"
66.249.69.69 - - [20/Aug/2026:12:18:22 +0200] "GET /shop.php?h=459352516 HTTP/1.1" 200 33595 "-" "Mozilla/5.0 (Linux; Android 6.0.1; Nexus 5X Build/MMB29P) AppleWebKit/537.36 (KHTML, like Gecko) Chrome/151.0.7922.137 Mobile Safari/537.36 (compatible; Googlebot/2.1; +http://www.google.com/bot.html)"
57.141.20.17 - - [20/Aug/2026:12:18:28 +0200] "GET /?u=34410141100 HTTP/1.1" 200 31239 "-" "Mozilla/5.0 (Windows NT 10.0; Win64; x64) AppleWebKit/537.36 (KHTML, like Gecko) Chrome/145.0.0.0 Safari/537.36 (compatible; meta-externalagent/1.1 (+https://developers.facebook.com/docs/sharing/webmasters/crawler))"
57.141.20.5 - - [20/Aug/2026:12:18:35 +0200] "GET /?t=24020787652 HTTP/1.1" 200 31239 "-" "Mozilla/5.0 (Windows NT 10.0; Win64; x64) AppleWebKit/537.36 (KHTML, like Gecko) Chrome/145.0.0.0 Safari/537.36 (compatible; meta-externalagent/1.1 (+https://developers.facebook.com/docs/sharing/webmasters/crawler))"
66.249.69.68 - - [20/Aug/2026:12:18:47 +0200] "GET /?t=41697130822 HTTP/1.1" 200 31208 "-" "Mozilla/5.0 (Linux; Android 6.0.1; Nexus 5X Build/MMB29P) AppleWebKit/537.36 (KHTML, like Gecko) Chrome/151.0.7922.137 Mobile Safari/537.36 (compatible; Googlebot/2.1; +http://www.google.com/bot.html)"
57.141.20.51 - - [20/Aug/2026:12:18:59 +0200] "GET /?e=13028359877 HTTP/1.1" 200 31239 "-" "Mozilla/5.0 (Macintosh; Intel Mac OS X 10_15_7) AppleWebKit/537.36 (KHTML, like Gecko) Chrome/145.0.0.0 Safari/537.36 (compatible; meta-externalagent/1.1 (+https://developers.facebook.com/docs/sharing/webmasters/crawler))"
66.249.69.68 - - [20/Aug/2026:12:18:59 +0200] "GET /?j=73627018102 HTTP/1.1" 200 31208 "-" "Mozilla/5.0 (Linux; Android 6.0.1; Nexus 5X Build/MMB29P) AppleWebKit/537.36 (KHTML, like Gecko) Chrome/151.0.7922.137 Mobile Safari/537.36 (compatible; Googlebot/2.1; +http://www.google.com/bot.html)"
66.249.76.108 - - [20/Aug/2026:12:19:14 +0200] "GET /goods.php?t=59284278400389 HTTP/1.1" 200 5110 "-" "Mozilla/5.0 (compatible; Googlebot/2.1; +http://www.google.com/bot.html)"
114.119.155.236 - - [20/Aug/2026:12:19:41 +0200] "GET /?c=41790303059 HTTP/1.1" 200 32237 "https://www.tierrasdelciddesarrollorural.es/sitemap.xml" "Mozilla/5.0 (Linux; Android 7.0;) AppleWebKit/537.36 (HTML, like Gecko) Mobile Safari/537.36 (compatible; PetalBot;+https://webmaster.petalsearch.com/site/petalbot)"
66.249.69.68 - - [20/Aug/2026:12:19:53 +0200] "GET /?z=11696945325 HTTP/1.1" 200 31208 "-" "Mozilla/5.0 (Linux; Android 6.0.1; Nexus 5X Build/MMB29P) AppleWebKit/537.36 (KHTML, like Gecko) Chrome/151.0.7922.137 Mobile Safari/537.36 (compatible; Googlebot/2.1; +http://www.google.com/bot.html)"
57.141.20.33 - - [20/Aug/2026:12:19:58 +0200] "GET /?p=73022076921 HTTP/1.1" 404 85336 "-" "Mozilla/5.0 (Windows NT 10.0; Win64; x64) AppleWebKit/537.36 (KHTML, like Gecko) Chrome/145.0.0.0 Safari/537.36 (compatible; meta-externalagent/1.1 (+https://developers.facebook.com/docs/sharing/webmasters/crawler))"
52.139.3.76 - - [20/Aug/2026:12:20:02 +0200] "GET / HTTP/1.1" 301 6610 "-" "Mozilla/5.0 (X11; Linux x86_64) AppleWebKit/537.36 (KHTML, like Gecko) Chrome/122.0.0.0 Safari/537.36"
52.139.3.76 - - [20/Aug/2026:12:20:03 +0200] "GET / HTTP/1.1" 200 32305 "-" "Mozilla/5.0 (X11; Linux x86_64) AppleWebKit/537.36 (KHTML, like Gecko) Chrome/122.0.0.0 Safari/537.36"
66.249.69.68 - - [20/Aug/2026:12:20:05 +0200] "GET /goods.php?t=53667538230620 HTTP/1.1" 200 5110 "-" "Mozilla/5.0 (compatible; Googlebot/2.1; +http://www.google.com/bot.html)"
57.141.20.69 - - [20/Aug/2026:12:20:09 +0200] "GET /?y=52723321537 HTTP/1.1" 200 31239 "-" "Mozilla/5.0 (Macintosh; Intel Mac OS X 10_15_7) AppleWebKit/537.36 (KHTML, like Gecko) Chrome/145.0.0.0 Safari/537.36 (compatible; meta-externalagent/1.1 (+https://developers.facebook.com/docs/sharing/webmasters/crawler))"
66.249.69.68 - - [20/Aug/2026:12:20:28 +0200] "GET /2026/08/18/descubre-mi-casino-bolivia-y-vive-la-emocion-del-78/ HTTP/1.1" 200 28497 "-" "Mozilla/5.0 (Linux; Android 6.0.1; Nexus 5X Build/MMB29P) AppleWebKit/537.36 (KHTML, like Gecko) Chrome/151.0.7922.137 Mobile Safari/537.36 (compatible; Googlebot/2.1; +http://www.google.com/bot.html)"
66.249.69.68 - - [20/Aug/2026:12:20:40 +0200] "GET /2026/08/19/najlepsze-kasyna-online-w-polsce-2026-jakie-bonusy-warto-wykorzystac/ HTTP/1.1" 200 30621 "-" "Mozilla/5.0 (Linux; Android 6.0.1; Nexus 5X Build/MMB29P) AppleWebKit/537.36 (KHTML, like Gecko) Chrome/151.0.7922.137 Mobile Safari/537.36 (compatible; Googlebot/2.1; +http://www.google.com/bot.html)"
66.249.69.70 - - [20/Aug/2026:12:21:04 +0200] "GET /shop.php?y=34657139988 HTTP/1.1" 200 33215 "-" "Mozilla/5.0 (Linux; Android 6.0.1; Nexus 5X Build/MMB29P) AppleWebKit/537.36 (KHTML, like Gecko) Chrome/151.0.7922.137 Mobile Safari/537.36 (compatible; Googlebot/2.1; +http://www.google.com/bot.html)"
66.249.76.109 - - [20/Aug/2026:12:21:15 +0200] "GET /shop.php?j=743460080 HTTP/1.1" 200 32497 "-" "Mozilla/5.0 (Linux; Android 6.0.1; Nexus 5X Build/MMB29P) AppleWebKit/537.36 (KHTML, like Gecko) Chrome/151.0.7922.137 Mobile Safari/537.36 (compatible; Googlebot/2.1; +http://www.google.com/bot.html)"
114.119.128.10 - - [20/Aug/2026:12:21:23 +0200] "GET /?n=52731351301 HTTP/1.1" 200 32237 "https://www.tierrasdelciddesarrollorural.es/sitemap.xml" "Mozilla/5.0 (Linux; Android 7.0;) AppleWebKit/537.36 (HTML, like Gecko) Mobile Safari/537.36 (compatible; PetalBot;+https://webmaster.petalsearch.com/site/petalbot)"
66.249.76.108 - - [20/Aug/2026:12:21:26 +0200] "GET /goods.php?t=50658771166048 HTTP/1.1" 200 5110 "-" "Mozilla/5.0 (Linux; Android 6.0.1; Nexus 5X Build/MMB29P) AppleWebKit/537.36 (KHTML, like Gecko) Chrome/151.0.7922.137 Mobile Safari/537.36 (compatible; Googlebot/2.1; +http://www.google.com/bot.html)"
66.249.69.68 - - [20/Aug/2026:12:21:37 +0200] "GET /2026/08/19/navigating-new-zealands-top-casino-sites-without-the-usual-hassle-2/ HTTP/1.1" 404 85305 "-" "Mozilla/5.0 (Linux; Android 6.0.1; Nexus 5X Build/MMB29P) AppleWebKit/537.36 (KHTML, like Gecko) Chrome/151.0.7922.137 Mobile Safari/537.36 (compatible; Googlebot/2.1; +http://www.google.com/bot.html)"
57.141.20.27 - - [20/Aug/2026:12:21:45 +0200] "GET /?b=21797299205 HTTP/1.1" 200 31239 "-" "Mozilla/5.0 (Windows NT 10.0; Win64; x64) AppleWebKit/537.36 (KHTML, like Gecko) Chrome/145.0.0.0 Safari/537.36 (compatible; meta-externalagent/1.1 (+https://developers.facebook.com/docs/sharing/webmasters/crawler))"
66.249.69.68 - - [20/Aug/2026:12:21:49 +0200] "GET /goods.php?t=81716990317916 HTTP/1.1" 200 5110 "-" "Mozilla/5.0 (Linux; Android 6.0.1; Nexus 5X Build/MMB29P) AppleWebKit/537.36 (KHTML, like Gecko) Chrome/151.0.7922.137 Mobile Safari/537.36 (compatible; Googlebot/2.1; +http://www.google.com/bot.html)"
66.249.69.69 - - [20/Aug/2026:12:22:21 +0200] "GET /?m=94623695811 HTTP/1.1" 404 85305 "-" "Mozilla/5.0 (Linux; Android 6.0.1; Nexus 5X Build/MMB29P) AppleWebKit/537.36 (KHTML, like Gecko) Chrome/151.0.7922.137 Mobile Safari/537.36 (compatible; Googlebot/2.1; +http://www.google.com/bot.html)"
66.249.69.69 - - [20/Aug/2026:12:22:32 +0200] "GET /?x=72194702148 HTTP/1.1" 200 31208 "-" "Mozilla/5.0 (Linux; Android 6.0.1; Nexus 5X Build/MMB29P) AppleWebKit/537.36 (KHTML, like Gecko) Chrome/151.0.7922.169 Mobile Safari/537.36 (compatible; Googlebot/2.1; +http://www.google.com/bot.html)"
114.119.142.8 - - [20/Aug/2026:12:22:35 +0200] "GET /2026/page/26/ HTTP/1.1" 200 34223 "https://www.tierrasdelciddesarrollorural.es/2026/page/23/" "Mozilla/5.0 (Linux; Android 7.0;) AppleWebKit/537.36 (HTML, like Gecko) Mobile Safari/537.36 (compatible; PetalBot;+https://webmaster.petalsearch.com/site/petalbot)"
57.141.20.58 - - [20/Aug/2026:12:22:35 +0200] "GET /?c=32719519046 HTTP/1.1" 200 31239 "-" "Mozilla/5.0 (Windows NT 10.0; Win64; x64) AppleWebKit/537.36 (KHTML, like Gecko) Chrome/145.0.0.0 Safari/537.36 (compatible; meta-externalagent/1.1 (+https://developers.facebook.com/docs/sharing/webmasters/crawler))"
66.249.69.68 - - [20/Aug/2026:12:22:44 +0200] "GET /shop.php?l=650028665 HTTP/1.1" 200 35519 "-" "Mozilla/5.0 (Linux; Android 6.0.1; Nexus 5X Build/MMB29P) AppleWebKit/537.36 (KHTML, like Gecko) Chrome/151.0.7922.137 Mobile Safari/537.36 (compatible; Googlebot/2.1; +http://www.google.com/bot.html)"
52.139.3.76 - - [20/Aug/2026:12:22:54 +0200] "GET / HTTP/1.1" 301 6610 "-" "Mozilla/5.0 (X11; Linux x86_64) AppleWebKit/537.36 (KHTML, like Gecko) Chrome/122.0.0.0 Safari/537.36"
52.139.3.76 - - [20/Aug/2026:12:22:55 +0200] "GET / HTTP/1.1" 200 32305 "-" "Mozilla/5.0 (X11; Linux x86_64) AppleWebKit/537.36 (KHTML, like Gecko) Chrome/122.0.0.0 Safari/537.36"
66.249.69.68 - - [20/Aug/2026:12:22:57 +0200] "GET /shop.php?i=596239135 HTTP/1.1" 200 32611 "-" "Mozilla/5.0 (Linux; Android 6.0.1; Nexus 5X Build/MMB29P) AppleWebKit/537.36 (KHTML, like Gecko) Chrome/151.0.7922.137 Mobile Safari/537.36 (compatible; Googlebot/2.1; +http://www.google.com/bot.html)"
52.139.3.76 - - [20/Aug/2026:12:23:21 +0200] "GET / HTTP/1.1" 301 6610 "-" "Mozilla/5.0 (X11; Linux x86_64) AppleWebKit/537.36 (KHTML, like Gecko) Chrome/122.0.0.0 Safari/537.36"
185.191.171.1 - - [20/Aug/2026:12:23:21 +0200] "GET /2026/08/18/irwin-casino-auf-dem-handy-alle-vorteile-der-mobilen-app-fur-spieler/ HTTP/1.1" 200 30383 "-" "Mozilla/5.0 (compatible; SemrushBot/7~bl; +http://www.semrush.com/bot.html)"
52.139.3.76 - - [20/Aug/2026:12:23:21 +0200] "GET / HTTP/1.1" 200 32305 "-" "Mozilla/5.0 (X11; Linux x86_64) AppleWebKit/537.36 (KHTML, like Gecko) Chrome/122.0.0.0 Safari/537.36"
52.139.3.76 - - [20/Aug/2026:12:23:36 +0200] "GET / HTTP/1.1" 301 6610 "-" "Mozilla/5.0 (X11; Linux x86_64) AppleWebKit/537.36 (KHTML, like Gecko) Chrome/122.0.0.0 Safari/537.36"
52.139.3.76 - - [20/Aug/2026:12:23:37 +0200] "GET / HTTP/1.1" 200 32305 "-" "Mozilla/5.0 (X11; Linux x86_64) AppleWebKit/537.36 (KHTML, like Gecko) Chrome/122.0.0.0 Safari/537.36"
114.119.137.143 - - [20/Aug/2026:12:23:52 +0200] "GET /2026/08/18/navegar-por-pin-up-casino-nunca-fue-tan-sencillo-y-directo/ HTTP/1.1" 404 86334 "https://www.tierrasdelciddesarrollorural.es/category/uncategorized/page/15/" "Mozilla/5.0 (Linux; Android 7.0;) AppleWebKit/537.36 (HTML, like Gecko) Mobile Safari/537.36 (compatible; PetalBot;+https://webmaster.petalsearch.com/site/petalbot)"
66.249.69.69 - - [20/Aug/2026:12:24:09 +0200] "GET /?p=42105948206 HTTP/1.1" 404 85305 "-" "Mozilla/5.0 (Linux; Android 6.0.1; Nexus 5X Build/MMB29P) AppleWebKit/537.36 (KHTML, like Gecko) Chrome/151.0.7922.137 Mobile Safari/537.36 (compatible; Googlebot/2.1; +http://www.google.com/bot.html)"
66.249.76.108 - - [20/Aug/2026:12:24:19 +0200] "GET /shop.php?s=4863191487 HTTP/1.1" 200 33683 "-" "Mozilla/5.0 (compatible; Googlebot/2.1; +http://www.google.com/bot.html)"
57.141.20.27 - - [20/Aug/2026:12:24:20 +0200] "GET /?a=52359355905 HTTP/1.1" 200 31239 "-" "Mozilla/5.0 (Windows NT 10.0; Win64; x64) AppleWebKit/537.36 (KHTML, like Gecko) Chrome/145.0.0.0 Safari/537.36 (compatible; meta-externalagent/1.1 (+https://developers.facebook.com/docs/sharing/webmasters/crawler))"
57.141.20.29 - - [20/Aug/2026:12:24:34 +0200] "GET /?j=13595669475 HTTP/1.1" 200 31239 "-" "Mozilla/5.0 (Windows NT 10.0; Win64; x64) AppleWebKit/537.36 (KHTML, like Gecko) Chrome/145.0.0.0 Safari/537.36 (compatible; meta-externalagent/1.1 (+https://developers.facebook.com/docs/sharing/webmasters/crawler))"
66.249.69.68 - - [20/Aug/2026:12:24:38 +0200] "GET /?r=82095025453 HTTP/1.1" 200 31208 "-" "Mozilla/5.0 (Linux; Android 6.0.1; Nexus 5X Build/MMB29P) AppleWebKit/537.36 (KHTML, like Gecko) Chrome/151.0.7922.137 Mobile Safari/537.36 (compatible; Googlebot/2.1; +http://www.google.com/bot.html)"
52.139.3.76 - - [20/Aug/2026:12:24:57 +0200] "GET / HTTP/1.1" 301 6610 "-" "Mozilla/5.0 (X11; Linux x86_64) AppleWebKit/537.36 (KHTML, like Gecko) Chrome/122.0.0.0 Safari/537.36"
66.249.76.108 - - [20/Aug/2026:12:24:58 +0200] "GET /shop.php?z=515222528 HTTP/1.1" 200 32586 "-" "Mozilla/5.0 (compatible; Googlebot/2.1; +http://www.google.com/bot.html)"
52.139.3.76 - - [20/Aug/2026:12:24:58 +0200] "GET / HTTP/1.1" 200 32305 "-" "Mozilla/5.0 (X11; Linux x86_64) AppleWebKit/537.36 (KHTML, like Gecko) Chrome/122.0.0.0 Safari/537.36"
114.119.150.155 - - [20/Aug/2026:12:25:17 +0200] "GET /2026/08/10/bahiscasino-turkiye-nin-en-yi-cevrimici-casino-33/ HTTP/1.1" 200 29256 "https://www.tierrasdelciddesarrollorural.es/2026/08/10/1xbet-android-app-installation-guide-2026/" "Mozilla/5.0 (Linux; Android 7.0;) AppleWebKit/537.36 (HTML, like Gecko) Mobile Safari/537.36 (compatible; PetalBot;+https://webmaster.petalsearch.com/site/petalbot)"
66.249.69.70 - - [20/Aug/2026:12:25:18 +0200] "GET /?u=92128381380 HTTP/1.1" 200 31208 "-" "Mozilla/5.0 (Linux; Android 6.0.1; Nexus 5X Build/MMB29P) AppleWebKit/537.36 (KHTML, like Gecko) Chrome/151.0.7922.137 Mobile Safari/537.36 (compatible; Googlebot/2.1; +http://www.google.com/bot.html)"
66.249.69.68 - - [20/Aug/2026:12:25:27 +0200] "GET /?l=31432906148 HTTP/1.1" 200 31208 "-" "Mozilla/5.0 (Linux; Android 6.0.1; Nexus 5X Build/MMB29P) AppleWebKit/537.36 (KHTML, like Gecko) Chrome/151.0.7922.137 Mobile Safari/537.36 (compatible; Googlebot/2.1; +http://www.google.com/bot.html)"
66.249.69.68 - - [20/Aug/2026:12:25:37 +0200] "GET /goods.php?t=16662754306858 HTTP/1.1" 200 5110 "-" "Mozilla/5.0 (Linux; Android 6.0.1; Nexus 5X Build/MMB29P) AppleWebKit/537.36 (KHTML, like Gecko) Chrome/151.0.7922.137 Mobile Safari/537.36 (compatible; Googlebot/2.1; +http://www.google.com/bot.html)"
57.141.20.61 - - [20/Aug/2026:12:25:42 +0200] "GET /?i=93136181132 HTTP/1.1" 200 31239 "-" "Mozilla/5.0 (Windows NT 10.0; Win64; x64) AppleWebKit/537.36 (KHTML, like Gecko) Chrome/145.0.0.0 Safari/537.36 (compatible; meta-externalagent/1.1 (+https://developers.facebook.com/docs/sharing/webmasters/crawler))"
66.249.69.68 - - [20/Aug/2026:12:25:57 +0200] "GET /?s=63485599678 HTTP/1.1" 200 26532 "-" "Mozilla/5.0 (Linux; Android 6.0.1; Nexus 5X Build/MMB29P) AppleWebKit/537.36 (KHTML, like Gecko) Chrome/151.0.7922.137 Mobile Safari/537.36 (compatible; Googlebot/2.1; +http://www.google.com/bot.html)"
66.249.69.70 - - [20/Aug/2026:12:26:07 +0200] "GET /wp-content/themes/phox/assets/js/custom-script.js?ver=2.2.3 HTTP/1.1" 200 7833 "https://www.tierrasdelciddesarrollorural.es/?t=41697130822" "Mozilla/5.0 (Linux; Android 6.0.1; Nexus 5X Build/MMB29P) AppleWebKit/537.36 (KHTML, like Gecko) Chrome/151.0.7922.137 Mobile Safari/537.36 (compatible; Googlebot/2.1; +http://www.google.com/bot.html)"
57.141.20.57 - - [20/Aug/2026:12:26:13 +0200] "GET /?p=43412012457 HTTP/1.1" 404 85336 "-" "Mozilla/5.0 (Windows NT 10.0; Win64; x64) AppleWebKit/537.36 (KHTML, like Gecko) Chrome/145.0.0.0 Safari/537.36 (compatible; meta-externalagent/1.1 (+https://developers.facebook.com/docs/sharing/webmasters/crawler))"
66.249.69.68 - - [20/Aug/2026:12:26:26 +0200] "GET /?m=91867017115 HTTP/1.1" 404 85305 "-" "Mozilla/5.0 (Linux; Android 6.0.1; Nexus 5X Build/MMB29P) AppleWebKit/537.36 (KHTML, like Gecko) Chrome/151.0.7922.137 Mobile Safari/537.36 (compatible; Googlebot/2.1; +http://www.google.com/bot.html)"
57.141.20.18 - - [20/Aug/2026:12:26:28 +0200] "GET /?l=84062947327 HTTP/1.1" 200 31239 "-" "Mozilla/5.0 (Macintosh; Intel Mac OS X 10_15_7) AppleWebKit/537.36 (KHTML, like Gecko) Chrome/145.0.0.0 Safari/537.36 (compatible; meta-externalagent/1.1 (+https://developers.facebook.com/docs/sharing/webmasters/crawler))"
114.119.128.10 - - [20/Aug/2026:12:26:38 +0200] "GET /?t=31145755143 HTTP/1.1" 200 32237 "https://www.tierrasdelciddesarrollorural.es/sitemap.xml" "Mozilla/5.0 (Linux; Android 7.0;) AppleWebKit/537.36 (HTML, like Gecko) Mobile Safari/537.36 (compatible; PetalBot;+https://webmaster.petalsearch.com/site/petalbot)"
66.249.69.68 - - [20/Aug/2026:12:26:45 +0200] "GET /goods.php?t=44387395450862 HTTP/1.1" 200 5110 "-" "Mozilla/5.0 (compatible; Googlebot/2.1; +http://www.google.com/bot.html)"
66.249.69.68 - - [20/Aug/2026:12:26:55 +0200] "GET /?z=82821204150 HTTP/1.1" 200 31208 "-" "Mozilla/5.0 (Linux; Android 6.0.1; Nexus 5X Build/MMB29P) AppleWebKit/537.36 (KHTML, like Gecko) Chrome/151.0.7922.137 Mobile Safari/537.36 (compatible; Googlebot/2.1; +http://www.google.com/bot.html)"
66.249.69.68 - - [20/Aug/2026:12:27:05 +0200] "GET /?b=74568082352 HTTP/1.1" 200 31208 "-" "Mozilla/5.0 (Linux; Android 6.0.1; Nexus 5X Build/MMB29P) AppleWebKit/537.36 (KHTML, like Gecko) Chrome/151.0.7922.137 Mobile Safari/537.36 (compatible; Googlebot/2.1; +http://www.google.com/bot.html)"
66.249.69.68 - - [20/Aug/2026:12:27:16 +0200] "GET /shop.php?t=669071951 HTTP/1.1" 200 34124 "-" "Mozilla/5.0 (compatible; Googlebot/2.1; +http://www.google.com/bot.html)"
52.139.3.76 - - [20/Aug/2026:12:27:24 +0200] "GET / HTTP/1.1" 301 6610 "-" "Mozilla/5.0 (X11; Linux x86_64) AppleWebKit/537.36 (KHTML, like Gecko) Chrome/122.0.0.0 Safari/537.36"
52.139.3.76 - - [20/Aug/2026:12:27:25 +0200] "GET / HTTP/1.1" 200 32305 "-" "Mozilla/5.0 (X11; Linux x86_64) AppleWebKit/537.36 (KHTML, like Gecko) Chrome/122.0.0.0 Safari/537.36"
66.249.76.108 - - [20/Aug/2026:12:27:27 +0200] "GET /?r=43694412823 HTTP/1.1" 200 31208 "-" "Mozilla/5.0 (Linux; Android 6.0.1; Nexus 5X Build/MMB29P) AppleWebKit/537.36 (KHTML, like Gecko) Chrome/151.0.7922.137 Mobile Safari/537.36 (compatible; Googlebot/2.1; +http://www.google.com/bot.html)"
66.249.69.68 - - [20/Aug/2026:12:27:39 +0200] "GET /?n=11265088742 HTTP/1.1" 200 31208 "-" "Mozilla/5.0 (Linux; Android 6.0.1; Nexus 5X Build/MMB29P) AppleWebKit/537.36 (KHTML, like Gecko) Chrome/151.0.7922.137 Mobile Safari/537.36 (compatible; Googlebot/2.1; +http://www.google.com/bot.html)"
66.249.69.70 - - [20/Aug/2026:12:28:02 +0200] "GET /?l=61256266886 HTTP/1.1" 200 31208 "-" "Mozilla/5.0 (Linux; Android 6.0.1; Nexus 5X Build/MMB29P) AppleWebKit/537.36 (KHTML, like Gecko) Chrome/151.0.7922.137 Mobile Safari/537.36 (compatible; Googlebot/2.1; +http://www.google.com/bot.html)"
114.119.137.143 - - [20/Aug/2026:12:28:04 +0200] "GET /?b=84066930404 HTTP/1.1" 200 32237 "https://www.tierrasdelciddesarrollorural.es/sitemap.xml" "Mozilla/5.0 (Linux; Android 7.0;) AppleWebKit/537.36 (HTML, like Gecko) Mobile Safari/537.36 (compatible; PetalBot;+https://webmaster.petalsearch.com/site/petalbot)"
57.141.20.59 - - [20/Aug/2026:12:28:07 +0200] "GET /?h=79672298627 HTTP/1.1" 200 31239 "-" "Mozilla/5.0 (Macintosh; Intel Mac OS X 10_15_7) AppleWebKit/537.36 (KHTML, like Gecko) Chrome/145.0.0.0 Safari/537.36 (compatible; meta-externalagent/1.1 (+https://developers.facebook.com/docs/sharing/webmasters/crawler))"
66.249.69.68 - - [20/Aug/2026:12:28:14 +0200] "GET /wp-content/themes/phox/assets/js/ammap.js?ver=2.2.3 HTTP/1.1" 200 59684 "https://www.tierrasdelciddesarrollorural.es/?j=73627018102" "Mozilla/5.0 (Linux; Android 6.0.1; Nexus 5X Build/MMB29P) AppleWebKit/537.36 (KHTML, like Gecko) Chrome/151.0.7922.137 Mobile Safari/537.36 (compatible; Googlebot/2.1; +http://www.google.com/bot.html)"
57.141.20.8 - - [20/Aug/2026:12:28:17 +0200] "GET /?i=11806507088 HTTP/1.1" 200 31239 "-" "Mozilla/5.0 (Windows NT 10.0; Win64; x64) AppleWebKit/537.36 (KHTML, like Gecko) Chrome/145.0.0.0 Safari/537.36 (compatible; meta-externalagent/1.1 (+https://developers.facebook.com/docs/sharing/webmasters/crawler))"
57.141.20.30 - - [20/Aug/2026:12:28:24 +0200] "GET /?z=63872637700 HTTP/1.1" 200 31239 "-" "Mozilla/5.0 (X11; Linux x86_64) AppleWebKit/537.36 (KHTML, like Gecko) Chrome/145.0.0.0 Safari/537.36 (compatible; meta-externalagent/1.1 (+https://developers.facebook.com/docs/sharing/webmasters/crawler))"
66.249.69.68 - - [20/Aug/2026:12:28:25 +0200] "GET /shop.php?z=56332392742 HTTP/1.1" 200 32673 "-" "Mozilla/5.0 (Linux; Android 6.0.1; Nexus 5X Build/MMB29P) AppleWebKit/537.36 (KHTML, like Gecko) Chrome/151.0.7922.137 Mobile Safari/537.36 (compatible; Googlebot/2.1; +http://www.google.com/bot.html)"
57.141.20.35 - - [20/Aug/2026:12:28:29 +0200] "GET /?e=35800202060 HTTP/1.1" 200 31239 "-" "Mozilla/5.0 (Windows NT 10.0; Win64; x64) AppleWebKit/537.36 (KHTML, like Gecko) Chrome/145.0.0.0 Safari/537.36 (compatible; meta-externalagent/1.1 (+https://developers.facebook.com/docs/sharing/webmasters/crawler))"
66.249.69.68 - - [20/Aug/2026:12:28:37 +0200] "GET /?k=72552010694 HTTP/1.1" 200 31208 "-" "Mozilla/5.0 (Linux; Android 6.0.1; Nexus 5X Build/MMB29P) AppleWebKit/537.36 (KHTML, like Gecko) Chrome/151.0.7922.137 Mobile Safari/537.36 (compatible; Googlebot/2.1; +http://www.google.com/bot.html)"
57.141.20.9 - - [20/Aug/2026:12:28:39 +0200] "GET /?k=52451659932 HTTP/1.1" 200 31239 "-" "Mozilla/5.0 (Windows NT 10.0; Win64; x64) AppleWebKit/537.36 (KHTML, like Gecko) Chrome/145.0.0.0 Safari/537.36 (compatible; meta-externalagent/1.1 (+https://developers.facebook.com/docs/sharing/webmasters/crawler))"
57.141.20.14 - - [20/Aug/2026:12:28:45 +0200] "GET /?a=32681295941 HTTP/1.1" 200 31239 "-" "Mozilla/5.0 (Windows NT 10.0; Win64; x64) AppleWebKit/537.36 (KHTML, like Gecko) Chrome/145.0.0.0 Safari/537.36 (compatible; meta-externalagent/1.1 (+https://developers.facebook.com/docs/sharing/webmasters/crawler))"
57.141.20.65 - - [20/Aug/2026:12:28:46 +0200] "GET /?u=94353039465 HTTP/1.1" 200 31239 "-" "Mozilla/5.0 (Macintosh; Intel Mac OS X 10_15_7) AppleWebKit/537.36 (KHTML, like Gecko) Chrome/145.0.0.0 Safari/537.36 (compatible; meta-externalagent/1.1 (+https://developers.facebook.com/docs/sharing/webmasters/crawler))"
66.249.69.70 - - [20/Aug/2026:12:29:01 +0200] "GET /?d=64592793848 HTTP/1.1" 200 31208 "-" "Mozilla/5.0 (Linux; Android 6.0.1; Nexus 5X Build/MMB29P) AppleWebKit/537.36 (KHTML, like Gecko) Chrome/151.0.7922.137 Mobile Safari/537.36 (compatible; Googlebot/2.1; +http://www.google.com/bot.html)"
114.119.157.24 - - [20/Aug/2026:12:29:30 +0200] "GET /2026/08/10/%d1%96%d0%bd%d1%84%d1%80%d0%b0%d1%81%d1%82%d1%80%d1%83%d0%ba%d1%82%d1%83%d1%80%d0%b0-%d0%bc%d1%96%d1%81%d1%82%d0%b0-%d1%89%d0%be-%d0%b2%d0%b0%d0%b6%d0%bb%d0%b8%d0%b2%d0%be-%d0%b4%d0%bb%d1%8f-%d0%ba/ HTTP/1.1" 200 30832 "https://www.tierrasdelciddesarrollorural.es/2026/08/10/how-to-spot-the-best-casino-promotions-every-week/" "Mozilla/5.0 (Linux; Android 7.0;) AppleWebKit/537.36 (HTML, like Gecko) Mobile Safari/537.36 (compatible; PetalBot;+https://webmaster.petalsearch.com/site/petalbot)"
66.249.76.109 - - [20/Aug/2026:12:29:36 +0200] "GET /?c=22340706255 HTTP/1.1" 200 31208 "-" "Mozilla/5.0 (Linux; Android 6.0.1; Nexus 5X Build/MMB29P) AppleWebKit/537.36 (KHTML, like Gecko) Chrome/151.0.7922.137 Mobile Safari/537.36 (compatible; Googlebot/2.1; +http://www.google.com/bot.html)"
