114.119.155.236 - - [20/Aug/2026:11:44:57 +0200] "GET /2026/03/22/jakie-sa-glowne-cechy-cactus-casino-jako-platformy-2/ HTTP/1.1" 200 30066 "https://www.tierrasdelciddesarrollorural.es/2026/page/33/" "Mozilla/5.0 (Linux; Android 7.0;) AppleWebKit/537.36 (HTML, like Gecko) Mobile Safari/537.36 (compatible; PetalBot;+https://webmaster.petalsearch.com/site/petalbot)"
57.141.20.57 - - [20/Aug/2026:11:45:03 +0200] "GET /?n=12418642517 HTTP/1.1" 200 31239 "-" "Mozilla/5.0 (Windows NT 10.0; Win64; x64) AppleWebKit/537.36 (KHTML, like Gecko) Chrome/145.0.0.0 Safari/537.36 (compatible; meta-externalagent/1.1 (+https://developers.facebook.com/docs/sharing/webmasters/crawler))"
57.141.20.26 - - [20/Aug/2026:11:45:04 +0200] "GET /?n=11469384838 HTTP/1.1" 200 31239 "-" "Mozilla/5.0 (Macintosh; Intel Mac OS X 10_15_7) AppleWebKit/537.36 (KHTML, like Gecko) Chrome/145.0.0.0 Safari/537.36 (compatible; meta-externalagent/1.1 (+https://developers.facebook.com/docs/sharing/webmasters/crawler))"
57.141.8.65 - - [20/Aug/2026:11:45:12 +0200] "GET / HTTP/1.1" 200 31239 "-" "facebookexternalhit/1.1 (+http://www.facebook.com/externalhit_uatext.php)"
66.249.69.69 - - [20/Aug/2026:11:45:35 +0200] "GET /?p=82208484573 HTTP/1.1" 404 85305 "-" "Mozilla/5.0 (Linux; Android 6.0.1; Nexus 5X Build/MMB29P) AppleWebKit/537.36 (KHTML, like Gecko) Chrome/151.0.7922.137 Mobile Safari/537.36 (compatible; Googlebot/2.1; +http://www.google.com/bot.html)"
66.249.69.68 - - [20/Aug/2026:11:45:44 +0200] "GET /shop.php?e=5214802638 HTTP/1.1" 200 33032 "-" "Mozilla/5.0 (Linux; Android 6.0.1; Nexus 5X Build/MMB29P) AppleWebKit/537.36 (KHTML, like Gecko) Chrome/151.0.7922.137 Mobile Safari/537.36 (compatible; Googlebot/2.1; +http://www.google.com/bot.html)"
51.195.244.128 - - [20/Aug/2026:11:45:44 +0200] "GET /sitemap.xml HTTP/1.1" 301 8562 "-" "Mozilla/5.0 (compatible; AhrefsBot/7.0; +http://ahrefs.com/robot/)"
51.195.244.128 - - [20/Aug/2026:11:45:45 +0200] "GET /wp-sitemap.xml HTTP/1.1" 200 7287 "-" "Mozilla/5.0 (compatible; AhrefsBot/7.0; +http://ahrefs.com/robot/)"
57.141.20.21 - - [20/Aug/2026:11:45:50 +0200] "GET /?t=13494200733 HTTP/1.1" 200 31239 "-" "Mozilla/5.0 (Macintosh; Intel Mac OS X 10_15_7) AppleWebKit/537.36 (KHTML, like Gecko) Chrome/145.0.0.0 Safari/537.36 (compatible; meta-externalagent/1.1 (+https://developers.facebook.com/docs/sharing/webmasters/crawler))"
57.141.20.12 - - [20/Aug/2026:11:45:50 +0200] "GET /?u=74558611068 HTTP/1.1" 200 31239 "-" "Mozilla/5.0 (Windows NT 10.0; Win64; x64) AppleWebKit/537.36 (KHTML, like Gecko) Chrome/145.0.0.0 Safari/537.36 (compatible; meta-externalagent/1.1 (+https://developers.facebook.com/docs/sharing/webmasters/crawler))"
57.141.20.71 - - [20/Aug/2026:11:45:51 +0200] "GET /?f=52858176161 HTTP/1.1" 200 31239 "-" "Mozilla/5.0 (X11; Linux x86_64) AppleWebKit/537.36 (KHTML, like Gecko) Chrome/145.0.0.0 Safari/537.36 (compatible; meta-externalagent/1.1 (+https://developers.facebook.com/docs/sharing/webmasters/crawler))"
66.249.69.68 - - [20/Aug/2026:11:45:54 +0200] "GET /?s=62395165920 HTTP/1.1" 200 26531 "-" "Mozilla/5.0 (Linux; Android 6.0.1; Nexus 5X Build/MMB29P) AppleWebKit/537.36 (KHTML, like Gecko) Chrome/151.0.7922.137 Mobile Safari/537.36 (compatible; Googlebot/2.1; +http://www.google.com/bot.html)"
57.141.20.67 - - [20/Aug/2026:11:45:58 +0200] "GET /?a=96718915883 HTTP/1.1" 200 31239 "-" "Mozilla/5.0 (Windows NT 10.0; Win64; x64) AppleWebKit/537.36 (KHTML, like Gecko) Chrome/145.0.0.0 Safari/537.36 (compatible; meta-externalagent/1.1 (+https://developers.facebook.com/docs/sharing/webmasters/crawler))"
66.249.76.108 - - [20/Aug/2026:11:46:16 +0200] "GET /wp-includes/js/jquery/jquery.min.js?ver=3.7.1 HTTP/1.1" 200 35707 "https://www.tierrasdelciddesarrollorural.es/?g=73010021534" "Mozilla/5.0 (Linux; Android 6.0.1; Nexus 5X Build/MMB29P) AppleWebKit/537.36 (KHTML, like Gecko) Chrome/151.0.7922.137 Mobile Safari/537.36 (compatible; Googlebot/2.1; +http://www.google.com/bot.html)"
57.141.4.44 - - [20/Aug/2026:11:46:18 +0200] "GET / HTTP/1.1" 301 5544 "-" "facebookexternalhit/1.1 (+http://www.facebook.com/externalhit_uatext.php)"
57.141.20.42 - - [20/Aug/2026:11:46:42 +0200] "GET /?v=52814381300 HTTP/1.1" 200 31239 "-" "Mozilla/5.0 (Macintosh; Intel Mac OS X 10_15_7) AppleWebKit/537.36 (KHTML, like Gecko) Chrome/145.0.0.0 Safari/537.36 (compatible; meta-externalagent/1.1 (+https://developers.facebook.com/docs/sharing/webmasters/crawler))"
66.249.76.108 - - [20/Aug/2026:11:46:42 +0200] "GET /shop.php?x=6348214050 HTTP/1.1" 200 33245 "-" "Mozilla/5.0 (compatible; Googlebot/2.1; +http://www.google.com/bot.html)"
57.141.20.34 - - [20/Aug/2026:11:46:47 +0200] "GET /?y=83034865993 HTTP/1.1" 200 31239 "-" "Mozilla/5.0 (Macintosh; Intel Mac OS X 10_15_7) AppleWebKit/537.36 (KHTML, like Gecko) Chrome/145.0.0.0 Safari/537.36 (compatible; meta-externalagent/1.1 (+https://developers.facebook.com/docs/sharing/webmasters/crawler))"
66.249.69.68 - - [20/Aug/2026:11:46:52 +0200] "GET /?p=31059343049 HTTP/1.1" 404 85305 "-" "Mozilla/5.0 (Linux; Android 6.0.1; Nexus 5X Build/MMB29P) AppleWebKit/537.36 (KHTML, like Gecko) Chrome/151.0.7922.137 Mobile Safari/537.36 (compatible; Googlebot/2.1; +http://www.google.com/bot.html)"
52.139.3.76 - - [20/Aug/2026:11:47:11 +0200] "GET / HTTP/1.1" 301 6610 "-" "Mozilla/5.0 (X11; Linux x86_64) AppleWebKit/537.36 (KHTML, like Gecko) Chrome/122.0.0.0 Safari/537.36"
66.249.69.69 - - [20/Aug/2026:11:47:10 +0200] "GET /goods.php?t=30010243028405 HTTP/1.1" 200 5110 "-" "Mozilla/5.0 (Linux; Android 6.0.1; Nexus 5X Build/MMB29P) AppleWebKit/537.36 (KHTML, like Gecko) Chrome/151.0.7922.137 Mobile Safari/537.36 (compatible; Googlebot/2.1; +http://www.google.com/bot.html)"
52.139.3.76 - - [20/Aug/2026:11:47:11 +0200] "GET / HTTP/1.1" 200 32305 "-" "Mozilla/5.0 (X11; Linux x86_64) AppleWebKit/537.36 (KHTML, like Gecko) Chrome/122.0.0.0 Safari/537.36"
66.249.69.68 - - [20/Aug/2026:11:47:20 +0200] "GET /goods.php?t=10139685354615 HTTP/1.1" 200 5110 "-" "Mozilla/5.0 (compatible; Googlebot/2.1; +http://www.google.com/bot.html)"
66.249.76.108 - - [20/Aug/2026:11:47:47 +0200] "GET /?f=93541131614 HTTP/1.1" 200 31208 "-" "Mozilla/5.0 (Linux; Android 6.0.1; Nexus 5X Build/MMB29P) AppleWebKit/537.36 (KHTML, like Gecko) Chrome/151.0.7922.137 Mobile Safari/537.36 (compatible; Googlebot/2.1; +http://www.google.com/bot.html)"
57.141.0.2 - - [20/Aug/2026:11:47:54 +0200] "GET / HTTP/1.1" 200 31239 "-" "facebookexternalhit/1.1 (+http://www.facebook.com/externalhit_uatext.php)"
66.249.69.68 - - [20/Aug/2026:11:47:56 +0200] "GET /?o=44186607596 HTTP/1.1" 200 31208 "-" "Mozilla/5.0 (Linux; Android 6.0.1; Nexus 5X Build/MMB29P) AppleWebKit/537.36 (KHTML, like Gecko) Chrome/151.0.7922.137 Mobile Safari/537.36 (compatible; Googlebot/2.1; +http://www.google.com/bot.html)"
66.249.69.70 - - [20/Aug/2026:11:48:06 +0200] "GET /shop.php?b=391661667 HTTP/1.1" 200 32337 "-" "Mozilla/5.0 (compatible; Googlebot/2.1; +http://www.google.com/bot.html)"
52.139.3.76 - - [20/Aug/2026:11:48:08 +0200] "GET / HTTP/1.1" 301 6610 "-" "Mozilla/5.0 (X11; Linux x86_64) AppleWebKit/537.36 (KHTML, like Gecko) Chrome/122.0.0.0 Safari/537.36"
52.139.3.76 - - [20/Aug/2026:11:48:09 +0200] "GET / HTTP/1.1" 200 32305 "-" "Mozilla/5.0 (X11; Linux x86_64) AppleWebKit/537.36 (KHTML, like Gecko) Chrome/122.0.0.0 Safari/537.36"
66.249.69.69 - - [20/Aug/2026:11:48:17 +0200] "GET /?i=13174481536 HTTP/1.1" 200 31208 "-" "Mozilla/5.0 (Linux; Android 6.0.1; Nexus 5X Build/MMB29P) AppleWebKit/537.36 (KHTML, like Gecko) Chrome/151.0.7922.137 Mobile Safari/537.36 (compatible; Googlebot/2.1; +http://www.google.com/bot.html)"
57.141.20.26 - - [20/Aug/2026:11:48:29 +0200] "GET /?y=82766541755 HTTP/1.1" 200 31239 "-" "Mozilla/5.0 (Windows NT 10.0; Win64; x64) AppleWebKit/537.36 (KHTML, like Gecko) Chrome/145.0.0.0 Safari/537.36 (compatible; meta-externalagent/1.1 (+https://developers.facebook.com/docs/sharing/webmasters/crawler))"
57.141.20.20 - - [20/Aug/2026:11:48:33 +0200] "GET /?w=73271331379 HTTP/1.1" 404 85336 "-" "Mozilla/5.0 (X11; Linux x86_64) AppleWebKit/537.36 (KHTML, like Gecko) Chrome/145.0.0.0 Safari/537.36 (compatible; meta-externalagent/1.1 (+https://developers.facebook.com/docs/sharing/webmasters/crawler))"
57.141.20.20 - - [20/Aug/2026:11:48:33 +0200] "GET /?r=41151194223 HTTP/1.1" 200 31239 "-" "Mozilla/5.0 (Windows NT 10.0; Win64; x64) AppleWebKit/537.36 (KHTML, like Gecko) Chrome/145.0.0.0 Safari/537.36 (compatible; meta-externalagent/1.1 (+https://developers.facebook.com/docs/sharing/webmasters/crawler))"
66.249.69.68 - - [20/Aug/2026:11:48:39 +0200] "GET /?k=31429670586 HTTP/1.1" 200 31208 "-" "Mozilla/5.0 (Linux; Android 6.0.1; Nexus 5X Build/MMB29P) AppleWebKit/537.36 (KHTML, like Gecko) Chrome/151.0.7922.137 Mobile Safari/537.36 (compatible; Googlebot/2.1; +http://www.google.com/bot.html)"
57.141.20.29 - - [20/Aug/2026:11:48:47 +0200] "GET /?v=91154980421 HTTP/1.1" 200 31239 "-" "Mozilla/5.0 (Windows NT 10.0; Win64; x64) AppleWebKit/537.36 (KHTML, like Gecko) Chrome/145.0.0.0 Safari/537.36 (compatible; meta-externalagent/1.1 (+https://developers.facebook.com/docs/sharing/webmasters/crawler))"
57.141.16.99 - - [20/Aug/2026:11:48:56 +0200] "GET / HTTP/1.1" 301 5544 "-" "facebookexternalhit/1.1 (+http://www.facebook.com/externalhit_uatext.php)"
114.119.140.107 - - [20/Aug/2026:11:49:00 +0200] "GET /?g=33655064403 HTTP/1.1" 200 32237 "https://www.tierrasdelciddesarrollorural.es/sitemap.xml" "Mozilla/5.0 (Linux; Android 7.0;) AppleWebKit/537.36 (HTML, like Gecko) Mobile Safari/537.36 (compatible; PetalBot;+https://webmaster.petalsearch.com/site/petalbot)"
52.139.3.76 - - [20/Aug/2026:11:49:11 +0200] "GET / HTTP/1.1" 301 6610 "-" "Mozilla/5.0 (X11; Linux x86_64) AppleWebKit/537.36 (KHTML, like Gecko) Chrome/122.0.0.0 Safari/537.36"
52.139.3.76 - - [20/Aug/2026:11:49:11 +0200] "GET / HTTP/1.1" 200 32305 "-" "Mozilla/5.0 (X11; Linux x86_64) AppleWebKit/537.36 (KHTML, like Gecko) Chrome/122.0.0.0 Safari/537.36"
57.141.20.71 - - [20/Aug/2026:11:49:13 +0200] "GET /?g=18902781765 HTTP/1.1" 200 31239 "-" "Mozilla/5.0 (Macintosh; Intel Mac OS X 10_15_7) AppleWebKit/537.36 (KHTML, like Gecko) Chrome/145.0.0.0 Safari/537.36 (compatible; meta-externalagent/1.1 (+https://developers.facebook.com/docs/sharing/webmasters/crawler))"
57.141.20.55 - - [20/Aug/2026:11:49:14 +0200] "GET /?o=14558663565 HTTP/1.1" 200 31239 "-" "Mozilla/5.0 (Windows NT 10.0; Win64; x64) AppleWebKit/537.36 (KHTML, like Gecko) Chrome/145.0.0.0 Safari/537.36 (compatible; meta-externalagent/1.1 (+https://developers.facebook.com/docs/sharing/webmasters/crawler))"
66.249.69.68 - - [20/Aug/2026:11:49:18 +0200] "GET /?l=21722075286 HTTP/1.1" 200 31208 "-" "Mozilla/5.0 (Linux; Android 6.0.1; Nexus 5X Build/MMB29P) AppleWebKit/537.36 (KHTML, like Gecko) Chrome/151.0.7922.137 Mobile Safari/537.36 (compatible; Googlebot/2.1; +http://www.google.com/bot.html)"
52.139.3.76 - - [20/Aug/2026:11:49:26 +0200] "GET / HTTP/1.1" 301 6610 "-" "Mozilla/5.0 (X11; Linux x86_64) AppleWebKit/537.36 (KHTML, like Gecko) Chrome/122.0.0.0 Safari/537.36"
52.139.3.76 - - [20/Aug/2026:11:49:26 +0200] "GET / HTTP/1.1" 200 32305 "-" "Mozilla/5.0 (X11; Linux x86_64) AppleWebKit/537.36 (KHTML, like Gecko) Chrome/122.0.0.0 Safari/537.36"
66.249.69.68 - - [20/Aug/2026:11:49:37 +0200] "GET /?x=63931400223 HTTP/1.1" 200 31208 "-" "Mozilla/5.0 (Linux; Android 6.0.1; Nexus 5X Build/MMB29P) AppleWebKit/537.36 (KHTML, like Gecko) Chrome/151.0.7922.137 Mobile Safari/537.36 (compatible; Googlebot/2.1; +http://www.google.com/bot.html)"
198.244.226.109 - - [20/Aug/2026:11:49:41 +0200] "GET /quienes-somos/ HTTP/1.1" 200 27327 "-" "Mozilla/5.0 (compatible; AhrefsBot/7.0; +http://ahrefs.com/robot/)"
66.249.76.108 - - [20/Aug/2026:11:49:47 +0200] "GET /shop.php?y=4457705671 HTTP/1.1" 200 33363 "-" "Mozilla/5.0 (compatible; Googlebot/2.1; +http://www.google.com/bot.html)"
57.141.20.12 - - [20/Aug/2026:11:49:48 +0200] "GET /?u=14609220093 HTTP/1.1" 200 31239 "-" "Mozilla/5.0 (Macintosh; Intel Mac OS X 10_15_7) AppleWebKit/537.36 (KHTML, like Gecko) Chrome/145.0.0.0 Safari/537.36 Edg/145.0.0.0 (compatible; meta-externalagent/1.1 (+https://developers.facebook.com/docs/sharing/webmasters/crawler))"
66.249.69.68 - - [20/Aug/2026:11:49:58 +0200] "GET /?v=62251295956 HTTP/1.1" 200 31208 "-" "Mozilla/5.0 (Linux; Android 6.0.1; Nexus 5X Build/MMB29P) AppleWebKit/537.36 (KHTML, like Gecko) Chrome/151.0.7922.137 Mobile Safari/537.36 (compatible; Googlebot/2.1; +http://www.google.com/bot.html)"
66.249.69.68 - - [20/Aug/2026:11:50:09 +0200] "GET /?x=41621344445 HTTP/1.1" 200 31208 "-" "Mozilla/5.0 (Linux; Android 6.0.1; Nexus 5X Build/MMB29P) AppleWebKit/537.36 (KHTML, like Gecko) Chrome/151.0.7922.137 Mobile Safari/537.36 (compatible; Googlebot/2.1; +http://www.google.com/bot.html)"
66.249.69.68 - - [20/Aug/2026:11:50:22 +0200] "GET /goods.php?t=61416712563374 HTTP/1.1" 200 5110 "-" "Mozilla/5.0 (compatible; Googlebot/2.1; +http://www.google.com/bot.html)"
185.191.171.2 - - [20/Aug/2026:11:50:24 +0200] "GET /category/computers-games/page/13/ HTTP/1.1" 200 33703 "-" "Mozilla/5.0 (compatible; SemrushBot/7~bl; +http://www.semrush.com/bot.html)"
66.249.69.68 - - [20/Aug/2026:11:50:34 +0200] "GET /?i=31695876476 HTTP/1.1" 200 31208 "-" "Mozilla/5.0 (Linux; Android 6.0.1; Nexus 5X Build/MMB29P) AppleWebKit/537.36 (KHTML, like Gecko) Chrome/151.0.7922.137 Mobile Safari/537.36 (compatible; Googlebot/2.1; +http://www.google.com/bot.html)"
57.141.14.111 - - [20/Aug/2026:11:50:35 +0200] "GET / HTTP/1.1" 200 31239 "-" "facebookexternalhit/1.1 (+http://www.facebook.com/externalhit_uatext.php)"
66.249.76.108 - - [20/Aug/2026:11:50:58 +0200] "GET /?n=63673103911 HTTP/1.1" 200 31208 "-" "Mozilla/5.0 (Linux; Android 6.0.1; Nexus 5X Build/MMB29P) AppleWebKit/537.36 (KHTML, like Gecko) Chrome/151.0.7922.137 Mobile Safari/537.36 (compatible; Googlebot/2.1; +http://www.google.com/bot.html)"
52.139.3.76 - - [20/Aug/2026:11:51:08 +0200] "GET / HTTP/1.1" 301 6610 "-" "Mozilla/5.0 (X11; Linux x86_64) AppleWebKit/537.36 (KHTML, like Gecko) Chrome/122.0.0.0 Safari/537.36"
52.139.3.76 - - [20/Aug/2026:11:51:09 +0200] "GET / HTTP/1.1" 200 32305 "-" "Mozilla/5.0 (X11; Linux x86_64) AppleWebKit/537.36 (KHTML, like Gecko) Chrome/122.0.0.0 Safari/537.36"
66.249.69.68 - - [20/Aug/2026:11:51:10 +0200] "GET /shop.php?b=7157366350 HTTP/1.1" 200 32409 "-" "Mozilla/5.0 (Linux; Android 6.0.1; Nexus 5X Build/MMB29P) AppleWebKit/537.36 (KHTML, like Gecko) Chrome/151.0.7922.137 Mobile Safari/537.36 (compatible; Googlebot/2.1; +http://www.google.com/bot.html)"
66.249.76.109 - - [20/Aug/2026:11:51:22 +0200] "GET /?j=84559172239 HTTP/1.1" 200 31208 "-" "Mozilla/5.0 (Linux; Android 6.0.1; Nexus 5X Build/MMB29P) AppleWebKit/537.36 (KHTML, like Gecko) Chrome/151.0.7922.137 Mobile Safari/537.36 (compatible; Googlebot/2.1; +http://www.google.com/bot.html)"
66.249.69.68 - - [20/Aug/2026:11:51:45 +0200] "GET /?k=53932236334 HTTP/1.1" 200 31208 "-" "Mozilla/5.0 (Linux; Android 6.0.1; Nexus 5X Build/MMB29P) AppleWebKit/537.36 (KHTML, like Gecko) Chrome/151.0.7922.137 Mobile Safari/537.36 (compatible; Googlebot/2.1; +http://www.google.com/bot.html)"
66.249.76.108 - - [20/Aug/2026:11:51:57 +0200] "GET /wp-includes/js/jquery/jquery.min.js?ver=3.7.1 HTTP/1.1" 200 35707 "https://www.tierrasdelciddesarrollorural.es/?l=43949927763" "Mozilla/5.0 (Linux; Android 6.0.1; Nexus 5X Build/MMB29P) AppleWebKit/537.36 (KHTML, like Gecko) Chrome/151.0.7922.137 Mobile Safari/537.36 (compatible; Googlebot/2.1; +http://www.google.com/bot.html)"
66.249.76.108 - - [20/Aug/2026:11:52:17 +0200] "GET /?l=24303321676 HTTP/1.1" 200 31208 "-" "Mozilla/5.0 (Linux; Android 6.0.1; Nexus 5X Build/MMB29P) AppleWebKit/537.36 (KHTML, like Gecko) Chrome/151.0.7922.137 Mobile Safari/537.36 (compatible; Googlebot/2.1; +http://www.google.com/bot.html)"
57.141.20.33 - - [20/Aug/2026:11:52:23 +0200] "GET /?v=38454173536 HTTP/1.1" 200 31239 "-" "Mozilla/5.0 (Windows NT 10.0; Win64; x64) AppleWebKit/537.36 (KHTML, like Gecko) Chrome/145.0.0.0 Safari/537.36 (compatible; meta-externalagent/1.1 (+https://developers.facebook.com/docs/sharing/webmasters/crawler))"
57.141.20.59 - - [20/Aug/2026:11:52:25 +0200] "GET /?o=23061456664 HTTP/1.1" 200 31239 "-" "Mozilla/5.0 (Windows NT 10.0; Win64; x64) AppleWebKit/537.36 (KHTML, like Gecko) Chrome/145.0.0.0 Safari/537.36 (compatible; meta-externalagent/1.1 (+https://developers.facebook.com/docs/sharing/webmasters/crawler))"
66.249.76.108 - - [20/Aug/2026:11:52:36 +0200] "GET /?a=31952878938 HTTP/1.1" 200 31208 "-" "Mozilla/5.0 (Linux; Android 6.0.1; Nexus 5X Build/MMB29P) AppleWebKit/537.36 (KHTML, like Gecko) Chrome/151.0.7922.137 Mobile Safari/537.36 (compatible; Googlebot/2.1; +http://www.google.com/bot.html)"
185.191.171.19 - - [20/Aug/2026:11:52:43 +0200] "GET /category/computers-games/page/12/ HTTP/1.1" 200 33771 "-" "Mozilla/5.0 (compatible; SemrushBot/7~bl; +http://www.semrush.com/bot.html)"
66.249.76.108 - - [20/Aug/2026:11:52:46 +0200] "GET /shop.php?w=7639137226 HTTP/1.1" 200 32602 "-" "Mozilla/5.0 (compatible; Googlebot/2.1; +http://www.google.com/bot.html)"
57.141.20.3 - - [20/Aug/2026:11:52:55 +0200] "GET /?z=14239254671 HTTP/1.1" 200 31239 "-" "Mozilla/5.0 (Windows NT 10.0; Win64; x64) AppleWebKit/537.36 (KHTML, like Gecko) Chrome/145.0.0.0 Safari/537.36 (compatible; meta-externalagent/1.1 (+https://developers.facebook.com/docs/sharing/webmasters/crawler))"
66.249.69.68 - - [20/Aug/2026:11:52:57 +0200] "GET /?t=91222613027 HTTP/1.1" 200 31208 "-" "Mozilla/5.0 (Linux; Android 6.0.1; Nexus 5X Build/MMB29P) AppleWebKit/537.36 (KHTML, like Gecko) Chrome/151.0.7922.137 Mobile Safari/537.36 (compatible; Googlebot/2.1; +http://www.google.com/bot.html)"
66.249.69.69 - - [20/Aug/2026:11:53:08 +0200] "GET /wp-content/themes/phox/assets/js/custom-script.js?ver=2.2.3 HTTP/1.1" 200 7833 "https://www.tierrasdelciddesarrollorural.es/?t=91222613027" "Mozilla/5.0 (Linux; Android 6.0.1; Nexus 5X Build/MMB29P) AppleWebKit/537.36 (KHTML, like Gecko) Chrome/151.0.7922.137 Mobile Safari/537.36 (compatible; Googlebot/2.1; +http://www.google.com/bot.html)"
66.249.76.109 - - [20/Aug/2026:11:53:18 +0200] "GET /?w=62897828544 HTTP/1.1" 404 85305 "-" "Mozilla/5.0 (Linux; Android 6.0.1; Nexus 5X Build/MMB29P) AppleWebKit/537.36 (KHTML, like Gecko) Chrome/151.0.7922.137 Mobile Safari/537.36 (compatible; Googlebot/2.1; +http://www.google.com/bot.html)"
57.141.20.33 - - [20/Aug/2026:11:53:19 +0200] "GET / HTTP/1.1" 200 31239 "-" "facebookexternalhit/1.1 (+http://www.facebook.com/externalhit_uatext.php)"
57.141.20.4 - - [20/Aug/2026:11:53:21 +0200] "GET /?o=13442088163 HTTP/1.1" 200 31239 "-" "Mozilla/5.0 (Macintosh; Intel Mac OS X 10_15_7) AppleWebKit/537.36 (KHTML, like Gecko) Chrome/145.0.0.0 Safari/537.36 (compatible; meta-externalagent/1.1 (+https://developers.facebook.com/docs/sharing/webmasters/crawler))"
57.141.20.29 - - [20/Aug/2026:11:53:22 +0200] "GET /?s=54509642711 HTTP/1.1" 200 26561 "-" "Mozilla/5.0 (Macintosh; Intel Mac OS X 10_15_7) AppleWebKit/537.36 (KHTML, like Gecko) Chrome/145.0.0.0 Safari/537.36 (compatible; meta-externalagent/1.1 (+https://developers.facebook.com/docs/sharing/webmasters/crawler))"
66.249.69.68 - - [20/Aug/2026:11:53:28 +0200] "GET /shop.php?e=5692876405 HTTP/1.1" 200 33121 "-" "Mozilla/5.0 (compatible; Googlebot/2.1; +http://www.google.com/bot.html)"
52.139.3.76 - - [20/Aug/2026:11:53:39 +0200] "GET / HTTP/1.1" 301 6610 "-" "Mozilla/5.0 (X11; Linux x86_64) AppleWebKit/537.36 (KHTML, like Gecko) Chrome/122.0.0.0 Safari/537.36"
52.139.3.76 - - [20/Aug/2026:11:53:39 +0200] "GET / HTTP/1.1" 200 32305 "-" "Mozilla/5.0 (X11; Linux x86_64) AppleWebKit/537.36 (KHTML, like Gecko) Chrome/122.0.0.0 Safari/537.36"
66.249.76.108 - - [20/Aug/2026:11:53:40 +0200] "GET /?n=62044305952 HTTP/1.1" 200 31208 "-" "Mozilla/5.0 (Linux; Android 6.0.1; Nexus 5X Build/MMB29P) AppleWebKit/537.36 (KHTML, like Gecko) Chrome/151.0.7922.137 Mobile Safari/537.36 (compatible; Googlebot/2.1; +http://www.google.com/bot.html)"
57.141.20.6 - - [20/Aug/2026:11:53:43 +0200] "GET /?f=54194348991 HTTP/1.1" 200 31239 "-" "Mozilla/5.0 (Windows NT 10.0; Win64; x64) AppleWebKit/537.36 (KHTML, like Gecko) Chrome/145.0.0.0 Safari/537.36 (compatible; meta-externalagent/1.1 (+https://developers.facebook.com/docs/sharing/webmasters/crawler))"
66.249.69.68 - - [20/Aug/2026:11:53:51 +0200] "GET /?g=83703686402 HTTP/1.1" 200 31208 "-" "Mozilla/5.0 (Linux; Android 6.0.1; Nexus 5X Build/MMB29P) AppleWebKit/537.36 (KHTML, like Gecko) Chrome/151.0.7922.137 Mobile Safari/537.36 (compatible; Googlebot/2.1; +http://www.google.com/bot.html)"
57.141.20.57 - - [20/Aug/2026:11:53:59 +0200] "GET /?a=73019586874 HTTP/1.1" 200 31239 "-" "Mozilla/5.0 (Windows NT 10.0; Win64; x64) AppleWebKit/537.36 (KHTML, like Gecko) Chrome/145.0.0.0 Safari/537.36 (compatible; meta-externalagent/1.1 (+https://developers.facebook.com/docs/sharing/webmasters/crawler))"
66.249.69.70 - - [20/Aug/2026:11:54:04 +0200] "GET /wp-content/themes/phox/assets/js/custom-script.js?ver=2.2.3 HTTP/1.1" 200 7833 "https://www.tierrasdelciddesarrollorural.es/?g=83703686402" "Mozilla/5.0 (Linux; Android 6.0.1; Nexus 5X Build/MMB29P) AppleWebKit/537.36 (KHTML, like Gecko) Chrome/151.0.7922.137 Mobile Safari/537.36 (compatible; Googlebot/2.1; +http://www.google.com/bot.html)"
66.249.69.68 - - [20/Aug/2026:11:54:15 +0200] "GET /?t=23255141244 HTTP/1.1" 200 31208 "-" "Mozilla/5.0 (Linux; Android 6.0.1; Nexus 5X Build/MMB29P) AppleWebKit/537.36 (KHTML, like Gecko) Chrome/151.0.7922.137 Mobile Safari/537.36 (compatible; Googlebot/2.1; +http://www.google.com/bot.html)"
66.249.69.68 - - [20/Aug/2026:11:54:28 +0200] "GET /goods.php?t=37908206041955 HTTP/1.1" 200 5110 "-" "Mozilla/5.0 (compatible; Googlebot/2.1; +http://www.google.com/bot.html)"
57.141.12.48 - - [20/Aug/2026:11:54:38 +0200] "GET / HTTP/1.1" 301 5544 "-" "facebookexternalhit/1.1 (+http://www.facebook.com/externalhit_uatext.php)"
66.249.69.68 - - [20/Aug/2026:11:54:40 +0200] "GET /?k=33980464285 HTTP/1.1" 200 31208 "-" "Mozilla/5.0 (Linux; Android 6.0.1; Nexus 5X Build/MMB29P) AppleWebKit/537.36 (KHTML, like Gecko) Chrome/151.0.7922.137 Mobile Safari/537.36 (compatible; Googlebot/2.1; +http://www.google.com/bot.html)"
57.141.20.64 - - [20/Aug/2026:11:54:40 +0200] "GET /?k=32303445146 HTTP/1.1" 200 31239 "-" "Mozilla/5.0 (Windows NT 10.0; Win64; x64) AppleWebKit/537.36 (KHTML, like Gecko) Chrome/145.0.0.0 Safari/537.36 (compatible; meta-externalagent/1.1 (+https://developers.facebook.com/docs/sharing/webmasters/crawler))"
57.141.20.69 - - [20/Aug/2026:11:54:42 +0200] "GET /?g=23210490544 HTTP/1.1" 200 31239 "-" "Mozilla/5.0 (Windows NT 10.0; Win64; x64) AppleWebKit/537.36 (KHTML, like Gecko) Chrome/145.0.0.0 Safari/537.36 (compatible; meta-externalagent/1.1 (+https://developers.facebook.com/docs/sharing/webmasters/crawler))"
57.141.20.47 - - [20/Aug/2026:11:54:47 +0200] "GET /?b=51418421437 HTTP/1.1" 200 31239 "-" "Mozilla/5.0 (Windows NT 10.0; Win64; x64) AppleWebKit/537.36 (KHTML, like Gecko) Chrome/145.0.0.0 Safari/537.36 (compatible; meta-externalagent/1.1 (+https://developers.facebook.com/docs/sharing/webmasters/crawler))"
66.249.76.108 - - [20/Aug/2026:11:54:53 +0200] "GET /shop.php?w=6954996777 HTTP/1.1" 200 32909 "-" "Mozilla/5.0 (compatible; Googlebot/2.1; +http://www.google.com/bot.html)"
57.141.20.8 - - [20/Aug/2026:11:55:16 +0200] "GET /?p=41992100815 HTTP/1.1" 404 85336 "-" "Mozilla/5.0 (Windows NT 10.0; Win64; x64) AppleWebKit/537.36 (KHTML, like Gecko) Chrome/145.0.0.0 Safari/537.36 (compatible; meta-externalagent/1.1 (+https://developers.facebook.com/docs/sharing/webmasters/crawler))"
66.249.69.68 - - [20/Aug/2026:11:55:16 +0200] "GET /%22https://ic4-a.wowma.net/mis/w/640/h/3072/q/90/image.wowma.jp/43991905/sstimg/pru-6032135_14.jpg/%22 HTTP/1.1" 301 8783 "-" "Googlebot-Image/1.0"
66.249.76.109 - - [20/Aug/2026:11:55:28 +0200] "GET /goods.php?t=18803804073581 HTTP/1.1" 200 5110 "-" "Mozilla/5.0 (Linux; Android 6.0.1; Nexus 5X Build/MMB29P) AppleWebKit/537.36 (KHTML, like Gecko) Chrome/151.0.7922.137 Mobile Safari/537.36 (compatible; Googlebot/2.1; +http://www.google.com/bot.html)"
57.141.20.18 - - [20/Aug/2026:11:55:28 +0200] "GET /?i=40861328201 HTTP/1.1" 200 31239 "-" "Mozilla/5.0 (X11; Linux x86_64) AppleWebKit/537.36 (KHTML, like Gecko) Chrome/145.0.0.0 Safari/537.36 (compatible; meta-externalagent/1.1 (+https://developers.facebook.com/docs/sharing/webmasters/crawler))"
57.141.2.69 - - [20/Aug/2026:11:55:38 +0200] "GET / HTTP/1.1" 301 5544 "-" "facebookexternalhit/1.1 (+http://www.facebook.com/externalhit_uatext.php)"
57.141.20.33 - - [20/Aug/2026:11:55:38 +0200] "GET /?o=91007689358 HTTP/1.1" 200 31239 "-" "Mozilla/5.0 (Windows NT 10.0; Win64; x64) AppleWebKit/537.36 (KHTML, like Gecko) Chrome/145.0.0.0 Safari/537.36 (compatible; meta-externalagent/1.1 (+https://developers.facebook.com/docs/sharing/webmasters/crawler))"
66.249.76.108 - - [20/Aug/2026:11:55:39 +0200] "GET /?n=54147969734 HTTP/1.1" 200 31208 "-" "Mozilla/5.0 (Linux; Android 6.0.1; Nexus 5X Build/MMB29P) AppleWebKit/537.36 (KHTML, like Gecko) Chrome/151.0.7922.137 Mobile Safari/537.36 (compatible; Googlebot/2.1; +http://www.google.com/bot.html)"
66.249.69.68 - - [20/Aug/2026:11:55:51 +0200] "GET /wp-content/themes/phox/assets/js/custom-script.js?ver=2.2.3 HTTP/1.1" 200 7833 "https://www.tierrasdelciddesarrollorural.es/?u=62870112877" "Mozilla/5.0 (Linux; Android 6.0.1; Nexus 5X Build/MMB29P) AppleWebKit/537.36 (KHTML, like Gecko) Chrome/151.0.7922.137 Mobile Safari/537.36 (compatible; Googlebot/2.1; +http://www.google.com/bot.html)"
57.141.20.27 - - [20/Aug/2026:11:55:51 +0200] "GET /?e=64149990670 HTTP/1.1" 200 31239 "-" "Mozilla/5.0 (Macintosh; Intel Mac OS X 10_15_7) AppleWebKit/537.36 (KHTML, like Gecko) Chrome/145.0.0.0 Safari/537.36 (compatible; meta-externalagent/1.1 (+https://developers.facebook.com/docs/sharing/webmasters/crawler))"
57.141.10.7 - - [20/Aug/2026:11:56:06 +0200] "GET / HTTP/1.1" 200 31239 "-" "facebookexternalhit/1.1 (+http://www.facebook.com/externalhit_uatext.php)"
66.249.69.70 - - [20/Aug/2026:11:56:10 +0200] "GET /shop.php?y=7741049450 HTTP/1.1" 200 32198 "-" "Mozilla/5.0 (Linux; Android 6.0.1; Nexus 5X Build/MMB29P) AppleWebKit/537.36 (KHTML, like Gecko) Chrome/151.0.7922.137 Mobile Safari/537.36 (compatible; Googlebot/2.1; +http://www.google.com/bot.html)"
66.249.69.68 - - [20/Aug/2026:11:56:21 +0200] "GET /?d=32336029384 HTTP/1.1" 200 31208 "-" "Mozilla/5.0 (Linux; Android 6.0.1; Nexus 5X Build/MMB29P) AppleWebKit/537.36 (KHTML, like Gecko) Chrome/151.0.7922.137 Mobile Safari/537.36 (compatible; Googlebot/2.1; +http://www.google.com/bot.html)"
66.249.69.68 - - [20/Aug/2026:11:56:32 +0200] "GET /?g=23596787262 HTTP/1.1" 200 31208 "-" "Mozilla/5.0 (Linux; Android 6.0.1; Nexus 5X Build/MMB29P) AppleWebKit/537.36 (KHTML, like Gecko) Chrome/151.0.7922.137 Mobile Safari/537.36 (compatible; Googlebot/2.1; +http://www.google.com/bot.html)"
57.141.20.12 - - [20/Aug/2026:11:56:40 +0200] "GET /?o=24613755784 HTTP/1.1" 200 31239 "-" "Mozilla/5.0 (Windows NT 10.0; Win64; x64) AppleWebKit/537.36 (KHTML, like Gecko) Chrome/145.0.0.0 Safari/537.36 (compatible; meta-externalagent/1.1 (+https://developers.facebook.com/docs/sharing/webmasters/crawler))"
57.141.6.68 - - [20/Aug/2026:11:56:45 +0200] "GET / HTTP/1.1" 301 5544 "-" "facebookexternalhit/1.1 (+http://www.facebook.com/externalhit_uatext.php)"
66.249.69.68 - - [20/Aug/2026:11:56:55 +0200] "GET /goods.php?t=40608099983370 HTTP/1.1" 200 5110 "-" "Mozilla/5.0 (Linux; Android 6.0.1; Nexus 5X Build/MMB29P) AppleWebKit/537.36 (KHTML, like Gecko) Chrome/151.0.7922.137 Mobile Safari/537.36 (compatible; Googlebot/2.1; +http://www.google.com/bot.html)"
57.141.20.59 - - [20/Aug/2026:11:57:00 +0200] "GET /?m=54295868535 HTTP/1.1" 404 85336 "-" "Mozilla/5.0 (Windows NT 10.0; Win64; x64) AppleWebKit/537.36 (KHTML, like Gecko) Chrome/145.0.0.0 Safari/537.36 (compatible; meta-externalagent/1.1 (+https://developers.facebook.com/docs/sharing/webmasters/crawler))"
66.249.69.70 - - [20/Aug/2026:11:57:06 +0200] "GET /goods.php?t=3422328004660 HTTP/1.1" 200 5110 "-" "Mozilla/5.0 (Linux; Android 6.0.1; Nexus 5X Build/MMB29P) AppleWebKit/537.36 (KHTML, like Gecko) Chrome/151.0.7922.137 Mobile Safari/537.36 (compatible; Googlebot/2.1; +http://www.google.com/bot.html)"
220.196.160.40 - - [20/Aug/2026:11:57:11 +0200] "GET /?p=249 HTTP/1.1" 301 8707 "-" "Mozilla/5.0 (X11; Linux x86_64) AppleWebKit/537.36 (KHTML, like Gecko) Chrome/122.0.0.0 Safari/537.36"
220.196.160.40 - - [20/Aug/2026:11:57:13 +0200] "GET /leader/ HTTP/1.1" 200 22390 "-" "Mozilla/5.0 (X11; Linux x86_64) AppleWebKit/537.36 (KHTML, like Gecko) Chrome/122.0.0.0 Safari/537.36"
57.141.20.53 - - [20/Aug/2026:11:57:15 +0200] "GET /?r=22235328776 HTTP/1.1" 200 31239 "-" "Mozilla/5.0 (Windows NT 10.0; Win64; x64) AppleWebKit/537.36 (KHTML, like Gecko) Chrome/145.0.0.0 Safari/537.36 (compatible; meta-externalagent/1.1 (+https://developers.facebook.com/docs/sharing/webmasters/crawler))"
66.249.69.68 - - [20/Aug/2026:11:57:17 +0200] "GET /?v=91286668674 HTTP/1.1" 200 31208 "-" "Mozilla/5.0 (Linux; Android 6.0.1; Nexus 5X Build/MMB29P) AppleWebKit/537.36 (KHTML, like Gecko) Chrome/151.0.7922.137 Mobile Safari/537.36 (compatible; Googlebot/2.1; +http://www.google.com/bot.html)"
66.249.69.68 - - [20/Aug/2026:11:57:29 +0200] "GET /%22https:/ic4-a.wowma.net/mis/w/640/h/3072/q/90/image.wowma.jp/43991905/sstimg/pru-6032135_14.jpg/ HTTP/1.1" 404 85305 "-" "Googlebot-Image/1.0"
213.165.70.185 - - [20/Aug/2026:11:57:53 +0200] "POST /wp-cron.php?doing_wp_cron=1787219872.9869620800018310546875 HTTP/1.1" 200 6263 "-" "WordPress/6.9.7; https://www.tierrasdelciddesarrollorural.es"
57.141.20.69 - - [20/Aug/2026:11:57:52 +0200] "GET /?p=61108466196 HTTP/1.1" 404 85336 "-" "Mozilla/5.0 (Windows NT 10.0; Win64; x64) AppleWebKit/537.36 (KHTML, like Gecko) Chrome/145.0.0.0 Safari/537.36 (compatible; meta-externalagent/1.1 (+https://developers.facebook.com/docs/sharing/webmasters/crawler))"
66.249.69.68 - - [20/Aug/2026:11:57:53 +0200] "GET /?q=71472235860 HTTP/1.1" 200 31208 "-" "Mozilla/5.0 (Linux; Android 6.0.1; Nexus 5X Build/MMB29P) AppleWebKit/537.36 (KHTML, like Gecko) Chrome/151.0.7922.137 Mobile Safari/537.36 (compatible; Googlebot/2.1; +http://www.google.com/bot.html)"
57.141.20.38 - - [20/Aug/2026:11:58:02 +0200] "GET /?w=18922295124 HTTP/1.1" 404 85336 "-" "Mozilla/5.0 (X11; Linux x86_64; rv:146.0) Gecko/20100101 Firefox/146.0 (compatible; meta-externalagent/1.1 (+https://developers.facebook.com/docs/sharing/webmasters/crawler))"
66.249.69.68 - - [20/Aug/2026:11:58:05 +0200] "GET /shop.php?j=6623562580 HTTP/1.1" 200 33216 "-" "Mozilla/5.0 (compatible; Googlebot/2.1; +http://www.google.com/bot.html)"
57.141.20.31 - - [20/Aug/2026:11:58:13 +0200] "GET /?o=52711244082 HTTP/1.1" 200 31239 "-" "Mozilla/5.0 (Macintosh; Intel Mac OS X 10_15_7) AppleWebKit/537.36 (KHTML, like Gecko) Chrome/145.0.0.0 Safari/537.36 (compatible; meta-externalagent/1.1 (+https://developers.facebook.com/docs/sharing/webmasters/crawler))"
66.249.69.69 - - [20/Aug/2026:11:58:17 +0200] "GET /wp-content/themes/phox/assets/js/custom-script.js?ver=2.2.3 HTTP/1.1" 200 7833 "https://www.tierrasdelciddesarrollorural.es/?h=34673443374" "Mozilla/5.0 (Linux; Android 6.0.1; Nexus 5X Build/MMB29P) AppleWebKit/537.36 (KHTML, like Gecko) Chrome/151.0.7922.137 Mobile Safari/537.36 (compatible; Googlebot/2.1; +http://www.google.com/bot.html)"
57.141.20.14 - - [20/Aug/2026:11:58:20 +0200] "GET /?c=12010965888 HTTP/1.1" 200 31239 "-" "Mozilla/5.0 (Windows NT 10.0; Win64; x64) AppleWebKit/537.36 (KHTML, like Gecko) Chrome/145.0.0.0 Safari/537.36 (compatible; meta-externalagent/1.1 (+https://developers.facebook.com/docs/sharing/webmasters/crawler))"
66.249.69.68 - - [20/Aug/2026:11:58:39 +0200] "GET /?o=22291147164 HTTP/1.1" 200 31208 "-" "Mozilla/5.0 (Linux; Android 6.0.1; Nexus 5X Build/MMB29P) AppleWebKit/537.36 (KHTML, like Gecko) Chrome/151.0.7922.137 Mobile Safari/537.36 (compatible; Googlebot/2.1; +http://www.google.com/bot.html)"
57.141.22.6 - - [20/Aug/2026:11:58:47 +0200] "GET / HTTP/1.1" 200 31239 "-" "facebookexternalhit/1.1 (+http://www.facebook.com/externalhit_uatext.php)"
66.249.69.68 - - [20/Aug/2026:11:58:51 +0200] "GET /shop.php?y=47431607027 HTTP/1.1" 200 34445 "-" "Mozilla/5.0 (Linux; Android 6.0.1; Nexus 5X Build/MMB29P) AppleWebKit/537.36 (KHTML, like Gecko) Chrome/151.0.7922.137 Mobile Safari/537.36 (compatible; Googlebot/2.1; +http://www.google.com/bot.html)"
57.141.20.6 - - [20/Aug/2026:11:58:55 +0200] "GET /?f=21395053585 HTTP/1.1" 200 31239 "-" "Mozilla/5.0 (Windows NT 10.0; Win64; x64) AppleWebKit/537.36 (KHTML, like Gecko) Chrome/145.0.0.0 Safari/537.36 (compatible; meta-externalagent/1.1 (+https://developers.facebook.com/docs/sharing/webmasters/crawler))"
66.249.69.69 - - [20/Aug/2026:11:59:02 +0200] "GET /shop.php?r=37460579454 HTTP/1.1" 200 33484 "-" "Mozilla/5.0 (Linux; Android 6.0.1; Nexus 5X Build/MMB29P) AppleWebKit/537.36 (KHTML, like Gecko) Chrome/151.0.7922.137 Mobile Safari/537.36 (compatible; Googlebot/2.1; +http://www.google.com/bot.html)"
57.141.20.45 - - [20/Aug/2026:11:59:12 +0200] "GET /?c=44670718608 HTTP/1.1" 200 31239 "-" "Mozilla/5.0 (Windows NT 10.0; Win64; x64) AppleWebKit/537.36 (KHTML, like Gecko) Chrome/145.0.0.0 Safari/537.36 (compatible; meta-externalagent/1.1 (+https://developers.facebook.com/docs/sharing/webmasters/crawler))"
66.249.69.69 - - [20/Aug/2026:11:59:14 +0200] "GET /?e=14930287397 HTTP/1.1" 200 31208 "-" "Mozilla/5.0 (Linux; Android 6.0.1; Nexus 5X Build/MMB29P) AppleWebKit/537.36 (KHTML, like Gecko) Chrome/151.0.7922.137 Mobile Safari/537.36 (compatible; Googlebot/2.1; +http://www.google.com/bot.html)"
57.141.20.32 - - [20/Aug/2026:11:59:19 +0200] "GET /?a=33308529978 HTTP/1.1" 200 31239 "-" "Mozilla/5.0 (Windows NT 10.0; Win64; x64) AppleWebKit/537.36 (KHTML, like Gecko) Chrome/145.0.0.0 Safari/537.36 (compatible; meta-externalagent/1.1 (+https://developers.facebook.com/docs/sharing/webmasters/crawler))"
57.141.24.28 - - [20/Aug/2026:11:59:21 +0200] "GET / HTTP/1.1" 301 5544 "-" "facebookexternalhit/1.1 (+http://www.facebook.com/externalhit_uatext.php)"
52.139.3.76 - - [20/Aug/2026:11:59:21 +0200] "GET / HTTP/1.1" 301 6610 "-" "Mozilla/5.0 (X11; Linux x86_64) AppleWebKit/537.36 (KHTML, like Gecko) Chrome/122.0.0.0 Safari/537.36"
57.141.20.25 - - [20/Aug/2026:11:59:21 +0200] "GET /?l=82332806663 HTTP/1.1" 200 31239 "-" "Mozilla/5.0 (Macintosh; Intel Mac OS X 10_15_7) AppleWebKit/537.36 (KHTML, like Gecko) Chrome/145.0.0.0 Safari/537.36 (compatible; meta-externalagent/1.1 (+https://developers.facebook.com/docs/sharing/webmasters/crawler))"
52.139.3.76 - - [20/Aug/2026:11:59:22 +0200] "GET / HTTP/1.1" 200 32305 "-" "Mozilla/5.0 (X11; Linux x86_64) AppleWebKit/537.36 (KHTML, like Gecko) Chrome/122.0.0.0 Safari/537.36"
57.141.20.4 - - [20/Aug/2026:11:59:27 +0200] "GET /?n=52570978920 HTTP/1.1" 200 31239 "-" "Mozilla/5.0 (Macintosh; Intel Mac OS X 10_15_7) AppleWebKit/537.36 (KHTML, like Gecko) Chrome/145.0.0.0 Safari/537.36 (compatible; meta-externalagent/1.1 (+https://developers.facebook.com/docs/sharing/webmasters/crawler))"
66.249.69.68 - - [20/Aug/2026:11:59:27 +0200] "GET /?h=21385737717 HTTP/1.1" 200 31208 "-" "Mozilla/5.0 (Linux; Android 6.0.1; Nexus 5X Build/MMB29P) AppleWebKit/537.36 (KHTML, like Gecko) Chrome/151.0.7922.137 Mobile Safari/537.36 (compatible; Googlebot/2.1; +http://www.google.com/bot.html)"
66.249.76.108 - - [20/Aug/2026:11:59:40 +0200] "GET /?q=13114281156 HTTP/1.1" 200 31208 "-" "Mozilla/5.0 (Linux; Android 6.0.1; Nexus 5X Build/MMB29P) AppleWebKit/537.36 (KHTML, like Gecko) Chrome/151.0.7922.137 Mobile Safari/537.36 (compatible; Googlebot/2.1; +http://www.google.com/bot.html)"
66.249.69.68 - - [20/Aug/2026:11:59:54 +0200] "GET /goods.php?t=47631092151729 HTTP/1.1" 200 5110 "-" "Mozilla/5.0 (compatible; Googlebot/2.1; +http://www.google.com/bot.html)"
57.141.20.70 - - [20/Aug/2026:11:59:54 +0200] "GET /?j=52713920776 HTTP/1.1" 200 31239 "-" "Mozilla/5.0 (Windows NT 10.0; Win64; x64) AppleWebKit/537.36 (KHTML, like Gecko) Chrome/145.0.0.0 Safari/537.36 (compatible; meta-externalagent/1.1 (+https://developers.facebook.com/docs/sharing/webmasters/crawler))"
66.249.69.68 - - [20/Aug/2026:12:00:07 +0200] "GET /wp-content/themes/phox/assets/js/ammap.js?ver=2.2.3 HTTP/1.1" 200 59684 "https://www.tierrasdelciddesarrollorural.es/?g=23596787262" "Mozilla/5.0 (Linux; Android 6.0.1; Nexus 5X Build/MMB29P) AppleWebKit/537.36 (KHTML, like Gecko) Chrome/151.0.7922.137 Mobile Safari/537.36 (compatible; Googlebot/2.1; +http://www.google.com/bot.html)"
85.208.96.210 - - [20/Aug/2026:12:00:16 +0200] "GET /author/karl/page/9/ HTTP/1.1" 200 32897 "-" "Mozilla/5.0 (compatible; SemrushBot/7~bl; +http://www.semrush.com/bot.html)"
57.141.20.6 - - [20/Aug/2026:12:00:24 +0200] "GET /?e=63675135252 HTTP/1.1" 200 31239 "-" "Mozilla/5.0 (Macintosh; Intel Mac OS X 10_15_7) AppleWebKit/537.36 (KHTML, like Gecko) Chrome/145.0.0.0 Safari/537.36 (compatible; meta-externalagent/1.1 (+https://developers.facebook.com/docs/sharing/webmasters/crawler))"
57.141.20.62 - - [20/Aug/2026:12:00:28 +0200] "GET /?a=42266312587 HTTP/1.1" 200 31239 "-" "Mozilla/5.0 (Windows NT 10.0; Win64; x64) AppleWebKit/537.36 (KHTML, like Gecko) Chrome/145.0.0.0 Safari/537.36 (compatible; meta-externalagent/1.1 (+https://developers.facebook.com/docs/sharing/webmasters/crawler))"
66.249.76.109 - - [20/Aug/2026:12:00:30 +0200] "GET /?d=30569262149 HTTP/1.1" 200 31208 "-" "Mozilla/5.0 (Linux; Android 6.0.1; Nexus 5X Build/MMB29P) AppleWebKit/537.36 (KHTML, like Gecko) Chrome/151.0.7922.137 Mobile Safari/537.36 (compatible; Googlebot/2.1; +http://www.google.com/bot.html)"
66.249.76.108 - - [20/Aug/2026:12:00:41 +0200] "GET /?u=31442526134 HTTP/1.1" 200 31208 "-" "Mozilla/5.0 (Linux; Android 6.0.1; Nexus 5X Build/MMB29P) AppleWebKit/537.36 (KHTML, like Gecko) Chrome/151.0.7922.137 Mobile Safari/537.36 (compatible; Googlebot/2.1; +http://www.google.com/bot.html)"
57.141.20.52 - - [20/Aug/2026:12:00:43 +0200] "GET /?d=51293791274 HTTP/1.1" 200 31239 "-" "Mozilla/5.0 (Windows NT 10.0; Win64; x64) AppleWebKit/537.36 (KHTML, like Gecko) Chrome/145.0.0.0 Safari/537.36 (compatible; meta-externalagent/1.1 (+https://developers.facebook.com/docs/sharing/webmasters/crawler))"
52.139.3.76 - - [20/Aug/2026:12:00:45 +0200] "GET / HTTP/1.1" 301 6610 "-" "Mozilla/5.0 (X11; Linux x86_64) AppleWebKit/537.36 (KHTML, like Gecko) Chrome/122.0.0.0 Safari/537.36"
52.139.3.76 - - [20/Aug/2026:12:00:46 +0200] "GET / HTTP/1.1" 200 32305 "-" "Mozilla/5.0 (X11; Linux x86_64) AppleWebKit/537.36 (KHTML, like Gecko) Chrome/122.0.0.0 Safari/537.36"
66.249.69.68 - - [20/Aug/2026:12:00:53 +0200] "GET /shop.php?m=14946220733 HTTP/1.1" 200 32285 "-" "Mozilla/5.0 (Linux; Android 6.0.1; Nexus 5X Build/MMB29P) AppleWebKit/537.36 (KHTML, like Gecko) Chrome/151.0.7922.137 Mobile Safari/537.36 (compatible; Googlebot/2.1; +http://www.google.com/bot.html)"
66.249.69.70 - - [20/Aug/2026:12:01:05 +0200] "GET /?f=48474909647 HTTP/1.1" 200 31208 "-" "Mozilla/5.0 (Linux; Android 6.0.1; Nexus 5X Build/MMB29P) AppleWebKit/537.36 (KHTML, like Gecko) Chrome/151.0.7922.137 Mobile Safari/537.36 (compatible; Googlebot/2.1; +http://www.google.com/bot.html)"
57.141.4.51 - - [20/Aug/2026:12:01:30 +0200] "GET / HTTP/1.1" 200 31239 "-" "facebookexternalhit/1.1 (+http://www.facebook.com/externalhit_uatext.php)"
57.141.20.60 - - [20/Aug/2026:12:01:36 +0200] "GET /?h=36773107679 HTTP/1.1" 200 31239 "-" "Mozilla/5.0 (Windows NT 10.0; Win64; x64) AppleWebKit/537.36 (KHTML, like Gecko) Chrome/145.0.0.0 Safari/537.36 (compatible; meta-externalagent/1.1 (+https://developers.facebook.com/docs/sharing/webmasters/crawler))"
66.249.69.69 - - [20/Aug/2026:12:01:39 +0200] "GET /?o=13874661437 HTTP/1.1" 200 31208 "-" "Mozilla/5.0 (Linux; Android 6.0.1; Nexus 5X Build/MMB29P) AppleWebKit/537.36 (KHTML, like Gecko) Chrome/151.0.7922.137 Mobile Safari/537.36 (compatible; Googlebot/2.1; +http://www.google.com/bot.html)"
66.249.76.108 - - [20/Aug/2026:12:01:49 +0200] "GET /wp-content/themes/phox/assets/js/custom-script.js?ver=2.2.3 HTTP/1.1" 200 7833 "https://www.tierrasdelciddesarrollorural.es/?c=71046337591" "Mozilla/5.0 (Linux; Android 6.0.1; Nexus 5X Build/MMB29P) AppleWebKit/537.36 (KHTML, like Gecko) Chrome/151.0.7922.137 Mobile Safari/537.36 (compatible; Googlebot/2.1; +http://www.google.com/bot.html)"
57.141.18.96 - - [20/Aug/2026:12:01:59 +0200] "GET / HTTP/1.1" 301 5544 "-" "facebookexternalhit/1.1 (+http://www.facebook.com/externalhit_uatext.php)"
66.249.76.108 - - [20/Aug/2026:12:01:59 +0200] "GET /shop.php?f=594499127 HTTP/1.1" 200 32274 "-" "Mozilla/5.0 (compatible; Googlebot/2.1; +http://www.google.com/bot.html)"
57.141.20.59 - - [20/Aug/2026:12:02:16 +0200] "GET /?y=33774306497 HTTP/1.1" 200 31239 "-" "Mozilla/5.0 (Macintosh; Intel Mac OS X 10_15_7) AppleWebKit/537.36 (KHTML, like Gecko) Chrome/145.0.0.0 Safari/537.36 (compatible; meta-externalagent/1.1 (+https://developers.facebook.com/docs/sharing/webmasters/crawler))"
52.139.3.76 - - [20/Aug/2026:12:02:17 +0200] "GET / HTTP/1.1" 301 6610 "-" "Mozilla/5.0 (X11; Linux x86_64) AppleWebKit/537.36 (KHTML, like Gecko) Chrome/122.0.0.0 Safari/537.36"
52.139.3.76 - - [20/Aug/2026:12:02:18 +0200] "GET / HTTP/1.1" 200 32305 "-" "Mozilla/5.0 (X11; Linux x86_64) AppleWebKit/537.36 (KHTML, like Gecko) Chrome/122.0.0.0 Safari/537.36"
66.249.76.108 - - [20/Aug/2026:12:02:27 +0200] "GET /?o=94352034239 HTTP/1.1" 200 31208 "-" "Mozilla/5.0 (Linux; Android 6.0.1; Nexus 5X Build/MMB29P) AppleWebKit/537.36 (KHTML, like Gecko) Chrome/151.0.7922.137 Mobile Safari/537.36 (compatible; Googlebot/2.1; +http://www.google.com/bot.html)"
66.249.69.68 - - [20/Aug/2026:12:02:36 +0200] "GET /goods.php?t=87319245334317 HTTP/1.1" 200 5110 "-" "Mozilla/5.0 (Linux; Android 6.0.1; Nexus 5X Build/MMB29P) AppleWebKit/537.36 (KHTML, like Gecko) Chrome/151.0.7922.137 Mobile Safari/537.36 (compatible; Googlebot/2.1; +http://www.google.com/bot.html)"
66.249.69.68 - - [20/Aug/2026:12:02:46 +0200] "GET /?f=23558492573 HTTP/1.1" 200 31208 "-" "Mozilla/5.0 (Linux; Android 6.0.1; Nexus 5X Build/MMB29P) AppleWebKit/537.36 (KHTML, like Gecko) Chrome/151.0.7922.137 Mobile Safari/537.36 (compatible; Googlebot/2.1; +http://www.google.com/bot.html)"
66.249.69.68 - - [20/Aug/2026:12:02:57 +0200] "GET /wp-content/themes/phox/assets/js/ammap.js?ver=2.2.3 HTTP/1.1" 200 59684 "https://www.tierrasdelciddesarrollorural.es/?y=91526251322" "Mozilla/5.0 (Linux; Android 6.0.1; Nexus 5X Build/MMB29P) AppleWebKit/537.36 (KHTML, like Gecko) Chrome/151.0.7922.137 Mobile Safari/537.36 (compatible; Googlebot/2.1; +http://www.google.com/bot.html)"
66.249.69.69 - - [20/Aug/2026:12:03:18 +0200] "GET /?a=61270348977 HTTP/1.1" 200 31208 "-" "Mozilla/5.0 (Linux; Android 6.0.1; Nexus 5X Build/MMB29P) AppleWebKit/537.36 (KHTML, like Gecko) Chrome/151.0.7922.137 Mobile Safari/537.36 (compatible; Googlebot/2.1; +http://www.google.com/bot.html)"
66.249.69.68 - - [20/Aug/2026:12:03:28 +0200] "GET /goods.php?t=56878699640714 HTTP/1.1" 200 5110 "-" "Mozilla/5.0 (compatible; Googlebot/2.1; +http://www.google.com/bot.html)"
66.249.76.108 - - [20/Aug/2026:12:03:48 +0200] "GET /?u=63489427444 HTTP/1.1" 200 31208 "-" "Mozilla/5.0 (Linux; Android 6.0.1; Nexus 5X Build/MMB29P) AppleWebKit/537.36 (KHTML, like Gecko) Chrome/151.0.7922.137 Mobile Safari/537.36 (compatible; Googlebot/2.1; +http://www.google.com/bot.html)"
52.139.3.76 - - [20/Aug/2026:12:03:50 +0200] "GET / HTTP/1.1" 301 6610 "-" "Mozilla/5.0 (X11; Linux x86_64) AppleWebKit/537.36 (KHTML, like Gecko) Chrome/122.0.0.0 Safari/537.36"
52.139.3.76 - - [20/Aug/2026:12:03:51 +0200] "GET / HTTP/1.1" 200 32305 "-" "Mozilla/5.0 (X11; Linux x86_64) AppleWebKit/537.36 (KHTML, like Gecko) Chrome/122.0.0.0 Safari/537.36"
57.141.20.21 - - [20/Aug/2026:12:04:08 +0200] "GET /?i=82257807994 HTTP/1.1" 200 31239 "-" "Mozilla/5.0 (Windows NT 10.0; Win64; x64) AppleWebKit/537.36 (KHTML, like Gecko) Chrome/145.0.0.0 Safari/537.36 (compatible; meta-externalagent/1.1 (+https://developers.facebook.com/docs/sharing/webmasters/crawler))"
66.249.69.70 - - [20/Aug/2026:12:04:08 +0200] "GET /?h=42060708185 HTTP/1.1" 200 31208 "-" "Mozilla/5.0 (Linux; Android 6.0.1; Nexus 5X Build/MMB29P) AppleWebKit/537.36 (KHTML, like Gecko) Chrome/151.0.7922.137 Mobile Safari/537.36 (compatible; Googlebot/2.1; +http://www.google.com/bot.html)"
66.249.69.69 - - [20/Aug/2026:12:04:19 +0200] "GET /goods.php?t=29402156271888 HTTP/1.1" 200 5110 "-" "Mozilla/5.0 (compatible; Googlebot/2.1; +http://www.google.com/bot.html)"
57.141.20.47 - - [20/Aug/2026:12:04:31 +0200] "GET /?t=81014409523 HTTP/1.1" 200 31239 "-" "Mozilla/5.0 (Windows NT 10.0; Win64; x64) AppleWebKit/537.36 (KHTML, like Gecko) Chrome/145.0.0.0 Safari/537.36 (compatible; meta-externalagent/1.1 (+https://developers.facebook.com/docs/sharing/webmasters/crawler))"
66.249.69.68 - - [20/Aug/2026:12:04:39 +0200] "GET /?y=63694843366 HTTP/1.1" 200 31208 "-" "Mozilla/5.0 (Linux; Android 6.0.1; Nexus 5X Build/MMB29P) AppleWebKit/537.36 (KHTML, like Gecko) Chrome/151.0.7922.137 Mobile Safari/537.36 (compatible; Googlebot/2.1; +http://www.google.com/bot.html)"
66.249.76.108 - - [20/Aug/2026:12:04:50 +0200] "GET /?c=68960497853 HTTP/1.1" 200 31208 "-" "Mozilla/5.0 (Linux; Android 6.0.1; Nexus 5X Build/MMB29P) AppleWebKit/537.36 (KHTML, like Gecko) Chrome/151.0.7922.137 Mobile Safari/537.36 (compatible; Googlebot/2.1; +http://www.google.com/bot.html)"
66.249.76.108 - - [20/Aug/2026:12:05:01 +0200] "GET /wp-content/themes/phox/assets/js/custom-script.js?ver=2.2.3 HTTP/1.1" 200 7833 "https://www.tierrasdelciddesarrollorural.es/?c=84684312817" "Mozilla/5.0 (Linux; Android 6.0.1; Nexus 5X Build/MMB29P) AppleWebKit/537.36 (KHTML, like Gecko) Chrome/151.0.7922.137 Mobile Safari/537.36 (compatible; Googlebot/2.1; +http://www.google.com/bot.html)"
52.139.3.76 - - [20/Aug/2026:12:05:07 +0200] "GET / HTTP/1.1" 301 6610 "-" "Mozilla/5.0 (X11; Linux x86_64) AppleWebKit/537.36 (KHTML, like Gecko) Chrome/122.0.0.0 Safari/537.36"
52.139.3.76 - - [20/Aug/2026:12:05:08 +0200] "GET / HTTP/1.1" 200 32305 "-" "Mozilla/5.0 (X11; Linux x86_64) AppleWebKit/537.36 (KHTML, like Gecko) Chrome/122.0.0.0 Safari/537.36"
52.139.3.76 - - [20/Aug/2026:12:05:13 +0200] "GET / HTTP/1.1" 301 6610 "-" "Mozilla/5.0 (X11; Linux x86_64) AppleWebKit/537.36 (KHTML, like Gecko) Chrome/122.0.0.0 Safari/537.36"
52.139.3.76 - - [20/Aug/2026:12:05:13 +0200] "GET / HTTP/1.1" 200 32305 "-" "Mozilla/5.0 (X11; Linux x86_64) AppleWebKit/537.36 (KHTML, like Gecko) Chrome/122.0.0.0 Safari/537.36"
57.141.20.34 - - [20/Aug/2026:12:05:15 +0200] "GET /?g=63078951886 HTTP/1.1" 200 31239 "-" "Mozilla/5.0 (Windows NT 10.0; Win64; x64) AppleWebKit/537.36 (KHTML, like Gecko) Chrome/145.0.0.0 Safari/537.36 (compatible; meta-externalagent/1.1 (+https://developers.facebook.com/docs/sharing/webmasters/crawler))"
57.141.20.8 - - [20/Aug/2026:12:05:31 +0200] "GET /?s=26984142234 HTTP/1.1" 200 26562 "-" "Mozilla/5.0 (Macintosh; Intel Mac OS X 10_15_7) AppleWebKit/537.36 (KHTML, like Gecko) Chrome/145.0.0.0 Safari/537.36 (compatible; meta-externalagent/1.1 (+https://developers.facebook.com/docs/sharing/webmasters/crawler))"
66.249.76.109 - - [20/Aug/2026:12:05:38 +0200] "GET /?i=21119634152 HTTP/1.1" 200 31208 "-" "Mozilla/5.0 (Linux; Android 6.0.1; Nexus 5X Build/MMB29P) AppleWebKit/537.36 (KHTML, like Gecko) Chrome/151.0.7922.137 Mobile Safari/537.36 (compatible; Googlebot/2.1; +http://www.google.com/bot.html)"
57.141.20.52 - - [20/Aug/2026:12:05:45 +0200] "GET /?b=32987015950 HTTP/1.1" 200 31239 "-" "Mozilla/5.0 (Windows NT 10.0; Win64; x64) AppleWebKit/537.36 (KHTML, like Gecko) Chrome/145.0.0.0 Safari/537.36 (compatible; meta-externalagent/1.1 (+https://developers.facebook.com/docs/sharing/webmasters/crawler))"
66.249.69.68 - - [20/Aug/2026:12:05:48 +0200] "GET /shop.php?g=549501369 HTTP/1.1" 200 32372 "-" "Mozilla/5.0 (Linux; Android 6.0.1; Nexus 5X Build/MMB29P) AppleWebKit/537.36 (KHTML, like Gecko) Chrome/151.0.7922.137 Mobile Safari/537.36 (compatible; Googlebot/2.1; +http://www.google.com/bot.html)"
66.249.69.69 - - [20/Aug/2026:12:06:25 +0200] "GET /?n=83409936984 HTTP/1.1" 200 31208 "-" "Mozilla/5.0 (Linux; Android 6.0.1; Nexus 5X Build/MMB29P) AppleWebKit/537.36 (KHTML, like Gecko) Chrome/151.0.7922.137 Mobile Safari/537.36 (compatible; Googlebot/2.1; +http://www.google.com/bot.html)"
57.141.20.3 - - [20/Aug/2026:12:06:26 +0200] "GET /?d=73898554964 HTTP/1.1" 200 31239 "-" "Mozilla/5.0 (Windows NT 10.0; Win64; x64) AppleWebKit/537.36 (KHTML, like Gecko) Chrome/145.0.0.0 Safari/537.36 (compatible; meta-externalagent/1.1 (+https://developers.facebook.com/docs/sharing/webmasters/crawler))"
66.249.69.68 - - [20/Aug/2026:12:06:44 +0200] "GET /goods.php?t=55359714180894 HTTP/1.1" 200 5110 "-" "Mozilla/5.0 (compatible; Googlebot/2.1; +http://www.google.com/bot.html)"
66.249.76.108 - - [20/Aug/2026:12:06:53 +0200] "GET /?e=54484624433 HTTP/1.1" 200 31208 "-" "Mozilla/5.0 (Linux; Android 6.0.1; Nexus 5X Build/MMB29P) AppleWebKit/537.36 (KHTML, like Gecko) Chrome/151.0.7922.137 Mobile Safari/537.36 (compatible; Googlebot/2.1; +http://www.google.com/bot.html)"
57.141.20.55 - - [20/Aug/2026:12:07:02 +0200] "GET /?n=32939562561 HTTP/1.1" 200 31239 "-" "Mozilla/5.0 (Windows NT 10.0; Win64; x64) AppleWebKit/537.36 (KHTML, like Gecko) Chrome/145.0.0.0 Safari/537.36 (compatible; meta-externalagent/1.1 (+https://developers.facebook.com/docs/sharing/webmasters/crawler))"
66.249.76.108 - - [20/Aug/2026:12:07:12 +0200] "GET /?r=84043563101 HTTP/1.1" 200 31208 "-" "Mozilla/5.0 (Linux; Android 6.0.1; Nexus 5X Build/MMB29P) AppleWebKit/537.36 (KHTML, like Gecko) Chrome/151.0.7922.137 Mobile Safari/537.36 (compatible; Googlebot/2.1; +http://www.google.com/bot.html)"
