146.70.178.164 - - [30/Aug/2025:01:10:40 +0200] "GET /wp-content/plugins/woocommerce/ HTTP/1.1" 301 162 "-" "-"
146.70.178.164 - - [30/Aug/2025:01:10:41 +0200] "GET /wp-admin/meta/ HTTP/1.1" 301 162 "-" "-"
146.70.178.164 - - [30/Aug/2025:01:10:41 +0200] "GET /wp-admin/network/ HTTP/1.1" 301 162 "-" "-"
146.70.178.164 - - [30/Aug/2025:01:10:42 +0200] "GET /wp-admin/user/ HTTP/1.1" 301 162 "-" "-"
146.70.178.164 - - [30/Aug/2025:01:10:42 +0200] "GET /wp-content/ HTTP/1.1" 301 162 "-" "-"
146.70.178.164 - - [30/Aug/2025:01:10:43 +0200] "GET /wp-content/plugins/ HTTP/1.1" 301 162 "-" "-"
146.70.178.164 - - [30/Aug/2025:01:10:43 +0200] "GET /wp-content/themes/ HTTP/1.1" 301 162 "-" "-"
146.70.178.164 - - [30/Aug/2025:01:10:43 +0200] "GET /wp-admin/includes/ HTTP/1.1" 301 162 "-" "-"
146.70.178.164 - - [30/Aug/2025:01:10:43 +0200] "GET /wp-admin/ HTTP/1.1" 301 162 "-" "-"
146.70.178.164 - - [30/Aug/2025:01:10:44 +0200] "GET /wp-content/upgrade/ HTTP/1.1" 301 162 "-" "-"
43.157.191.20 - - [30/Aug/2025:07:53:08 +0200] "GET / HTTP/1.1" 301 162 "-" "Mozilla/5.0 (iPhone; CPU iPhone OS 13_2_3 like Mac OS X) AppleWebKit/605.1.15 (KHTML, like Gecko) Version/13.0.3 Mobile/15E148 Safari/604.1"
216.244.66.228 - - [30/Aug/2025:12:12:22 +0200] "GET /robots.txt HTTP/1.1" 301 162 "-" "Mozilla/5.0 (compatible; DotBot/1.2; +https://opensiteexplorer.org/dotbot; help@moz.com)"
110.40.68.238 - - [30/Aug/2025:12:26:27 +0200] "GET /e/data/ecmseditor/infoeditor/plugins/smiley/images/angel_smile.png HTTP/1.1" 301 162 "http://www.tierrasdelciddesarrollorural.es" "Mozilla/5.0 (compatible; Yahoo! Slurp; http://help.yahoo.com/help/us/ysearch/slurp\xA1\xB1)"
110.40.68.238 - - [30/Aug/2025:12:26:34 +0200] "GET /e/data/js/jscolor/hs.png HTTP/1.1" 301 162 "http://www.tierrasdelciddesarrollorural.es" "AppleWebKit/534.46 (KHTML,like Gecko) Version/5.1 Mobile Safari/10600.6.3"
170.106.192.208 - - [30/Aug/2025:14:14:49 +0200] "GET / HTTP/1.1" 301 162 "-" "Mozilla/5.0 (iPhone; CPU iPhone OS 13_2_3 like Mac OS X) AppleWebKit/605.1.15 (KHTML, like Gecko) Version/13.0.3 Mobile/15E148 Safari/604.1"
1.116.190.153 - - [30/Aug/2025:17:31:14 +0200] "GET / HTTP/1.1" 301 162 "-" "Mozilla/5.0 (Linux; Android 10; LIO-AN00 Build/HUAWEILIO-AN00; wv) MicroMessenger Weixin QQ AppleWebKit/537.36 (KHTML, like Gecko) Version/4.0 Chrome/78.0.3904.62 XWEB/2692 MMWEBSDK/200901 Mobile Safari/537.36"
1.116.190.153 - - [30/Aug/2025:18:05:24 +0200] "GET / HTTP/1.1" 301 162 "-" "Mozilla/5.0 (Linux; Android 10; LIO-AN00 Build/HUAWEILIO-AN00; wv) MicroMessenger Weixin QQ AppleWebKit/537.36 (KHTML, like Gecko) Version/4.0 Chrome/78.0.3904.62 XWEB/2692 MMWEBSDK/200901 Mobile Safari/537.36"
216.244.66.228 - - [31/Aug/2025:00:19:33 +0200] "GET /robots.txt HTTP/1.1" 301 162 "-" "Mozilla/5.0 (compatible; DotBot/1.2; +https://opensiteexplorer.org/dotbot; help@moz.com)"
8.39.54.150 - - [31/Aug/2025:00:47:48 +0200] "GET / HTTP/1.1" 301 162 "-" "Mozilla/5.0 (X11; Linux x86_64) AppleWebKit/537.36 (KHTML, like Gecko) Chrome/128.0.0.0 Safari/537.36"
43.131.36.84 - - [31/Aug/2025:01:17:58 +0200] "GET / HTTP/1.1" 301 162 "-" "Mozilla/5.0 (iPhone; CPU iPhone OS 13_2_3 like Mac OS X) AppleWebKit/605.1.15 (KHTML, like Gecko) Version/13.0.3 Mobile/15E148 Safari/604.1"
216.244.66.228 - - [31/Aug/2025:01:47:24 +0200] "GET /robots.txt HTTP/1.1" 301 162 "-" "Mozilla/5.0 (compatible; DotBot/1.2; +https://opensiteexplorer.org/dotbot; help@moz.com)"
216.244.66.228 - - [31/Aug/2025:09:53:01 +0200] "GET /robots.txt HTTP/1.1" 301 162 "-" "Mozilla/5.0 (compatible; DotBot/1.2; +https://opensiteexplorer.org/dotbot; help@moz.com)"
43.159.139.164 - - [31/Aug/2025:10:28:31 +0200] "GET / HTTP/1.1" 301 162 "-" "Mozilla/5.0 (iPhone; CPU iPhone OS 13_2_3 like Mac OS X) AppleWebKit/605.1.15 (KHTML, like Gecko) Version/13.0.3 Mobile/15E148 Safari/604.1"
216.244.66.228 - - [31/Aug/2025:12:11:21 +0200] "GET /robots.txt HTTP/1.1" 301 162 "-" "Mozilla/5.0 (compatible; DotBot/1.2; +https://opensiteexplorer.org/dotbot; help@moz.com)"
216.244.66.228 - - [31/Aug/2025:15:40:11 +0200] "GET /robots.txt HTTP/1.1" 301 162 "-" "Mozilla/5.0 (compatible; DotBot/1.2; +https://opensiteexplorer.org/dotbot; help@moz.com)"
43.135.183.82 - - [31/Aug/2025:16:59:39 +0200] "GET / HTTP/1.1" 301 162 "-" "Mozilla/5.0 (iPhone; CPU iPhone OS 13_2_3 like Mac OS X) AppleWebKit/605.1.15 (KHTML, like Gecko) Version/13.0.3 Mobile/15E148 Safari/604.1"
20.191.45.212 - - [31/Aug/2025:21:48:59 +0200] "GET / HTTP/1.1" 301 162 "http://www.tierrasdelciddesarrollorural.es/" "DuckDuckBot/1.1; (+http://duckduckgo.com/duckduckbot.html)"
216.244.66.228 - - [01/Sep/2025:02:01:45 +0200] "GET /robots.txt HTTP/1.1" 301 162 "-" "Mozilla/5.0 (compatible; DotBot/1.2; +https://opensiteexplorer.org/dotbot; help@moz.com)"
49.51.204.74 - - [01/Sep/2025:04:10:35 +0200] "GET / HTTP/1.1" 301 162 "-" "Mozilla/5.0 (iPhone; CPU iPhone OS 13_2_3 like Mac OS X) AppleWebKit/605.1.15 (KHTML, like Gecko) Version/13.0.3 Mobile/15E148 Safari/604.1"
216.244.66.228 - - [01/Sep/2025:05:40:01 +0200] "GET /robots.txt HTTP/1.1" 301 162 "-" "Mozilla/5.0 (compatible; DotBot/1.2; +https://opensiteexplorer.org/dotbot; help@moz.com)"
216.244.66.228 - - [01/Sep/2025:06:28:05 +0200] "GET /robots.txt HTTP/1.1" 301 162 "-" "Mozilla/5.0 (compatible; DotBot/1.2; +https://opensiteexplorer.org/dotbot; help@moz.com)"
43.130.91.95 - - [01/Sep/2025:11:37:44 +0200] "GET / HTTP/1.1" 301 162 "-" "Mozilla/5.0 (iPhone; CPU iPhone OS 13_2_3 like Mac OS X) AppleWebKit/605.1.15 (KHTML, like Gecko) Version/13.0.3 Mobile/15E148 Safari/604.1"
216.244.66.228 - - [01/Sep/2025:13:21:11 +0200] "GET /robots.txt HTTP/1.1" 301 162 "-" "Mozilla/5.0 (compatible; DotBot/1.2; +https://opensiteexplorer.org/dotbot; help@moz.com)"
216.244.66.228 - - [01/Sep/2025:15:10:58 +0200] "GET /robots.txt HTTP/1.1" 301 162 "-" "Mozilla/5.0 (compatible; DotBot/1.2; +https://opensiteexplorer.org/dotbot; help@moz.com)"
43.164.197.177 - - [01/Sep/2025:17:58:30 +0200] "GET / HTTP/1.1" 301 162 "-" "Mozilla/5.0 (iPhone; CPU iPhone OS 13_2_3 like Mac OS X) AppleWebKit/605.1.15 (KHTML, like Gecko) Version/13.0.3 Mobile/15E148 Safari/604.1"
216.244.66.228 - - [01/Sep/2025:20:24:54 +0200] "GET /robots.txt HTTP/1.1" 301 162 "-" "Mozilla/5.0 (compatible; DotBot/1.2; +https://opensiteexplorer.org/dotbot; help@moz.com)"
216.244.66.228 - - [01/Sep/2025:21:25:00 +0200] "GET /robots.txt HTTP/1.1" 301 162 "-" "Mozilla/5.0 (compatible; DotBot/1.2; +https://opensiteexplorer.org/dotbot; help@moz.com)"
216.244.66.228 - - [01/Sep/2025:22:12:31 +0200] "GET /robots.txt HTTP/1.1" 301 162 "-" "Mozilla/5.0 (compatible; DotBot/1.2; +https://opensiteexplorer.org/dotbot; help@moz.com)"
216.244.66.228 - - [01/Sep/2025:23:04:54 +0200] "GET /robots.txt HTTP/1.1" 301 162 "-" "Mozilla/5.0 (compatible; DotBot/1.2; +https://opensiteexplorer.org/dotbot; help@moz.com)"
216.244.66.228 - - [02/Sep/2025:00:43:30 +0200] "GET /robots.txt HTTP/1.1" 301 162 "-" "Mozilla/5.0 (compatible; DotBot/1.2; +https://opensiteexplorer.org/dotbot; help@moz.com)"
216.244.66.228 - - [02/Sep/2025:02:29:58 +0200] "GET /robots.txt HTTP/1.1" 301 162 "-" "Mozilla/5.0 (compatible; DotBot/1.2; +https://opensiteexplorer.org/dotbot; help@moz.com)"
43.153.204.189 - - [02/Sep/2025:04:32:37 +0200] "GET / HTTP/1.1" 301 162 "-" "Mozilla/5.0 (iPhone; CPU iPhone OS 13_2_3 like Mac OS X) AppleWebKit/605.1.15 (KHTML, like Gecko) Version/13.0.3 Mobile/15E148 Safari/604.1"
43.165.65.75 - - [02/Sep/2025:11:13:14 +0200] "GET / HTTP/1.1" 301 162 "-" "Mozilla/5.0 (iPhone; CPU iPhone OS 13_2_3 like Mac OS X) AppleWebKit/605.1.15 (KHTML, like Gecko) Version/13.0.3 Mobile/15E148 Safari/604.1"
216.244.66.228 - - [02/Sep/2025:15:51:49 +0200] "GET /robots.txt HTTP/1.1" 301 162 "-" "Mozilla/5.0 (compatible; DotBot/1.2; +https://opensiteexplorer.org/dotbot; help@moz.com)"
43.131.26.226 - - [02/Sep/2025:17:33:37 +0200] "GET / HTTP/1.1" 301 162 "-" "Mozilla/5.0 (iPhone; CPU iPhone OS 13_2_3 like Mac OS X) AppleWebKit/605.1.15 (KHTML, like Gecko) Version/13.0.3 Mobile/15E148 Safari/604.1"
216.244.66.228 - - [02/Sep/2025:21:33:31 +0200] "GET /robots.txt HTTP/1.1" 301 162 "-" "Mozilla/5.0 (compatible; DotBot/1.2; +https://opensiteexplorer.org/dotbot; help@moz.com)"
43.153.36.110 - - [03/Sep/2025:05:04:06 +0200] "GET / HTTP/1.1" 301 162 "-" "Mozilla/5.0 (iPhone; CPU iPhone OS 13_2_3 like Mac OS X) AppleWebKit/605.1.15 (KHTML, like Gecko) Version/13.0.3 Mobile/15E148 Safari/604.1"
216.244.66.228 - - [03/Sep/2025:09:43:50 +0200] "GET /robots.txt HTTP/1.1" 301 162 "-" "Mozilla/5.0 (compatible; DotBot/1.2; +https://opensiteexplorer.org/dotbot; help@moz.com)"
216.244.66.228 - - [03/Sep/2025:11:13:26 +0200] "GET /robots.txt HTTP/1.1" 301 162 "-" "Mozilla/5.0 (compatible; DotBot/1.2; +https://opensiteexplorer.org/dotbot; help@moz.com)"
43.159.143.187 - - [03/Sep/2025:11:50:39 +0200] "GET / HTTP/1.1" 301 162 "-" "Mozilla/5.0 (iPhone; CPU iPhone OS 13_2_3 like Mac OS X) AppleWebKit/605.1.15 (KHTML, like Gecko) Version/13.0.3 Mobile/15E148 Safari/604.1"
43.164.196.57 - - [03/Sep/2025:17:54:03 +0200] "GET / HTTP/1.1" 301 162 "-" "Mozilla/5.0 (iPhone; CPU iPhone OS 13_2_3 like Mac OS X) AppleWebKit/605.1.15 (KHTML, like Gecko) Version/13.0.3 Mobile/15E148 Safari/604.1"
66.249.70.201 - - [03/Sep/2025:18:59:25 +0200] "GET /robots.txt HTTP/1.1" 301 162 "-" "Mozilla/5.0 (compatible; Googlebot/2.1; +http://www.google.com/bot.html)"
216.244.66.228 - - [03/Sep/2025:19:25:16 +0200] "GET /robots.txt HTTP/1.1" 301 162 "-" "Mozilla/5.0 (compatible; DotBot/1.2; +https://opensiteexplorer.org/dotbot; help@moz.com)"
216.244.66.228 - - [03/Sep/2025:21:55:21 +0200] "GET /robots.txt HTTP/1.1" 301 162 "-" "Mozilla/5.0 (compatible; DotBot/1.2; +https://opensiteexplorer.org/dotbot; help@moz.com)"
20.191.45.212 - - [03/Sep/2025:23:26:02 +0200] "GET / HTTP/1.1" 301 162 "http://www.tierrasdelciddesarrollorural.es/" "DuckDuckBot/1.1; (+http://duckduckgo.com/duckduckbot.html)"
216.244.66.228 - - [04/Sep/2025:01:16:13 +0200] "GET /robots.txt HTTP/1.1" 301 162 "-" "Mozilla/5.0 (compatible; DotBot/1.2; +https://opensiteexplorer.org/dotbot; help@moz.com)"
43.130.47.33 - - [04/Sep/2025:04:58:33 +0200] "GET / HTTP/1.1" 301 162 "-" "Mozilla/5.0 (iPhone; CPU iPhone OS 13_2_3 like Mac OS X) AppleWebKit/605.1.15 (KHTML, like Gecko) Version/13.0.3 Mobile/15E148 Safari/604.1"
43.157.170.126 - - [04/Sep/2025:11:23:37 +0200] "GET / HTTP/1.1" 301 162 "-" "Mozilla/5.0 (iPhone; CPU iPhone OS 13_2_3 like Mac OS X) AppleWebKit/605.1.15 (KHTML, like Gecko) Version/13.0.3 Mobile/15E148 Safari/604.1"
216.244.66.228 - - [04/Sep/2025:11:55:03 +0200] "GET /robots.txt HTTP/1.1" 301 162 "-" "Mozilla/5.0 (compatible; DotBot/1.2; +https://opensiteexplorer.org/dotbot; help@moz.com)"
101.36.108.133 - - [04/Sep/2025:12:58:05 +0200] "GET / HTTP/1.1" 301 162 "-" "curl/7.29.0"
45.194.70.253 - - [04/Sep/2025:12:58:19 +0200] "GET / HTTP/1.1" 301 162 "-" "Mozilla/5.0 (Macintosh; Intel Mac OS X 8_0_2) AppleWebKit/543.48 (KHTML, like Gecko) Chrome/100.0.1356 Safari/537.36"
216.244.66.228 - - [04/Sep/2025:16:29:11 +0200] "GET /robots.txt HTTP/1.1" 301 162 "-" "Mozilla/5.0 (compatible; DotBot/1.2; +https://opensiteexplorer.org/dotbot; help@moz.com)"
43.157.53.115 - - [04/Sep/2025:17:05:48 +0200] "GET / HTTP/1.1" 301 162 "-" "Mozilla/5.0 (iPhone; CPU iPhone OS 13_2_3 like Mac OS X) AppleWebKit/605.1.15 (KHTML, like Gecko) Version/13.0.3 Mobile/15E148 Safari/604.1"
149.102.254.17 - - [04/Sep/2025:21:34:51 +0200] "GET /wp-content/uploads/ HTTP/1.1" 301 162 "-" "-"
149.102.254.17 - - [04/Sep/2025:21:34:56 +0200] "GET /wp-includes/ HTTP/1.1" 301 162 "-" "-"
149.102.254.17 - - [04/Sep/2025:21:34:58 +0200] "GET /wp-includes/css/ HTTP/1.1" 301 162 "-" "-"
149.102.254.17 - - [04/Sep/2025:21:34:59 +0200] "GET /wp-includes/ID3/ HTTP/1.1" 301 162 "-" "-"
149.102.254.17 - - [04/Sep/2025:21:35:01 +0200] "GET /wp-includes/IXR/ HTTP/1.1" 301 162 "-" "-"
149.102.254.17 - - [04/Sep/2025:21:35:02 +0200] "GET /wp-includes/Requests/ HTTP/1.1" 301 162 "-" "-"
149.102.254.17 - - [04/Sep/2025:21:35:02 +0200] "GET /wp-includes/SimplePie/ HTTP/1.1" 301 162 "-" "-"
149.102.254.17 - - [04/Sep/2025:21:35:04 +0200] "GET /wp-includes/Text/ HTTP/1.1" 301 162 "-" "-"
149.102.254.17 - - [04/Sep/2025:21:35:05 +0200] "GET /wp-content/mu-plugins-old/ HTTP/1.1" 301 162 "-" "-"
149.102.254.17 - - [04/Sep/2025:21:35:06 +0200] "GET /wp-content/themes/classic/inc/ HTTP/1.1" 301 162 "-" "-"
149.102.254.17 - - [04/Sep/2025:21:35:16 +0200] "GET /wp-content/plugins/ninja-forms/ HTTP/1.1" 301 162 "-" "-"
149.102.254.17 - - [04/Sep/2025:21:35:18 +0200] "GET /wp-content/mu-plugins/ HTTP/1.1" 301 162 "-" "-"
149.102.254.17 - - [04/Sep/2025:21:35:18 +0200] "GET /wp-includes/Text/Diff/Renderer/ HTTP/1.1" 301 162 "-" "-"
149.102.254.17 - - [04/Sep/2025:21:35:19 +0200] "GET /wp-includes/blocks/ HTTP/1.1" 301 162 "-" "-"
149.102.254.17 - - [04/Sep/2025:21:35:19 +0200] "GET /wp-includes/certificates/ HTTP/1.1" 301 162 "-" "-"
149.102.254.17 - - [04/Sep/2025:21:35:20 +0200] "GET /wp-includes/customize/ HTTP/1.1" 301 162 "-" "-"
149.102.254.17 - - [04/Sep/2025:21:35:20 +0200] "GET /wp-includes/fonts/ HTTP/1.1" 301 162 "-" "-"
149.102.254.17 - - [04/Sep/2025:21:35:21 +0200] "GET /wp-includes/images/ HTTP/1.1" 301 162 "-" "-"
149.102.254.17 - - [04/Sep/2025:21:35:21 +0200] "GET /.well-known/ HTTP/1.1" 301 162 "-" "-"
149.102.254.17 - - [04/Sep/2025:21:35:21 +0200] "GET /ALFA_DATA/ HTTP/1.1" 301 162 "-" "-"
149.102.254.17 - - [04/Sep/2025:21:35:25 +0200] "GET /.well-knownold/ HTTP/1.1" 301 162 "-" "-"
149.102.254.17 - - [04/Sep/2025:21:35:30 +0200] "GET /.well-known/acme-challenge/ HTTP/1.1" 301 162 "-" "-"
149.102.254.17 - - [04/Sep/2025:21:35:31 +0200] "GET /cgi-bin/ HTTP/1.1" 301 162 "-" "-"
149.102.254.17 - - [04/Sep/2025:21:35:31 +0200] "GET /index/ HTTP/1.1" 301 162 "-" "-"
149.102.254.17 - - [04/Sep/2025:21:35:36 +0200] "GET /id/ HTTP/1.1" 301 162 "-" "-"
149.102.254.17 - - [04/Sep/2025:21:35:39 +0200] "GET /www/ HTTP/1.1" 301 162 "-" "-"
149.102.254.17 - - [04/Sep/2025:21:35:42 +0200] "GET /web/ HTTP/1.1" 301 162 "-" "-"
149.102.254.17 - - [04/Sep/2025:21:35:45 +0200] "GET /uploads/ HTTP/1.1" 301 162 "-" "-"
149.102.254.17 - - [04/Sep/2025:21:35:48 +0200] "GET /upload/ HTTP/1.1" 301 162 "-" "-"
149.102.254.17 - - [04/Sep/2025:21:35:52 +0200] "GET /admin/uploads/ HTTP/1.1" 301 162 "-" "-"
149.102.254.17 - - [04/Sep/2025:21:35:56 +0200] "GET /Admin/uploads/ HTTP/1.1" 301 162 "-" "-"
149.102.254.17 - - [04/Sep/2025:21:36:00 +0200] "GET /admin/ HTTP/1.1" 301 162 "-" "-"
149.102.254.17 - - [04/Sep/2025:21:36:03 +0200] "GET /images/ HTTP/1.1" 301 162 "-" "-"
149.102.254.17 - - [04/Sep/2025:21:36:07 +0200] "GET /assets/ HTTP/1.1" 301 162 "-" "-"
149.102.254.17 - - [04/Sep/2025:21:36:11 +0200] "GET /vendor/phpunit/phpunit/src/Util/PHP/ HTTP/1.1" 301 162 "-" "-"
149.102.254.17 - - [04/Sep/2025:21:36:17 +0200] "GET /upload/image/ HTTP/1.1" 301 162 "-" "-"
149.102.254.17 - - [04/Sep/2025:21:36:23 +0200] "GET /assets/images/ HTTP/1.1" 301 162 "-" "-"
149.102.254.17 - - [04/Sep/2025:21:36:25 +0200] "GET /Public/ HTTP/1.1" 301 162 "-" "-"
149.102.254.17 - - [04/Sep/2025:21:36:30 +0200] "GET /vendor/ HTTP/1.1" 301 162 "-" "-"
149.102.254.17 - - [04/Sep/2025:21:36:33 +0200] "GET /local/ HTTP/1.1" 301 162 "-" "-"
149.102.254.17 - - [04/Sep/2025:21:36:37 +0200] "GET /modules/ HTTP/1.1" 301 162 "-" "-"
149.102.254.17 - - [04/Sep/2025:21:36:39 +0200] "GET /Site/ HTTP/1.1" 301 162 "-" "-"
149.102.254.17 - - [04/Sep/2025:21:36:42 +0200] "GET /system/ HTTP/1.1" 301 162 "-" "-"
149.102.254.17 - - [04/Sep/2025:21:36:45 +0200] "GET /template/ HTTP/1.1" 301 162 "-" "-"
149.102.254.17 - - [04/Sep/2025:21:36:47 +0200] "GET /shop/ HTTP/1.1" 301 162 "-" "-"
149.102.254.17 - - [04/Sep/2025:21:36:59 +0200] "GET /files/ HTTP/1.1" 301 162 "-" "-"
149.102.254.17 - - [04/Sep/2025:21:37:02 +0200] "GET /admin/editor/ HTTP/1.1" 301 162 "-" "-"
149.102.254.17 - - [04/Sep/2025:21:37:08 +0200] "GET /include/ HTTP/1.1" 301 162 "-" "-"
149.102.254.17 - - [04/Sep/2025:21:37:19 +0200] "GET /Assets/ HTTP/1.1" 301 162 "-" "-"
149.102.254.17 - - [04/Sep/2025:21:37:28 +0200] "GET /images/stories/ HTTP/1.1" 301 162 "-" "-"
149.102.254.17 - - [04/Sep/2025:21:37:31 +0200] "GET /plugins/ HTTP/1.1" 301 162 "-" "-"
149.102.254.17 - - [04/Sep/2025:21:37:32 +0200] "GET /php/ HTTP/1.1" 301 162 "-" "-"
149.102.254.17 - - [04/Sep/2025:21:37:34 +0200] "GET /wp-admin/css/ HTTP/1.1" 301 162 "-" "-"
149.102.254.17 - - [04/Sep/2025:21:37:34 +0200] "GET /wp-content/themes/twentytwenty/ HTTP/1.1" 301 162 "-" "-"
149.102.254.17 - - [04/Sep/2025:21:37:36 +0200] "GET /wp-content/cache/ HTTP/1.1" 301 162 "-" "-"
149.102.254.17 - - [04/Sep/2025:21:37:37 +0200] "GET /wp-admin/maint/ HTTP/1.1" 301 162 "-" "-"
149.102.254.17 - - [04/Sep/2025:21:37:37 +0200] "GET /wp-content/plugins/akismet/ HTTP/1.1" 301 162 "-" "-"
149.102.254.17 - - [04/Sep/2025:21:37:38 +0200] "GET /wp-includes/assets/ HTTP/1.1" 301 162 "-" "-"
149.102.254.17 - - [04/Sep/2025:21:37:39 +0200] "GET /wp-includes/block-patterns/ HTTP/1.1" 301 162 "-" "-"
149.102.254.17 - - [04/Sep/2025:21:37:39 +0200] "GET /wp-includes/block-supports/ HTTP/1.1" 301 162 "-" "-"
149.102.254.17 - - [04/Sep/2025:21:37:40 +0200] "GET /wp-includes/html-api/ HTTP/1.1" 301 162 "-" "-"
149.102.254.17 - - [04/Sep/2025:21:37:41 +0200] "GET /wp-includes/js/ HTTP/1.1" 301 162 "-" "-"
149.102.254.17 - - [04/Sep/2025:21:37:41 +0200] "GET /wp-includes/php-compat/ HTTP/1.1" 301 162 "-" "-"
149.102.254.17 - - [04/Sep/2025:21:37:42 +0200] "GET /wp-includes/PHPMailer/ HTTP/1.1" 301 162 "-" "-"
149.102.254.17 - - [04/Sep/2025:21:37:45 +0200] "GET /wp-includes/pomo/ HTTP/1.1" 301 162 "-" "-"
149.102.254.17 - - [04/Sep/2025:21:37:46 +0200] "GET /wp-includes/random_compat/ HTTP/1.1" 301 162 "-" "-"
149.102.254.17 - - [04/Sep/2025:21:37:48 +0200] "GET /wp-includes/rest-api/ HTTP/1.1" 301 162 "-" "-"
149.102.254.17 - - [04/Sep/2025:21:37:49 +0200] "GET /wp-includes/sitemaps/ HTTP/1.1" 301 162 "-" "-"
149.102.254.17 - - [04/Sep/2025:21:37:49 +0200] "GET /wp-includes/sodium_compat/ HTTP/1.1" 301 162 "-" "-"
149.102.254.17 - - [04/Sep/2025:21:37:50 +0200] "GET /wp-includes/style-engine/ HTTP/1.1" 301 162 "-" "-"
149.102.254.17 - - [04/Sep/2025:21:37:51 +0200] "GET /wp-includes/theme-compat/ HTTP/1.1" 301 162 "-" "-"
149.102.254.17 - - [04/Sep/2025:21:38:01 +0200] "GET /wp-includes/widgets/ HTTP/1.1" 301 162 "-" "-"
149.102.254.17 - - [04/Sep/2025:21:38:02 +0200] "GET /wp-admin/css/colors/ectoplasm/ HTTP/1.1" 301 162 "-" "-"
149.102.254.17 - - [04/Sep/2025:21:38:02 +0200] "GET /wp-admin/css/colors/ HTTP/1.1" 301 162 "-" "-"
149.102.254.17 - - [04/Sep/2025:21:38:03 +0200] "GET /admin/images/slider/ HTTP/1.1" 301 162 "-" "-"
149.102.254.17 - - [04/Sep/2025:21:38:06 +0200] "GET /admin/fckeditor/editor/filemanager/ HTTP/1.1" 301 162 "-" "-"
149.102.254.17 - - [04/Sep/2025:21:38:09 +0200] "GET /sites/default/files/ HTTP/1.1" 301 162 "-" "-"
149.102.254.17 - - [04/Sep/2025:21:38:12 +0200] "GET /admin/controller/extension/extension/ HTTP/1.1" 301 162 "-" "-"
149.102.254.17 - - [04/Sep/2025:21:38:15 +0200] "GET /modules/mod_simplefileuploadv1.3/elements/ HTTP/1.1" 301 162 "-" "-"
149.102.254.17 - - [04/Sep/2025:21:38:17 +0200] "GET /components/ HTTP/1.1" 301 162 "-" "-"
149.102.254.17 - - [04/Sep/2025:21:38:20 +0200] "GET /admin/uploads/images/ HTTP/1.1" 301 162 "-" "-"
149.102.254.17 - - [04/Sep/2025:21:38:23 +0200] "GET /wp-content/plugins/classic-editor/ HTTP/1.1" 301 162 "-" "-"
149.102.254.17 - - [04/Sep/2025:21:38:25 +0200] "GET /wp-content/fonts/ HTTP/1.1" 301 162 "-" "-"
149.102.254.17 - - [04/Sep/2025:21:38:27 +0200] "GET /wp-content/plugins/contact-form-7/admin/js/ HTTP/1.1" 301 162 "-" "-"
149.102.254.17 - - [04/Sep/2025:21:38:29 +0200] "GET /wp-content/plugins/contact-form-7/ HTTP/1.1" 301 162 "-" "-"
149.102.254.17 - - [04/Sep/2025:21:38:29 +0200] "GET /wordpress/ HTTP/1.1" 301 162 "-" "-"
149.102.254.17 - - [04/Sep/2025:21:38:31 +0200] "GET /wp-admin/images/ HTTP/1.1" 301 162 "-" "-"
149.102.254.17 - - [04/Sep/2025:21:38:32 +0200] "GET /wp-content/plugins/wordpress-seo/js/dist/ HTTP/1.1" 301 162 "-" "-"
149.102.254.17 - - [04/Sep/2025:21:38:32 +0200] "GET /wp-content/plugins/wordpress-seo/ HTTP/1.1" 301 162 "-" "-"
149.102.254.17 - - [04/Sep/2025:21:38:33 +0200] "GET /js/ HTTP/1.1" 301 162 "-" "-"
149.102.254.17 - - [04/Sep/2025:21:38:34 +0200] "GET /wp-content/plugins/woocommerce/assets/js/ HTTP/1.1" 301 162 "-" "-"
149.102.254.17 - - [04/Sep/2025:21:38:36 +0200] "GET /wp-content/plugins/woocommerce/ HTTP/1.1" 301 162 "-" "-"
149.102.254.17 - - [04/Sep/2025:21:38:38 +0200] "GET /wp-admin/meta/ HTTP/1.1" 301 162 "-" "-"
149.102.254.17 - - [04/Sep/2025:21:38:41 +0200] "GET /wp-admin/network/ HTTP/1.1" 301 162 "-" "-"
149.102.254.17 - - [04/Sep/2025:21:38:42 +0200] "GET /wp-admin/user/ HTTP/1.1" 301 162 "-" "-"
149.102.254.17 - - [04/Sep/2025:21:38:43 +0200] "GET /wp-content/ HTTP/1.1" 301 162 "-" "-"
149.102.254.17 - - [04/Sep/2025:21:38:44 +0200] "GET /wp-content/plugins/ HTTP/1.1" 301 162 "-" "-"
149.102.254.17 - - [04/Sep/2025:21:38:44 +0200] "GET /wp-content/themes/ HTTP/1.1" 301 162 "-" "-"
149.102.254.17 - - [04/Sep/2025:21:38:45 +0200] "GET /wp-admin/includes/ HTTP/1.1" 301 162 "-" "-"
149.102.254.17 - - [04/Sep/2025:21:38:45 +0200] "GET /wp-admin/ HTTP/1.1" 301 162 "-" "-"
149.102.254.17 - - [04/Sep/2025:21:38:46 +0200] "GET /wp-content/upgrade/ HTTP/1.1" 301 162 "-" "-"
216.244.66.228 - - [04/Sep/2025:22:35:48 +0200] "GET /robots.txt HTTP/1.1" 301 162 "-" "Mozilla/5.0 (compatible; DotBot/1.2; +https://opensiteexplorer.org/dotbot; help@moz.com)"
66.249.70.201 - - [04/Sep/2025:22:48:09 +0200] "GET /robots.txt HTTP/1.1" 301 162 "-" "Mozilla/5.0 (compatible; Googlebot/2.1; +http://www.google.com/bot.html)"
216.244.66.228 - - [04/Sep/2025:23:23:04 +0200] "GET /robots.txt HTTP/1.1" 301 162 "-" "Mozilla/5.0 (compatible; DotBot/1.2; +https://opensiteexplorer.org/dotbot; help@moz.com)"
216.244.66.228 - - [05/Sep/2025:01:10:29 +0200] "GET /robots.txt HTTP/1.1" 301 162 "-" "Mozilla/5.0 (compatible; DotBot/1.2; +https://opensiteexplorer.org/dotbot; help@moz.com)"
49.51.252.146 - - [05/Sep/2025:06:29:13 +0200] "GET / HTTP/1.1" 301 162 "-" "Mozilla/5.0 (iPhone; CPU iPhone OS 13_2_3 like Mac OS X) AppleWebKit/605.1.15 (KHTML, like Gecko) Version/13.0.3 Mobile/15E148 Safari/604.1"
216.244.66.228 - - [05/Sep/2025:06:34:35 +0200] "GET /robots.txt HTTP/1.1" 301 162 "-" "Mozilla/5.0 (compatible; DotBot/1.2; +https://opensiteexplorer.org/dotbot; help@moz.com)"
216.244.66.228 - - [05/Sep/2025:07:23:37 +0200] "GET /robots.txt HTTP/1.1" 301 162 "-" "Mozilla/5.0 (compatible; DotBot/1.2; +https://opensiteexplorer.org/dotbot; help@moz.com)"
216.244.66.228 - - [05/Sep/2025:08:24:56 +0200] "GET /robots.txt HTTP/1.1" 301 162 "-" "Mozilla/5.0 (compatible; DotBot/1.2; +https://opensiteexplorer.org/dotbot; help@moz.com)"
216.244.66.228 - - [05/Sep/2025:09:11:59 +0200] "GET /robots.txt HTTP/1.1" 301 162 "-" "Mozilla/5.0 (compatible; DotBot/1.2; +https://opensiteexplorer.org/dotbot; help@moz.com)"
34.243.63.63 - - [05/Sep/2025:10:30:00 +0200] "GET / HTTP/1.1" 301 162 "-" "Mozilla/5.0 (X11; Linux x86_64) AppleWebKit/537.36 (KHTML, like Gecko) Chrome/44.0.2403.157 Safari/537.36"
216.244.66.228 - - [05/Sep/2025:10:58:09 +0200] "GET /robots.txt HTTP/1.1" 301 162 "-" "Mozilla/5.0 (compatible; DotBot/1.2; +https://opensiteexplorer.org/dotbot; help@moz.com)"
216.244.66.228 - - [05/Sep/2025:12:47:18 +0200] "GET /robots.txt HTTP/1.1" 301 162 "-" "Mozilla/5.0 (compatible; DotBot/1.2; +https://opensiteexplorer.org/dotbot; help@moz.com)"
43.166.255.102 - - [05/Sep/2025:13:50:11 +0200] "GET / HTTP/1.1" 301 162 "-" "Mozilla/5.0 (iPhone; CPU iPhone OS 13_2_3 like Mac OS X) AppleWebKit/605.1.15 (KHTML, like Gecko) Version/13.0.3 Mobile/15E148 Safari/604.1"
49.51.243.156 - - [05/Sep/2025:20:32:01 +0200] "GET / HTTP/1.1" 301 162 "-" "Mozilla/5.0 (iPhone; CPU iPhone OS 13_2_3 like Mac OS X) AppleWebKit/605.1.15 (KHTML, like Gecko) Version/13.0.3 Mobile/15E148 Safari/604.1"
110.40.68.238 - - [06/Sep/2025:01:31:32 +0200] "GET /e/data/ecmseditor/infoeditor/plugins/smiley/images/angel_smile.png HTTP/1.1" 301 162 "http://www.tierrasdelciddesarrollorural.es" "(compatible; Baiduspider/2.0; +http://www.baidu.com/search/spider.html\xA3\xA9"
110.40.68.238 - - [06/Sep/2025:01:31:35 +0200] "GET /e/data/js/jscolor/hs.png HTTP/1.1" 301 162 "http://www.tierrasdelciddesarrollorural.es" "Mozilla/5.0 (compatible; Baiduspider/2.0; +http://www.baidu.com/search/spider.html\xA3\xA9"
198.235.24.180 - - [06/Sep/2025:02:48:40 +0200] "GET / HTTP/1.1" 301 162 "-" "-"
66.249.70.192 - - [06/Sep/2025:03:44:17 +0200] "GET /robots.txt HTTP/1.1" 301 162 "-" "Mozilla/5.0 (compatible; Googlebot/2.1; +http://www.google.com/bot.html)"
3.133.158.113 - - [06/Sep/2025:05:16:25 +0200] "GET / HTTP/1.1" 301 162 "-" "Mozilla/5.0 (Macintosh; Intel Mac OS X 10_15_7) AppleWebKit/537.36 (KHTML, like Gecko) Chrome/121.0.0.0 Safari/537.36"
216.244.66.228 - - [06/Sep/2025:08:04:59 +0200] "GET /robots.txt HTTP/1.1" 301 162 "-" "Mozilla/5.0 (compatible; DotBot/1.2; +https://opensiteexplorer.org/dotbot; help@moz.com)"
170.106.35.153 - - [06/Sep/2025:08:15:47 +0200] "GET / HTTP/1.1" 301 162 "-" "Mozilla/5.0 (iPhone; CPU iPhone OS 13_2_3 like Mac OS X) AppleWebKit/605.1.15 (KHTML, like Gecko) Version/13.0.3 Mobile/15E148 Safari/604.1"
123.160.223.72 - - [06/Sep/2025:12:05:37 +0200] "GET / HTTP/1.1" 301 162 "-" "Mozilla/5.0 (Macintosh; Intel Mac OS X 10_15_7) AppleWebKit/537.36 (KHTML, like Gecko) Chrome/96.0.4664.110 Safari/537.36"
123.160.223.75 - - [06/Sep/2025:12:05:47 +0200] "GET / HTTP/1.1" 301 162 "-" "Mozilla/5.0 (Macintosh; Intel Mac OS X 11_0_0) AppleWebKit/537.36 (KHTML, like Gecko) Chrome/87.0.4280.88 Safari/537.36"
43.130.102.223 - - [06/Sep/2025:14:34:09 +0200] "GET / HTTP/1.1" 301 162 "-" "Mozilla/5.0 (iPhone; CPU iPhone OS 13_2_3 like Mac OS X) AppleWebKit/605.1.15 (KHTML, like Gecko) Version/13.0.3 Mobile/15E148 Safari/604.1"
43.153.79.218 - - [06/Sep/2025:21:12:50 +0200] "GET / HTTP/1.1" 301 162 "-" "Mozilla/5.0 (iPhone; CPU iPhone OS 13_2_3 like Mac OS X) AppleWebKit/605.1.15 (KHTML, like Gecko) Version/13.0.3 Mobile/15E148 Safari/604.1"
216.244.66.228 - - [06/Sep/2025:22:03:26 +0200] "GET /robots.txt HTTP/1.1" 301 162 "-" "Mozilla/5.0 (compatible; DotBot/1.2; +https://opensiteexplorer.org/dotbot; help@moz.com)"
2.154.174.66 - - [06/Sep/2025:23:56:46 +0200] "GET / HTTP/1.1" 301 162 "-" "Mozilla/5.0 (Windows NT 10.0; Win64; x64) AppleWebKit/537.36 (KHTML, like Gecko) Chrome/120.0.0.0 Safari/537.36"
216.244.66.228 - - [07/Sep/2025:06:10:20 +0200] "GET /robots.txt HTTP/1.1" 301 162 "-" "Mozilla/5.0 (compatible; DotBot/1.2; +https://opensiteexplorer.org/dotbot; help@moz.com)"
43.166.238.12 - - [07/Sep/2025:07:39:04 +0200] "GET / HTTP/1.1" 301 162 "-" "Mozilla/5.0 (iPhone; CPU iPhone OS 13_2_3 like Mac OS X) AppleWebKit/605.1.15 (KHTML, like Gecko) Version/13.0.3 Mobile/15E148 Safari/604.1"
216.244.66.228 - - [07/Sep/2025:08:41:32 +0200] "GET /robots.txt HTTP/1.1" 301 162 "-" "Mozilla/5.0 (compatible; DotBot/1.2; +https://opensiteexplorer.org/dotbot; help@moz.com)"
216.244.66.228 - - [07/Sep/2025:12:01:28 +0200] "GET /robots.txt HTTP/1.1" 301 162 "-" "Mozilla/5.0 (compatible; DotBot/1.2; +https://opensiteexplorer.org/dotbot; help@moz.com)"
49.51.72.236 - - [07/Sep/2025:13:45:35 +0200] "GET / HTTP/1.1" 301 162 "-" "Mozilla/5.0 (iPhone; CPU iPhone OS 13_2_3 like Mac OS X) AppleWebKit/605.1.15 (KHTML, like Gecko) Version/13.0.3 Mobile/15E148 Safari/604.1"
43.153.10.83 - - [07/Sep/2025:20:17:37 +0200] "GET / HTTP/1.1" 301 162 "-" "Mozilla/5.0 (iPhone; CPU iPhone OS 13_2_3 like Mac OS X) AppleWebKit/605.1.15 (KHTML, like Gecko) Version/13.0.3 Mobile/15E148 Safari/604.1"
216.244.66.228 - - [07/Sep/2025:22:37:19 +0200] "GET /robots.txt HTTP/1.1" 301 162 "-" "Mozilla/5.0 (compatible; DotBot/1.2; +https://opensiteexplorer.org/dotbot; help@moz.com)"
216.244.66.228 - - [08/Sep/2025:02:15:23 +0200] "GET /robots.txt HTTP/1.1" 301 162 "-" "Mozilla/5.0 (compatible; DotBot/1.2; +https://opensiteexplorer.org/dotbot; help@moz.com)"
216.244.66.228 - - [08/Sep/2025:03:03:44 +0200] "GET /robots.txt HTTP/1.1" 301 162 "-" "Mozilla/5.0 (compatible; DotBot/1.2; +https://opensiteexplorer.org/dotbot; help@moz.com)"
66.249.70.201 - - [08/Sep/2025:03:14:11 +0200] "GET /robots.txt HTTP/1.1" 301 162 "-" "Mozilla/5.0 (compatible; Googlebot/2.1; +http://www.google.com/bot.html)"
43.135.133.241 - - [08/Sep/2025:08:06:30 +0200] "GET / HTTP/1.1" 301 162 "-" "Mozilla/5.0 (iPhone; CPU iPhone OS 13_2_3 like Mac OS X) AppleWebKit/605.1.15 (KHTML, like Gecko) Version/13.0.3 Mobile/15E148 Safari/604.1"
61.190.137.130 - - [08/Sep/2025:08:19:04 +0200] "GET / HTTP/1.1" 301 162 "-" "Mozilla/5.0 (Windows NT 10.0; Win64; x64) AppleWebKit/537.36 (KHTML, like Gecko) Chrome/122.0.0.0 Safari/537.36 Edg/122.0.0.0"
61.190.137.130 - - [08/Sep/2025:08:19:12 +0200] "GET / HTTP/1.1" 301 162 "-" "Mozilla/5.0 (Windows NT 10.0; Win64; x64) AppleWebKit/537.36 (KHTML, like Gecko) Chrome/122.0.0.0 Safari/537.36 Edg/122.0.0.0"
216.244.66.228 - - [08/Sep/2025:09:12:26 +0200] "GET /robots.txt HTTP/1.1" 301 162 "-" "Mozilla/5.0 (compatible; DotBot/1.2; +https://opensiteexplorer.org/dotbot; help@moz.com)"
216.244.66.228 - - [08/Sep/2025:10:00:26 +0200] "GET /robots.txt HTTP/1.1" 301 162 "-" "Mozilla/5.0 (compatible; DotBot/1.2; +https://opensiteexplorer.org/dotbot; help@moz.com)"
216.244.66.228 - - [08/Sep/2025:11:47:06 +0200] "GET /robots.txt HTTP/1.1" 301 162 "-" "Mozilla/5.0 (compatible; DotBot/1.2; +https://opensiteexplorer.org/dotbot; help@moz.com)"
123.6.49.47 - - [08/Sep/2025:13:50:49 +0200] "GET / HTTP/1.1" 301 162 "-" "Mozilla/5.0 (Linux; U; Android 8.1.0; zh-cn; MI 8 Build/OPM1.171019.011) AppleWebKit/537.36 (KHTML, like Gecko) Version/4.0 Chrome/57.0.2987.108 Mobile Safari/537.36"
43.133.253.253 - - [08/Sep/2025:14:05:55 +0200] "GET / HTTP/1.1" 301 162 "-" "Mozilla/5.0 (iPhone; CPU iPhone OS 13_2_3 like Mac OS X) AppleWebKit/605.1.15 (KHTML, like Gecko) Version/13.0.3 Mobile/15E148 Safari/604.1"
165.227.111.14 - - [08/Sep/2025:16:34:31 +0200] "GET / HTTP/1.1" 301 162 "-" "Mozilla/5.0 (X11; Linux x86_64) AppleWebKit/537.36 (KHTML, like Gecko) Chrome/139.0.0.0 Safari/537.36"
165.227.111.14 - - [08/Sep/2025:16:34:32 +0200] "GET /favicon.ico HTTP/1.1" 301 162 "http://www.tierrasdelciddesarrollorural.es/" "Mozilla/5.0 (X11; Linux x86_64) AppleWebKit/537.36 (KHTML, like Gecko) Chrome/139.0.0.0 Safari/537.36"
216.244.66.228 - - [08/Sep/2025:17:00:43 +0200] "GET /robots.txt HTTP/1.1" 301 162 "-" "Mozilla/5.0 (compatible; DotBot/1.2; +https://opensiteexplorer.org/dotbot; help@moz.com)"
216.244.66.228 - - [08/Sep/2025:17:49:40 +0200] "GET /robots.txt HTTP/1.1" 301 162 "-" "Mozilla/5.0 (compatible; DotBot/1.2; +https://opensiteexplorer.org/dotbot; help@moz.com)"
216.244.66.228 - - [08/Sep/2025:18:49:24 +0200] "GET /robots.txt HTTP/1.1" 301 162 "-" "Mozilla/5.0 (compatible; DotBot/1.2; +https://opensiteexplorer.org/dotbot; help@moz.com)"
194.163.158.166 - - [08/Sep/2025:18:59:40 +0200] "GET /wp-login.php HTTP/1.1" 301 162 "-" "Mozilla/5.0 (X11; Ubuntu; Linux x86_64; rv:85.0) Gecko/20100101 Firefox/91.0"
216.244.66.228 - - [08/Sep/2025:19:38:31 +0200] "GET /robots.txt HTTP/1.1" 301 162 "-" "Mozilla/5.0 (compatible; DotBot/1.2; +https://opensiteexplorer.org/dotbot; help@moz.com)"
170.106.163.48 - - [08/Sep/2025:20:43:54 +0200] "GET / HTTP/1.1" 301 162 "-" "Mozilla/5.0 (iPhone; CPU iPhone OS 13_2_3 like Mac OS X) AppleWebKit/605.1.15 (KHTML, like Gecko) Version/13.0.3 Mobile/15E148 Safari/604.1"
216.244.66.228 - - [08/Sep/2025:21:34:12 +0200] "GET /robots.txt HTTP/1.1" 301 162 "-" "Mozilla/5.0 (compatible; DotBot/1.2; +https://opensiteexplorer.org/dotbot; help@moz.com)"
216.244.66.228 - - [08/Sep/2025:23:29:32 +0200] "GET /robots.txt HTTP/1.1" 301 162 "-" "Mozilla/5.0 (compatible; DotBot/1.2; +https://opensiteexplorer.org/dotbot; help@moz.com)"
66.249.76.39 - - [08/Sep/2025:23:51:45 +0200] "GET /robots.txt HTTP/1.1" 301 162 "-" "Mozilla/5.0 (compatible; Googlebot/2.1; +http://www.google.com/bot.html)"
124.222.223.15 - - [09/Sep/2025:07:49:53 +0200] "GET / HTTP/1.1" 301 162 "-" "Mozilla/5.0 (Linux; Android 10; LIO-AN00 Build/HUAWEILIO-AN00; wv) MicroMessenger Weixin QQ AppleWebKit/537.36 (KHTML, like Gecko) Version/4.0 Chrome/78.0.3904.62 XWEB/2692 MMWEBSDK/200901 Mobile Safari/537.36"
124.222.223.15 - - [09/Sep/2025:08:27:14 +0200] "GET / HTTP/1.1" 301 162 "-" "Mozilla/5.0 (Linux; Android 10; LIO-AN00 Build/HUAWEILIO-AN00; wv) MicroMessenger Weixin QQ AppleWebKit/537.36 (KHTML, like Gecko) Version/4.0 Chrome/78.0.3904.62 XWEB/2692 MMWEBSDK/200901 Mobile Safari/537.36"
124.222.223.15 - - [09/Sep/2025:08:27:24 +0200] "GET / HTTP/1.1" 301 162 "-" "Mozilla/5.0 (Linux; Android 10; LIO-AN00 Build/HUAWEILIO-AN00; wv) MicroMessenger Weixin QQ AppleWebKit/537.36 (KHTML, like Gecko) Version/4.0 Chrome/78.0.3904.62 XWEB/2692 MMWEBSDK/200901 Mobile Safari/537.36"
124.222.223.15 - - [09/Sep/2025:08:27:41 +0200] "GET / HTTP/1.1" 301 162 "-" "Mozilla/5.0 (Linux; Android 10; LIO-AN00 Build/HUAWEILIO-AN00; wv) MicroMessenger Weixin QQ AppleWebKit/537.36 (KHTML, like Gecko) Version/4.0 Chrome/78.0.3904.62 XWEB/2692 MMWEBSDK/200901 Mobile Safari/537.36"
49.51.204.74 - - [09/Sep/2025:08:54:13 +0200] "GET / HTTP/1.1" 301 162 "-" "Mozilla/5.0 (iPhone; CPU iPhone OS 13_2_3 like Mac OS X) AppleWebKit/605.1.15 (KHTML, like Gecko) Version/13.0.3 Mobile/15E148 Safari/604.1"
45.149.173.233 - - [09/Sep/2025:09:28:10 +0200] "GET /wp-content/uploads/ HTTP/1.1" 301 162 "-" "-"
45.149.173.233 - - [09/Sep/2025:09:28:16 +0200] "GET /wp-includes/ HTTP/1.1" 301 162 "-" "-"
45.149.173.233 - - [09/Sep/2025:09:28:17 +0200] "GET /wp-includes/css/ HTTP/1.1" 301 162 "-" "-"
45.149.173.233 - - [09/Sep/2025:09:28:18 +0200] "GET /wp-includes/ID3/ HTTP/1.1" 301 162 "-" "-"
45.149.173.233 - - [09/Sep/2025:09:28:18 +0200] "GET /wp-includes/IXR/ HTTP/1.1" 301 162 "-" "-"
45.149.173.233 - - [09/Sep/2025:09:28:19 +0200] "GET /wp-includes/Requests/ HTTP/1.1" 301 162 "-" "-"
45.149.173.233 - - [09/Sep/2025:09:28:19 +0200] "GET /wp-includes/SimplePie/ HTTP/1.1" 301 162 "-" "-"
45.149.173.233 - - [09/Sep/2025:09:28:20 +0200] "GET /wp-includes/Text/ HTTP/1.1" 301 162 "-" "-"
45.149.173.233 - - [09/Sep/2025:09:28:20 +0200] "GET /wp-content/mu-plugins-old/ HTTP/1.1" 301 162 "-" "-"
45.149.173.233 - - [09/Sep/2025:09:28:22 +0200] "GET /wp-content/themes/classic/inc/ HTTP/1.1" 301 162 "-" "-"
45.149.173.233 - - [09/Sep/2025:09:28:23 +0200] "GET /wp-content/plugins/ninja-forms/ HTTP/1.1" 301 162 "-" "-"
45.149.173.233 - - [09/Sep/2025:09:28:24 +0200] "GET /wp-content/mu-plugins/ HTTP/1.1" 301 162 "-" "-"
45.149.173.233 - - [09/Sep/2025:09:28:24 +0200] "GET /wp-includes/Text/Diff/Renderer/ HTTP/1.1" 301 162 "-" "-"
45.149.173.233 - - [09/Sep/2025:09:28:25 +0200] "GET /wp-includes/blocks/ HTTP/1.1" 301 162 "-" "-"
45.149.173.233 - - [09/Sep/2025:09:28:25 +0200] "GET /wp-includes/certificates/ HTTP/1.1" 301 162 "-" "-"
45.149.173.233 - - [09/Sep/2025:09:28:25 +0200] "GET /wp-includes/customize/ HTTP/1.1" 301 162 "-" "-"
45.149.173.233 - - [09/Sep/2025:09:28:26 +0200] "GET /wp-includes/fonts/ HTTP/1.1" 301 162 "-" "-"
45.149.173.233 - - [09/Sep/2025:09:28:26 +0200] "GET /wp-includes/images/ HTTP/1.1" 301 162 "-" "-"
45.149.173.233 - - [09/Sep/2025:09:28:27 +0200] "GET /.well-known/ HTTP/1.1" 301 162 "-" "-"
45.149.173.233 - - [09/Sep/2025:09:28:27 +0200] "GET /ALFA_DATA/ HTTP/1.1" 301 162 "-" "-"
45.149.173.233 - - [09/Sep/2025:09:28:29 +0200] "GET /.well-knownold/ HTTP/1.1" 301 162 "-" "-"
45.149.173.233 - - [09/Sep/2025:09:28:30 +0200] "GET /.well-known/acme-challenge/ HTTP/1.1" 301 162 "-" "-"
45.149.173.233 - - [09/Sep/2025:09:28:30 +0200] "GET /cgi-bin/ HTTP/1.1" 301 162 "-" "-"
45.149.173.233 - - [09/Sep/2025:09:28:31 +0200] "GET /index/ HTTP/1.1" 301 162 "-" "-"
45.149.173.233 - - [09/Sep/2025:09:28:32 +0200] "GET /id/ HTTP/1.1" 301 162 "-" "-"
45.149.173.233 - - [09/Sep/2025:09:28:34 +0200] "GET /www/ HTTP/1.1" 301 162 "-" "-"
45.149.173.233 - - [09/Sep/2025:09:28:35 +0200] "GET /web/ HTTP/1.1" 301 162 "-" "-"
45.149.173.233 - - [09/Sep/2025:09:28:36 +0200] "GET /uploads/ HTTP/1.1" 301 162 "-" "-"
45.149.173.233 - - [09/Sep/2025:09:28:36 +0200] "GET /upload/ HTTP/1.1" 301 162 "-" "-"
45.149.173.233 - - [09/Sep/2025:09:28:38 +0200] "GET /admin/uploads/ HTTP/1.1" 301 162 "-" "-"
45.149.173.233 - - [09/Sep/2025:09:28:39 +0200] "GET /Admin/uploads/ HTTP/1.1" 301 162 "-" "-"
45.149.173.233 - - [09/Sep/2025:09:28:40 +0200] "GET /admin/ HTTP/1.1" 301 162 "-" "-"
45.149.173.233 - - [09/Sep/2025:09:28:42 +0200] "GET /images/ HTTP/1.1" 301 162 "-" "-"
45.149.173.233 - - [09/Sep/2025:09:28:43 +0200] "GET /assets/ HTTP/1.1" 301 162 "-" "-"
45.149.173.233 - - [09/Sep/2025:09:28:44 +0200] "GET /vendor/phpunit/phpunit/src/Util/PHP/ HTTP/1.1" 301 162 "-" "-"
45.149.173.233 - - [09/Sep/2025:09:28:45 +0200] "GET /upload/image/ HTTP/1.1" 301 162 "-" "-"
45.149.173.233 - - [09/Sep/2025:09:28:46 +0200] "GET /assets/images/ HTTP/1.1" 301 162 "-" "-"
45.149.173.233 - - [09/Sep/2025:09:28:46 +0200] "GET /Public/ HTTP/1.1" 301 162 "-" "-"
45.149.173.233 - - [09/Sep/2025:09:28:47 +0200] "GET /vendor/ HTTP/1.1" 301 162 "-" "-"
45.149.173.233 - - [09/Sep/2025:09:28:48 +0200] "GET /local/ HTTP/1.1" 301 162 "-" "-"
45.149.173.233 - - [09/Sep/2025:09:28:49 +0200] "GET /modules/ HTTP/1.1" 301 162 "-" "-"
45.149.173.233 - - [09/Sep/2025:09:28:50 +0200] "GET /Site/ HTTP/1.1" 301 162 "-" "-"
45.149.173.233 - - [09/Sep/2025:09:28:51 +0200] "GET /system/ HTTP/1.1" 301 162 "-" "-"
45.149.173.233 - - [09/Sep/2025:09:28:52 +0200] "GET /template/ HTTP/1.1" 301 162 "-" "-"
45.149.173.233 - - [09/Sep/2025:09:28:54 +0200] "GET /shop/ HTTP/1.1" 301 162 "-" "-"
45.149.173.233 - - [09/Sep/2025:09:28:55 +0200] "GET /files/ HTTP/1.1" 301 162 "-" "-"
45.149.173.233 - - [09/Sep/2025:09:28:57 +0200] "GET /admin/editor/ HTTP/1.1" 301 162 "-" "-"
45.149.173.233 - - [09/Sep/2025:09:28:59 +0200] "GET /include/ HTTP/1.1" 301 162 "-" "-"
45.149.173.233 - - [09/Sep/2025:09:29:00 +0200] "GET /Assets/ HTTP/1.1" 301 162 "-" "-"
45.149.173.233 - - [09/Sep/2025:09:29:01 +0200] "GET /images/stories/ HTTP/1.1" 301 162 "-" "-"
45.149.173.233 - - [09/Sep/2025:09:29:01 +0200] "GET /plugins/ HTTP/1.1" 301 162 "-" "-"
45.149.173.233 - - [09/Sep/2025:09:29:02 +0200] "GET /php/ HTTP/1.1" 301 162 "-" "-"
45.149.173.233 - - [09/Sep/2025:09:29:03 +0200] "GET /wp-admin/css/ HTTP/1.1" 301 162 "-" "-"
45.149.173.233 - - [09/Sep/2025:09:29:03 +0200] "GET /wp-content/themes/twentytwenty/ HTTP/1.1" 301 162 "-" "-"
45.149.173.233 - - [09/Sep/2025:09:29:04 +0200] "GET /wp-content/cache/ HTTP/1.1" 301 162 "-" "-"
45.149.173.233 - - [09/Sep/2025:09:29:05 +0200] "GET /wp-admin/maint/ HTTP/1.1" 301 162 "-" "-"
45.149.173.233 - - [09/Sep/2025:09:29:05 +0200] "GET /wp-content/plugins/akismet/ HTTP/1.1" 301 162 "-" "-"
45.149.173.233 - - [09/Sep/2025:09:29:06 +0200] "GET /wp-includes/assets/ HTTP/1.1" 301 162 "-" "-"
45.149.173.233 - - [09/Sep/2025:09:29:06 +0200] "GET /wp-includes/block-patterns/ HTTP/1.1" 301 162 "-" "-"
45.149.173.233 - - [09/Sep/2025:09:29:07 +0200] "GET /wp-includes/block-supports/ HTTP/1.1" 301 162 "-" "-"
45.149.173.233 - - [09/Sep/2025:09:29:08 +0200] "GET /wp-includes/html-api/ HTTP/1.1" 301 162 "-" "-"
45.149.173.233 - - [09/Sep/2025:09:29:08 +0200] "GET /wp-includes/js/ HTTP/1.1" 301 162 "-" "-"
45.149.173.233 - - [09/Sep/2025:09:29:08 +0200] "GET /wp-includes/php-compat/ HTTP/1.1" 301 162 "-" "-"
45.149.173.233 - - [09/Sep/2025:09:29:09 +0200] "GET /wp-includes/PHPMailer/ HTTP/1.1" 301 162 "-" "-"
45.149.173.233 - - [09/Sep/2025:09:29:10 +0200] "GET /wp-includes/pomo/ HTTP/1.1" 301 162 "-" "-"
45.149.173.233 - - [09/Sep/2025:09:29:11 +0200] "GET /wp-includes/random_compat/ HTTP/1.1" 301 162 "-" "-"
45.149.173.233 - - [09/Sep/2025:09:29:12 +0200] "GET /wp-includes/rest-api/ HTTP/1.1" 301 162 "-" "-"
45.149.173.233 - - [09/Sep/2025:09:29:12 +0200] "GET /wp-includes/sitemaps/ HTTP/1.1" 301 162 "-" "-"
45.149.173.233 - - [09/Sep/2025:09:29:13 +0200] "GET /wp-includes/sodium_compat/ HTTP/1.1" 301 162 "-" "-"
45.149.173.233 - - [09/Sep/2025:09:29:14 +0200] "GET /wp-includes/style-engine/ HTTP/1.1" 301 162 "-" "-"
45.149.173.233 - - [09/Sep/2025:09:29:15 +0200] "GET /wp-includes/theme-compat/ HTTP/1.1" 301 162 "-" "-"
45.149.173.233 - - [09/Sep/2025:09:29:15 +0200] "GET /wp-includes/widgets/ HTTP/1.1" 301 162 "-" "-"
45.149.173.233 - - [09/Sep/2025:09:29:16 +0200] "GET /wp-admin/css/colors/ectoplasm/ HTTP/1.1" 301 162 "-" "-"
45.149.173.233 - - [09/Sep/2025:09:29:16 +0200] "GET /wp-admin/css/colors/ HTTP/1.1" 301 162 "-" "-"
45.149.173.233 - - [09/Sep/2025:09:29:17 +0200] "GET /admin/images/slider/ HTTP/1.1" 301 162 "-" "-"
45.149.173.233 - - [09/Sep/2025:09:29:18 +0200] "GET /admin/fckeditor/editor/filemanager/ HTTP/1.1" 301 162 "-" "-"
45.149.173.233 - - [09/Sep/2025:09:29:19 +0200] "GET /sites/default/files/ HTTP/1.1" 301 162 "-" "-"
45.149.173.233 - - [09/Sep/2025:09:29:20 +0200] "GET /admin/controller/extension/extension/ HTTP/1.1" 301 162 "-" "-"
45.149.173.233 - - [09/Sep/2025:09:29:21 +0200] "GET /modules/mod_simplefileuploadv1.3/elements/ HTTP/1.1" 301 162 "-" "-"
45.149.173.233 - - [09/Sep/2025:09:29:22 +0200] "GET /components/ HTTP/1.1" 301 162 "-" "-"
45.149.173.233 - - [09/Sep/2025:09:29:23 +0200] "GET /admin/uploads/images/ HTTP/1.1" 301 162 "-" "-"
45.149.173.233 - - [09/Sep/2025:09:29:24 +0200] "GET /wp-content/plugins/classic-editor/ HTTP/1.1" 301 162 "-" "-"
45.149.173.233 - - [09/Sep/2025:09:29:25 +0200] "GET /wp-content/fonts/ HTTP/1.1" 301 162 "-" "-"
45.149.173.233 - - [09/Sep/2025:09:29:27 +0200] "GET /wp-content/plugins/contact-form-7/admin/js/ HTTP/1.1" 301 162 "-" "-"
45.149.173.233 - - [09/Sep/2025:09:29:28 +0200] "GET /wp-content/plugins/contact-form-7/ HTTP/1.1" 301 162 "-" "-"
45.149.173.233 - - [09/Sep/2025:09:29:29 +0200] "GET /wordpress/ HTTP/1.1" 301 162 "-" "-"
45.149.173.233 - - [09/Sep/2025:09:29:30 +0200] "GET /wp-admin/images/ HTTP/1.1" 301 162 "-" "-"
45.149.173.233 - - [09/Sep/2025:09:29:31 +0200] "GET /wp-content/plugins/wordpress-seo/js/dist/ HTTP/1.1" 301 162 "-" "-"
45.149.173.233 - - [09/Sep/2025:09:29:31 +0200] "GET /wp-content/plugins/wordpress-seo/ HTTP/1.1" 301 162 "-" "-"
45.149.173.233 - - [09/Sep/2025:09:29:32 +0200] "GET /js/ HTTP/1.1" 301 162 "-" "-"
45.149.173.233 - - [09/Sep/2025:09:29:33 +0200] "GET /wp-content/plugins/woocommerce/assets/js/ HTTP/1.1" 301 162 "-" "-"
45.149.173.233 - - [09/Sep/2025:09:29:35 +0200] "GET /wp-content/plugins/woocommerce/ HTTP/1.1" 301 162 "-" "-"
45.149.173.233 - - [09/Sep/2025:09:29:36 +0200] "GET /wp-admin/meta/ HTTP/1.1" 301 162 "-" "-"
45.149.173.233 - - [09/Sep/2025:09:29:37 +0200] "GET /wp-admin/network/ HTTP/1.1" 301 162 "-" "-"
45.149.173.233 - - [09/Sep/2025:09:29:38 +0200] "GET /wp-admin/user/ HTTP/1.1" 301 162 "-" "-"
45.149.173.233 - - [09/Sep/2025:09:29:40 +0200] "GET /wp-content/ HTTP/1.1" 301 162 "-" "-"
45.149.173.233 - - [09/Sep/2025:09:29:40 +0200] "GET /wp-content/plugins/ HTTP/1.1" 301 162 "-" "-"
45.149.173.233 - - [09/Sep/2025:09:29:41 +0200] "GET /wp-content/themes/ HTTP/1.1" 301 162 "-" "-"
45.149.173.233 - - [09/Sep/2025:09:29:41 +0200] "GET /wp-admin/includes/ HTTP/1.1" 301 162 "-" "-"
45.149.173.233 - - [09/Sep/2025:09:29:42 +0200] "GET /wp-admin/ HTTP/1.1" 301 162 "-" "-"
45.149.173.233 - - [09/Sep/2025:09:29:43 +0200] "GET /wp-content/upgrade/ HTTP/1.1" 301 162 "-" "-"
216.244.66.228 - - [09/Sep/2025:12:45:02 +0200] "GET /robots.txt HTTP/1.1" 301 162 "-" "Mozilla/5.0 (compatible; DotBot/1.2; +https://opensiteexplorer.org/dotbot; help@moz.com)"
43.133.66.51 - - [09/Sep/2025:14:56:30 +0200] "GET / HTTP/1.1" 301 162 "-" "Mozilla/5.0 (iPhone; CPU iPhone OS 13_2_3 like Mac OS X) AppleWebKit/605.1.15 (KHTML, like Gecko) Version/13.0.3 Mobile/15E148 Safari/604.1"
216.244.66.228 - - [09/Sep/2025:18:15:15 +0200] "GET /robots.txt HTTP/1.1" 301 162 "-" "Mozilla/5.0 (compatible; DotBot/1.2; +https://opensiteexplorer.org/dotbot; help@moz.com)"
85.25.177.176 - - [09/Sep/2025:19:10:32 +0200] "GET /robots.txt HTTP/1.1" 301 162 "-" "Apache-HttpClient/4.5.14 (Java/11.0.11)"
85.25.177.176 - - [09/Sep/2025:19:10:39 +0200] "GET / HTTP/1.1" 301 162 "-" "Mozilla/5.0 (Macintosh; Intel Mac OS X 10_15_7; rv:132.0) Gecko/20100101 Firefox/132.0"
43.166.246.180 - - [10/Sep/2025:03:29:26 +0200] "GET / HTTP/1.1" 301 162 "-" "Mozilla/5.0 (iPhone; CPU iPhone OS 13_2_3 like Mac OS X) AppleWebKit/605.1.15 (KHTML, like Gecko) Version/13.0.3 Mobile/15E148 Safari/604.1"
216.244.66.228 - - [10/Sep/2025:06:44:44 +0200] "GET /robots.txt HTTP/1.1" 301 162 "-" "Mozilla/5.0 (compatible; DotBot/1.2; +https://opensiteexplorer.org/dotbot; help@moz.com)"
216.244.66.228 - - [10/Sep/2025:08:16:08 +0200] "GET /robots.txt HTTP/1.1" 301 162 "-" "Mozilla/5.0 (compatible; DotBot/1.2; +https://opensiteexplorer.org/dotbot; help@moz.com)"
43.166.226.186 - - [10/Sep/2025:11:53:51 +0200] "GET / HTTP/1.1" 301 162 "-" "Mozilla/5.0 (iPhone; CPU iPhone OS 13_2_3 like Mac OS X) AppleWebKit/605.1.15 (KHTML, like Gecko) Version/13.0.3 Mobile/15E148 Safari/604.1"
216.244.66.228 - - [10/Sep/2025:16:41:49 +0200] "GET /robots.txt HTTP/1.1" 301 162 "-" "Mozilla/5.0 (compatible; DotBot/1.2; +https://opensiteexplorer.org/dotbot; help@moz.com)"
66.249.70.193 - - [10/Sep/2025:16:42:25 +0200] "GET /robots.txt HTTP/1.1" 301 162 "-" "Mozilla/5.0 (compatible; Googlebot/2.1; +http://www.google.com/bot.html)"
43.130.74.193 - - [10/Sep/2025:17:51:16 +0200] "GET / HTTP/1.1" 301 162 "-" "Mozilla/5.0 (iPhone; CPU iPhone OS 13_2_3 like Mac OS X) AppleWebKit/605.1.15 (KHTML, like Gecko) Version/13.0.3 Mobile/15E148 Safari/604.1"
216.244.66.228 - - [10/Sep/2025:19:10:36 +0200] "GET /robots.txt HTTP/1.1" 301 162 "-" "Mozilla/5.0 (compatible; DotBot/1.2; +https://opensiteexplorer.org/dotbot; help@moz.com)"
216.244.66.228 - - [10/Sep/2025:22:17:09 +0200] "GET /robots.txt HTTP/1.1" 301 162 "-" "Mozilla/5.0 (compatible; DotBot/1.2; +https://opensiteexplorer.org/dotbot; help@moz.com)"
43.135.183.82 - - [11/Sep/2025:06:14:03 +0200] "GET / HTTP/1.1" 301 162 "-" "Mozilla/5.0 (iPhone; CPU iPhone OS 13_2_3 like Mac OS X) AppleWebKit/605.1.15 (KHTML, like Gecko) Version/13.0.3 Mobile/15E148 Safari/604.1"
111.7.96.152 - - [11/Sep/2025:07:17:38 +0200] "GET / HTTP/1.1" 301 162 "-" "Mozilla/5.0 (Macintosh; Intel Mac OS X 10_15_7) AppleWebKit/537.36 (KHTML, like Gecko) Chrome/96.0.4664.110 Safari/537.36"
111.7.96.152 - - [11/Sep/2025:07:17:41 +0200] "GET / HTTP/1.1" 301 162 "-" "Mozilla/5.0 (Macintosh; Intel Mac OS X 11_0_0) AppleWebKit/537.36 (KHTML, like Gecko) Chrome/87.0.4280.88 Safari/537.36"
216.244.66.228 - - [11/Sep/2025:09:12:20 +0200] "GET /robots.txt HTTP/1.1" 301 162 "-" "Mozilla/5.0 (compatible; DotBot/1.2; +https://opensiteexplorer.org/dotbot; help@moz.com)"
66.249.70.193 - - [11/Sep/2025:09:50:30 +0200] "GET /robots.txt HTTP/1.1" 301 162 "-" "Mozilla/5.0 (compatible; Googlebot/2.1; +http://www.google.com/bot.html)"
66.249.70.201 - - [11/Sep/2025:09:50:31 +0200] "GET / HTTP/1.1" 301 162 "-" "Mozilla/5.0 (Linux; Android 6.0.1; Nexus 5X Build/MMB29P) AppleWebKit/537.36 (KHTML, like Gecko) Chrome/139.0.7258.154 Mobile Safari/537.36 (compatible; Googlebot/2.1; +http://www.google.com/bot.html)"
66.249.70.201 - - [11/Sep/2025:10:00:08 +0200] "GET / HTTP/1.1" 301 162 "-" "Mozilla/5.0 (compatible; Googlebot/2.1; +http://www.google.com/bot.html)"
66.249.70.201 - - [11/Sep/2025:10:00:09 +0200] "GET / HTTP/1.1" 301 162 "-" "Mozilla/5.0 (Linux; Android 6.0.1; Nexus 5X Build/MMB29P) AppleWebKit/537.36 (KHTML, like Gecko) Chrome/99.0.4844.84 Mobile Safari/537.36 (compatible; Googlebot/2.1; +http://www.google.com/bot.html)"
78.153.140.218 - - [11/Sep/2025:10:27:15 +0200] "GET /.env HTTP/1.1" 301 162 "-" "Mozilla/5.0 (Linux; Android 5.0; RCT6303W87DK Build/LRX21M) AppleWebKit/537.36 (KHTML, like Gecko) Version/4.0 Chrome/37.0.0.0 Safari/537.36"
216.244.66.228 - - [11/Sep/2025:12:51:03 +0200] "GET /robots.txt HTTP/1.1" 301 162 "-" "Mozilla/5.0 (compatible; DotBot/1.2; +https://opensiteexplorer.org/dotbot; help@moz.com)"
43.156.228.27 - - [11/Sep/2025:12:59:36 +0200] "GET / HTTP/1.1" 301 162 "-" "Mozilla/5.0 (iPhone; CPU iPhone OS 13_2_3 like Mac OS X) AppleWebKit/605.1.15 (KHTML, like Gecko) Version/13.0.3 Mobile/15E148 Safari/604.1"
216.244.66.228 - - [11/Sep/2025:13:39:29 +0200] "GET /robots.txt HTTP/1.1" 301 162 "-" "Mozilla/5.0 (compatible; DotBot/1.2; +https://opensiteexplorer.org/dotbot; help@moz.com)"
43.157.43.147 - - [11/Sep/2025:19:09:15 +0200] "GET / HTTP/1.1" 301 162 "-" "Mozilla/5.0 (iPhone; CPU iPhone OS 13_2_3 like Mac OS X) AppleWebKit/605.1.15 (KHTML, like Gecko) Version/13.0.3 Mobile/15E148 Safari/604.1"
216.244.66.228 - - [11/Sep/2025:20:00:12 +0200] "GET /robots.txt HTTP/1.1" 301 162 "-" "Mozilla/5.0 (compatible; DotBot/1.2; +https://opensiteexplorer.org/dotbot; help@moz.com)"
216.244.66.228 - - [11/Sep/2025:20:48:04 +0200] "GET /robots.txt HTTP/1.1" 301 162 "-" "Mozilla/5.0 (compatible; DotBot/1.2; +https://opensiteexplorer.org/dotbot; help@moz.com)"
216.244.66.228 - - [11/Sep/2025:22:24:13 +0200] "GET /robots.txt HTTP/1.1" 301 162 "-" "Mozilla/5.0 (compatible; DotBot/1.2; +https://opensiteexplorer.org/dotbot; help@moz.com)"
216.244.66.228 - - [12/Sep/2025:03:49:21 +0200] "GET /robots.txt HTTP/1.1" 301 162 "-" "Mozilla/5.0 (compatible; DotBot/1.2; +https://opensiteexplorer.org/dotbot; help@moz.com)"
216.244.66.228 - - [12/Sep/2025:04:37:39 +0200] "GET /robots.txt HTTP/1.1" 301 162 "-" "Mozilla/5.0 (compatible; DotBot/1.2; +https://opensiteexplorer.org/dotbot; help@moz.com)"
216.244.66.228 - - [12/Sep/2025:05:26:42 +0200] "GET /robots.txt HTTP/1.1" 301 162 "-" "Mozilla/5.0 (compatible; DotBot/1.2; +https://opensiteexplorer.org/dotbot; help@moz.com)"
216.244.66.228 - - [12/Sep/2025:06:23:58 +0200] "GET /robots.txt HTTP/1.1" 301 162 "-" "Mozilla/5.0 (compatible; DotBot/1.2; +https://opensiteexplorer.org/dotbot; help@moz.com)"
